NOAA-Style Climate Reports


Report for 2021
                   Annual Climatological Summary for 2021

Name: SFCweather   City: San Fernando City   Province: La Union

                  Temperature (°C), Heat Base: 18.3  Cool Base: 18.3
                          Dep.  Heat  Cool                       Max  Max  Min  Min
        Mean  Mean        From  Deg   Deg                        >=   <=   <=   <=
 YR MO  Max   Min   Mean  Norm  Days  Days  Hi  Date  Low  Date 30.0 25.0 25.0  20.0
------------------------------------------------------------------------------------
 21  1  31.2  22.3  26.1   0.0     0   240  33.4   4  18.5   31   25    0   31    3
 21  2  31.3  21.7  26.0   0.0     0   217  34.9  28  18.1   21   25    0   28    5
 21  3  33.2  23.6  28.1   0.0     0   302  34.8  31  21.4   10   31    0   28    0
 21  4  33.9  24.2  28.8   0.0     0   313  36.2  16  21.7   24   30    0   24    0
 21  5  35.6  25.8  30.4   0.0     0   376  37.4  18  24.1   24   31    0   12    0
 21  6  34.8  24.8  28.8   0.0     0   316  36.9   4  23.4   10   30    0   22    0
 21  7  32.9  24.6  27.9   0.0     0   296  35.8  15  23.2    7   26    0   27    0
 21  8  33.1  24.2  27.5   0.0     0   284  35.0  17  22.2   23   28    0   27    0
 21  9  33.6  23.9  27.9   0.0     0   288  36.2  27  22.9   24   27    0   29    0
 21 10  32.9  24.2  27.8   0.0     0   294  35.0   2  22.4   12   29    0   28    0
 21 11  33.0  24.3  28.0   0.0     0   291  34.1   3  23.2    1   30    0   27    0
 21 12  31.1  22.7  26.4   0.0     0    40  32.4   1  21.2    4    5    0    5    0
------------------------------------------------------------------------------------
        33.2  24.0  27.9   0.0     0  3257  37.4 May  18.1  Feb  317    0  288    8

                                Precipitation (mm)

              Dep.   Max        Days of Rain
              From   Obs.           >=
 YR MO Total  Norm   Day Date 0.20 2.0020.00
---------------------------------------------
 21  1 68.07   0.0 55.37  22     5    3    1
 21  2 15.24   0.0 10.67  12     4    2    0
 21  3 50.80   0.0 29.21  20     5    4    1
 21  4  0.00   0.0  0.00   0     0    0    0
 21  5 52.33   0.0 47.50  22     4    2    1
 21  6321.55   0.0143.76  13    18   10    3
 21  7824.78   0.0198.88  23    25   20   13
 21  8689.84   0.0 82.80   8    28   20   13
 21  9336.77   0.0137.16  11    18   14    3
 21 10517.89   0.0269.49  11    18   12    2
 21 11 28.96   0.0 28.96   6     1    1    1
 21 12  0.00   0.0  0.00   0     0    0    0
---------------------------------------------
     2906.23   0.0269.49  Oct  126   88   38

                                Wind Speed (km/h)
                          Dom
 YR MO   Avg.  Hi   Date  Dir
------------------------------
 21  1   0.5  27.4   12     N
 21  2   0.7  22.5   12     N
 21  3   0.8  19.3   26     N
 21  4   1.6  27.4   21     N
 21  5   1.2  24.1   12     N
 21  6   0.6  22.5    3   SSW
 21  7   0.6  24.1   23   SSW
 21  8   0.5  24.0   23   SSW
 21  9   0.3  21.0   23   NNE
 21 10   0.7  35.0   11     S
 21 11   0.3  23.0   30     N
 21 12   0.5  19.0    1   NNE
------------------------------
         0.7  35.0  Oct     N