NOAA-Style Climate Reports


Report for 2015
                   Annual Climatological Summary for 2015

Name: SFCweather   City: San Fernando City   Province: La Union

                  Temperature (°C), Heat Base: 18.3  Cool Base: 18.3
                          Dep.  Heat  Cool                       Max  Max  Min  Min
        Mean  Mean        From  Deg   Deg                        >=   <=   <=   <=
 YR MO  Max   Min   Mean  Norm  Days  Days  Hi  Date  Low  Date 30.0 25.0 25.0  20.0
------------------------------------------------------------------------------------
 15  1  29.6  20.6  24.8   0.0     0   202  31.1  24  18.6   25   10    0   31    9
 15  2  30.3  20.9  25.4   0.0     0   198  32.8  18  17.7    3   16    0   28    7
 15  3  32.1  21.8  26.8   0.0     0   263  34.3  17  18.6    4   31    0   31    2
 15  4  34.1  24.3  28.8   0.0     0   313  36.9   5  22.2   15   30    0   21    0
 15  5  35.2  25.2  29.6   0.0     0   350  37.2  21  23.8   18   31    0   13    0
 15  6  35.7  24.9  29.3   0.0     0   330  37.4  17  23.4   14   30    0   18    0
 15  7  31.9  23.7  26.9   0.0     0   266  35.8   2  21.1    5   25    1   30    0
 15  8  33.5  24.3  28.2   0.0     0   303  35.5  16  23.0   29   29    0   28    0
 15  9  34.0  24.5  28.4   0.0     0   304  35.4  13  23.4   16   30    0   22    0
 15 10  31.6  23.5  27.1   0.0     0   272  35.9   3  21.6   24   26    0   29    0
 15 11  32.3  23.2  27.4   0.0     0   273  33.9   6  21.7   21   30    0   30    0
 15 12  30.8  22.7  26.3   0.0     0   248  32.5  12  20.7   29   25    0   31    0
------------------------------------------------------------------------------------
        32.6  23.3  27.4   0.0     0  3330  37.4 Jun  17.7  Feb  313    1  312   18

                                Precipitation (mm)

              Dep.   Max        Days of Rain
              From   Obs.           >=
 YR MO Total  Norm   Day Date  0.2  2.0 20.0
---------------------------------------------
 15  1   4.3   0.0   3.6  18     2    1    0
 15  2   0.3   0.0   0.3  15     1    0    0
 15  3  19.5   0.0  12.7  26     3    3    0
 15  4  27.2   0.0  21.6  17     3    2    1
 15  5 169.7   0.0  79.5  17     7    5    2
 15  6 396.0   0.0  79.5  19    17   12    6
 15  71969.0   0.0 609.9   5    22   21   17
 15  8 606.8   0.0 149.8  22    25   15    8
 15  9 144.0   0.0  38.9  21    17   11    3
 15 10 317.5   0.0  92.7  20    10    7    4
 15 11   0.0   0.0   0.0   0     0    0    0
 15 12  58.2   0.0  54.9  16     5    1    1
---------------------------------------------
      3712.5   0.0 609.9  Jul  112   78   42

                                Wind Speed (km/h)
                          Dom
 YR MO   Avg.  Hi   Date  Dir
------------------------------
 15  1   0.9  27.4   22   NNW
 15  2   1.3  30.6    8   NNW
 15  3   1.4  27.4   19    NW
 15  4   1.6  29.0   13   NNW
 15  5   1.2  20.9   16   WNW
 15  6   0.8  30.6   21   WSW
 15  7   0.8  38.6    5   SSW
 15  8   0.8  30.6   19   WNW
 15  9   0.5  19.3   15    NW
 15 10   1.3  46.7   18   NNW
 15 11   0.5  14.5    1    NW
 15 12   0.6  19.3   27   NNW
------------------------------
         1.0  46.7  Oct    NW