NOAA-Style Climate Reports


Report for 2021 May
                   Monthly Climatological Summary for May 2021

Name: SFCweather   City: San Fernando City   Province: La Union

                  Temperature (°C), Rain (mm), Wind Speed (km/h)

                                      Heat  Cool        Avg
    Mean                              Deg   Deg         Wind                 Dom
Day Temp  High   Time   Low    Time   Days  Days  Rain  Speed High   Time    Dir
----------------------------------------------------------------------------------
01  29.2  34.3   11:15  24.7   05:33   0.0  10.9   0.0   1.9  14.5   09:49     N
02  29.6  34.1   12:35  25.2   05:11   0.0  11.4   0.0   1.6  16.1   09:42     N
03  30.2  35.6   14:21  24.8   05:45   0.0  11.9   0.0   1.0  14.5   13:50     N
04  29.6  34.6   14:15  24.7   05:26   0.0  11.3   0.0   1.6  17.7   16:45     N
05  31.3  34.9   12:26  24.7   05:48   0.0  12.9   0.0   1.7  14.5   12:57   NNW
06  30.3  34.8   12:15  24.8   05:49   0.0  12.0   0.0   1.3  16.1   16:12     N
07  30.2  34.6   14:16  24.9   05:32   0.0  11.9   0.0   1.0  14.5   18:01     N
08  30.8  35.3   11:26  25.9   05:54   0.0  12.5   0.0   1.1  17.7   16:20   NNW
09  30.3  34.7   11:14  26.1   05:11   0.0  12.0   0.0   1.6  17.7   17:17     N
10  30.9  36.7   13:20  25.7   05:25   0.0  12.6   0.0   1.3  17.7   16:46     N
11  30.7  35.4   11:58  27.2   05:16   0.0  12.4   0.0   1.3  19.3   18:04     N
----------------------------------------------------------------------------------
    30.3  36.7    10    24.7     1     0.0 131.8   0.0   1.4  19.3    11       N

Max >=  30.0 11
Max <=  25.0  0
Min <=  25.0  6
Min <=  20.0  0
Max Rain: 0.0 on day 0
Days of Rain: 0 (>= 0.2 mm)  0 (>= 2.0 mm)  0 (>= 20.0 mm)
Heat Base: 18.3  Cool Base: 18.3  Method: Integration