NOAA-Style Climate Reports


Report for 2019 March
                   Monthly Climatological Summary for Mar 2019

Name: SFCweather   City: San Fernando City   Province: La Union

                  Temperature (°C), Rain (mm), Wind Speed (km/h)

                                      Heat  Cool        Avg
    Mean                              Deg   Deg         Wind                 Dom
Day Temp  High   Time   Low    Time   Days  Days  Rain  Speed High   Time    Dir
----------------------------------------------------------------------------------
01  26.9  32.1   12:45  22.2   06:13   0.0   8.6   0.0   1.0  14.5   11:57     W
02  26.9  33.6   13:48  22.0   06:22   0.0   8.6   0.0   0.9  16.1   13:20   SSW
03  27.2  33.1   13:41  23.2   06:22   0.0   8.9   0.0   1.7  17.7   11:12    NW
04  26.7  31.4   13:00  21.0   06:36   0.0   8.4   0.0   2.2  20.9   16:37     N
05  27.3  34.5   15:23  21.4   06:18   0.0   9.0   0.0   0.9  20.9   14:28     W
06  27.1  32.0   12:07  22.0   06:00   0.0   8.8   0.0   1.6  19.3   14:52     N
07  27.6  32.8   11:59  23.1   04:40   0.0   9.2   0.0   1.9  17.7   10:24     N
08  27.6  32.4   12:52  23.7   04:30   0.0   9.3   0.0   1.1  16.1   11:08     W
09  27.5  33.6   13:38  23.5   05:59   0.0   9.2   0.0   1.2  20.9   11:37   SSW
10  27.0  31.9   13:21  21.9   06:21   0.0   8.7   0.0   0.9  17.7   12:02   NNW
11  26.8  31.3   11:43  22.3   05:41   0.0   8.5   0.0   1.0  14.5   12:14     N
12  27.0  31.4   13:29  22.1   05:02   0.0   8.7   0.0   1.2  16.1   17:28     N
13  27.8  32.9   14:24  23.1   02:45   0.0   9.5   0.0   0.9  12.9   09:50   WSW
14  28.2  32.7   11:30  24.2   06:17   0.0   9.9   0.0   0.9  12.9   15:19     N
15  28.2  32.7   11:24  24.2   06:04   0.0   9.9   0.0   0.9  14.5   13:05    NW
16  28.5  34.8   13:25  24.2   05:30   0.0  10.2   0.0   0.7  12.9   09:36    SW
17  27.7  32.8   11:59  23.2   05:33   0.0   9.4   0.0   0.9  14.5   11:15    SW
18  28.7  34.0   13:19  23.6   06:18   0.0  10.4   0.0   1.3  19.3   18:33     N
----------------------------------------------------------------------------------
    27.5  34.8    16    21.0     4     0.0 165.2   0.0   1.2  20.9     4      NW

Max >=  30.0 18
Max <=  25.0  0
Min <=  25.0 18
Min <=  20.0  0
Max Rain: 0.0 on day 0
Days of Rain: 0 (>= 0.2 mm)  0 (>= 2.0 mm)  0 (>= 20.0 mm)
Heat Base: 18.3  Cool Base: 18.3  Method: Integration