NOAA-Style Climate Reports


Report for 2020 September
                   Monthly Climatological Summary for Sep 2020

Name: SFCweather   City: San Fernando City   Province: La Union

                  Temperature (°C), Rain (mm), Wind Speed (km/h)

                                      Heat  Cool        Avg
    Mean                              Deg   Deg         Wind                 Dom
Day Temp  High   Time   Low    Time   Days  Days  Rain  Speed High   Time    Dir
----------------------------------------------------------------------------------
01  27.4  33.8   13:11  23.6   20:17   0.0   9.1  12.4   0.6  12.9   10:00     S
02  28.5  35.0   13:34  23.6   05:45   0.0  10.2   0.0   0.3   9.7   09:58   SSW
03  29.1  35.2   12:11  24.1   04:53   0.0  10.9   0.0   0.3  11.3   10:38     S
04  29.3  33.5   11:26  24.1   05:10   0.0  11.0   0.0   1.0  16.1   16:52     N
05  29.7  33.8   11:21  25.9   06:04   0.0  11.4   0.0   0.8  14.5   10:42     N
06  29.4  35.1   10:42  24.2   05:39   0.0  11.1   0.0   0.4  14.5   12:46   SSE
07  28.2  34.4   11:42  24.4   23:54   0.0   9.8  10.4   0.3  12.9   13:11     S
08  28.2  33.9   13:01  23.4   04:13   0.0  10.0   5.8   0.5   9.7   11:08   NNE
09  28.8  35.1   11:35  24.1   05:25   0.0  10.5   1.2   0.5  16.1   17:30    NE
10  28.2  35.1   12:18  23.4   03:56   0.0   9.9   0.4   0.4  11.3   10:09    SE
11  29.2  34.9   13:04  23.4   05:42   0.0  10.9   0.0   0.5  11.3   12:21    NE
12  28.8  35.8   12:01  23.9   06:00   0.0  10.5   0.6   0.3  14.5   16:37     S
13  29.5  34.0   13:15  25.4   05:14   0.0  11.2   0.0   0.3  11.3   12:35   SSE
14  28.6  34.8   12:09  24.4   23:54   0.0  10.3  13.0   0.4  12.9   13:06   NNE
15  27.8  34.9   11:35  23.4   05:40   0.0   9.5   5.2   0.2  14.5   15:29     S
16  27.8  32.3   14:51  24.4   05:43   0.0   9.6   0.0   0.0   4.8   11:21     N
17  28.8  34.8   12:13  25.2   05:54   0.0  10.5   0.0   0.6  12.9   13:17     S
18  28.2  36.4   13:29  24.9   05:55   0.0   9.9   7.8   0.7  17.7   19:27    SE
19  27.8  33.4   11:11  23.8   05:47   0.0   9.5   2.4   0.7  11.3   11:24   NNE
20  28.9  35.1   12:14  24.1   04:46   0.0  10.6   0.0   0.5  11.3   15:38    NE
----------------------------------------------------------------------------------
    28.6  36.4    18    23.4     8     0.0 206.4  59.2   0.5  17.7    18       E

Max >=  30.0 20
Max <=  25.0  0
Min <=  25.0 17
Min <=  20.0  0
Max Rain: 13.0 on day 14
Days of Rain: 10 (>= 0.2 mm)  7 (>= 2.0 mm)  0 (>= 20.0 mm)
Heat Base: 18.3  Cool Base: 18.3  Method: Integration