NOAA-Style Climate Reports


Report for 2020 November
                   Monthly Climatological Summary for Nov 2020

Name: SFCweather   City: San Fernando City   Province: La Union

                  Temperature (°C), Rain (mm), Wind Speed (km/h)

                                      Heat  Cool        Avg
    Mean                              Deg   Deg         Wind                 Dom
Day Temp  High   Time   Low    Time   Days  Days  Rain  Speed High   Time    Dir
----------------------------------------------------------------------------------
01  25.4  27.8   09:09  23.0   06:03   0.0   7.1   0.2   0.6  14.5   18:41    NE
02  27.3  32.4   14:45  22.7   01:37   0.0   9.0   0.0   0.1   8.0   09:36   ESE
03  27.3  33.2   11:07  22.9   05:39   0.0   9.0   0.0   0.2  11.3   16:27   NNE
04  27.5  33.0   12:33  24.7   05:42   0.0   9.2   0.0   0.3  11.3   11:06   NNE
05  27.5  33.0   11:45  24.5   23:54   0.0   9.2   0.0   0.1   8.0   11:45     S
06  27.2  32.3   11:50  22.9   05:49   0.0   8.9   0.0   0.6  12.9   12:08   NNE
07  27.5  31.2   13:26  24.4   06:13   0.0   9.2   0.4   0.7  16.1   13:27   NNE
08  27.6  33.8   12:14  24.3   03:25   0.0   9.3  12.8   0.1   8.0   12:19   SSW
09  25.7  30.6   14:23  23.5   23:51   0.0   7.4   4.6   0.0   4.8   01:30    NE
10  27.3  33.4   13:13  22.6   05:26   0.0   9.0   0.2   0.2   9.7   12:23     N
11  27.3  31.4   11:06  23.4   05:34   0.0   9.0   0.0   2.1  33.8   23:53   NNE
12  26.7  28.7   01:06  24.1   23:54   0.0   8.4   4.8   3.5  38.6   05:43   NNE
13  26.8  32.4   12:33  23.1   05:11   0.0   8.5   4.8   0.3   9.7   11:03   NNE
14  27.4  33.1   11:32  23.4   06:15   0.0   9.1   0.2   0.1   9.7   12:47     N
15  27.5  32.3   12:37  23.8   04:57   0.0   9.2   0.2   0.1   9.7   13:37     N
16  28.1  33.1   13:15  24.2   06:02   0.0   9.8   0.0   0.1   9.7   09:51     S
17  28.3  33.3   12:22  24.3   04:59   0.0  10.0   0.0   0.3   8.0   10:19   SSW
18  27.9  32.8   10:39  23.8   06:06   0.0   9.6   0.0   0.2   9.7   11:55    NE
19  27.6  32.6   10:25  23.3   06:15   0.0   9.3   0.0   0.2   9.7   12:08     N
20  27.6  32.4   13:07  23.1   05:43   0.0   9.3   0.0   0.3  12.9   14:08     N
21  28.1  33.3   12:04  24.3   03:52   0.0   9.8   0.0   0.2   9.7   12:09     S
22  27.1  32.6   12:16  22.9   06:07   0.0   8.8   0.0   0.2  12.9   13:16    SW
23  26.7  32.1   14:22  22.7   06:15   0.0   8.4   0.0   0.2   9.7   10:40     S
24  26.4  32.9   12:51  21.7   06:13   0.0   8.1   0.0   0.2   9.7   11:12    NE
25  25.9  31.9   13:15  21.7   06:17   0.0   7.6   0.0   0.1   9.7   11:37     W
26  25.9  31.2   11:03  20.9   05:34   0.0   7.6   0.0   0.1   8.0   10:37   NNE
27  26.0  30.5   13:34  22.9   06:04   0.0   7.7   1.0   0.0   6.4   13:14     N
28  27.3  34.2   11:29  23.7   04:59   0.0   8.9   0.2   0.1   8.0   11:34     S
29  26.0  30.9   14:34  23.5   04:31   0.0   7.7   0.4   0.0   6.4   13:23     N
----------------------------------------------------------------------------------
    27.1  34.2    28    20.9    26     0.0 254.1  29.8   0.4  38.6    12     NNE

Max >=  30.0 27
Max <=  25.0  0
Min <=  25.0 29
Min <=  20.0  0
Max Rain: 12.8 on day 8
Days of Rain: 12 (>= 0.2 mm)  4 (>= 2.0 mm)  0 (>= 20.0 mm)
Heat Base: 18.3  Cool Base: 18.3  Method: Integration