NOAA-Style Climate Reports


Report for 2022 April
                   Monthly Climatological Summary for Apr 2022

Name: SFCweather   City: San Fernando City   Province: La Union

                  Temperature (°C), Rain (mm), Wind Speed (km/h)

                                      Heat  Cool         Avg
    Mean                              Deg   Deg          Wind                 Dom
Day Temp  High   Time   Low    Time   Days  Days   Rain  Speed High   Time    Dir
-----------------------------------------------------------------------------------
01  28.7  34.9   13:17  24.7   06:04   0.0  10.4   0.00   1.0  16.0   16:00     N
02  28.2  33.2   11:00  24.8   05:49   0.0   9.9   0.00   0.6  14.0   16:57     N
03  27.7  32.9   13:06  24.6   23:52   0.0   9.4   0.00   0.7  13.0   18:29   NNE
04  27.3  31.9   11:02  24.2   05:51   0.0   9.0   3.30   0.5  13.0   10:01     N
05  28.2  33.3   10:32  24.4   05:10   0.0   9.8   0.25   0.4  10.0   09:28   SSW
06  28.6  33.3   13:17  24.4   03:46   0.0  10.3   0.00   0.7  14.0   13:27     N
07  28.6  34.1   14:56  24.8   06:02   0.0  10.3   0.00   0.8  14.0   12:08     N
08  28.9  33.6   12:36  24.1   04:46   0.0  10.6   0.00   0.6  21.0   14:10     N
09  28.4  33.4   12:24  24.6   05:38   0.0  10.1   0.00   0.6  11.0   09:11     N
10  29.1  34.4   13:24  24.8   06:03   0.0  10.8   0.00   0.7  16.0   11:07     N
11  28.8  33.4   10:48  24.9   05:07   0.0  10.5   0.00   0.8  13.0   11:56     N
12  28.9  33.8   12:17  25.6   06:00   0.0  10.6   0.00   0.5  13.0   12:47     N
13  28.6  34.1   10:38  24.7   03:13   0.0  10.4   0.00   0.7  11.0   11:02   WSW
14  28.4  33.2   11:39  23.7   05:16   0.0  10.1   3.81   0.9  13.0   12:12     N
15  28.8  32.9   13:11  25.2   04:03   0.0  10.4   0.00   1.7  18.0   13:21     N
16  28.7  35.7   13:24  24.2   05:35   0.0  10.4   0.00   0.5  11.0   12:33   SSW
17  28.9  33.3   12:15  24.8   06:25   0.0  10.6   0.00   0.9  11.0   05:18   NNE
18  29.0  33.7   11:37  23.7   05:58   0.0  10.7   0.00   1.0  13.0   15:30   NNE
19  29.0  34.1   12:26  23.7   05:56   0.0  10.7   0.00   0.9  14.0   15:13     N
20  29.2  33.6   12:08  24.6   05:02   0.0  10.9   5.33   0.8  13.0   12:54     N
21  29.2  34.4   12:17  24.4   05:48   0.0  10.9   0.25   1.0  16.0   17:13     N
22  29.4  35.6   11:18  24.7   05:44   0.0  11.1   0.00   1.0  16.0   18:41     N
23  29.7  35.3   12:08  23.9   05:27   0.0  11.4   0.00   1.0  13.0   17:15     N
24  30.0  35.7   11:18  24.7   04:57   0.0  11.7   0.00   1.1  13.0   13:07     N
25  31.0  37.7   13:57  25.1   05:37   0.0  12.7   0.00   0.6  13.0   12:06   SSW
26  30.4  35.5   13:27  25.8   05:41   0.0  12.1   0.00   0.8  14.0   18:44   NNE
27  29.1  34.7   14:05  25.3   05:17   0.0  10.8   0.00   0.6  13.0   11:07     N
28  29.0  35.3   13:39  24.3   05:30   0.0  10.7   8.89   0.6  13.0   11:18   NNE
29  29.4  35.0   12:22  24.9   05:29   0.0  11.1   0.25   0.7  14.0   16:38     N
30  30.3  35.1   12:28  25.6   05:37   0.0  12.0   0.00   0.8  13.0   17:08     N
-----------------------------------------------------------------------------------
    29.0  37.7    25    23.7    14     0.0 320.4  22.08   0.8  21.0     8       N

Max >=  30.0 30
Max <=  25.0  0
Min <=  25.0 24
Min <=  20.0  0
Max Rain: 8.89 on day 28
Days of Rain: 7 (>= 0.20 mm)  4 (>= 2.00 mm)  0  (>= 20.00 mm)
Heat Base: 18.3  Cool Base: 18.3  Method: Integration