NOAA-Style Climate Reports


Report for 2022 March
                   Monthly Climatological Summary for Mar 2022

Name: SFCweather   City: San Fernando City   Province: La Union

                  Temperature (°C), Rain (mm), Wind Speed (km/h)

                                      Heat  Cool         Avg
    Mean                              Deg   Deg          Wind                 Dom
Day Temp  High   Time   Low    Time   Days  Days   Rain  Speed High   Time    Dir
-----------------------------------------------------------------------------------
01  27.1  32.5   12:13  22.7   06:29   0.0   8.8   0.00   0.7  11.0   11:49     N
02  26.3  31.1   13:43  21.6   06:11   0.0   8.0   0.00   0.7  13.0   13:45     N
03  27.0  31.7   11:51  22.6   05:30   0.0   8.7   0.00   1.2  13.0   15:18     N
04  27.0  31.7   11:42  22.6   06:04   0.0   8.7   0.00   0.8  16.0   16:03     N
05  27.2  31.8   11:34  23.1   06:12   0.0   8.9   0.00   1.2  13.0   14:53     N
06  28.6  34.4   12:34  24.8   05:48   0.0  10.3   0.00   0.8  13.0   10:18    SW
07  28.0  34.2   13:23  23.6   05:49   0.0   9.7   0.00   2.0  27.0   20:59     N
08  26.4  30.8   14:53  24.1   23:44   0.0   8.1   0.00   2.0  31.0   03:03   NNE
09  26.7  31.1   11:54  22.1   06:19   0.0   8.4   0.00   0.8  14.0   15:14     N
10  27.4  31.6   11:27  23.0   06:20   0.0   9.1   0.00   0.8  13.0   13:44     N
11  28.0  32.4   13:00  24.4   06:09   0.0   9.7   0.00   0.8  11.0   13:22     N
12  28.7  33.3   13:30  24.7   06:24   0.0  10.4   0.00   0.8  11.0   11:34     N
13  28.7  32.6   11:41  25.2   05:51   0.0  10.5   0.00   0.8  13.0   12:40     N
14  28.4  33.3   12:18  25.4   05:54   0.0  10.1   0.00   1.0  14.0   19:45   NNE
15  28.5  33.1   12:35  25.1   05:06   0.0  10.2   0.00   0.8  14.0   13:35     N
16  28.8  35.5   13:09  25.0   23:38   0.0  10.4   0.25   0.9  14.0   12:20   SSW
17  29.1  35.8   14:26  24.6   06:17   0.0  10.8   0.00   0.9  11.0   10:31   NNW
18  28.3  32.8   11:30  24.8   04:19   0.0  10.0   0.00   1.4  19.0   19:17     N
19  28.1  32.7   11:41  25.4   05:27   0.0   9.8   0.00   1.1  14.0   12:49     N
20  28.4  32.6   12:11  24.4   05:11   0.0  10.1   0.00   1.0  13.0   11:26     N
21  28.2  32.7   11:56  23.4   05:29   0.0   9.9   0.00   1.3  16.0   17:05     N
22  28.6  32.9   11:36  24.6   06:22   0.0  10.3   0.00   1.1  13.0   16:45     N
23  28.7  33.1   11:34  25.1   05:35   0.0  10.4   0.00   1.6  16.0   11:51     N
24  28.7  34.0   11:06  24.6   05:30   0.0  10.4   0.00   1.0  11.0   11:40   NNW
25  29.2  34.1   13:02  24.7   05:45   0.0  10.9   0.00   0.9  13.0   19:49     N
26  29.5  34.3   12:38  26.3   02:31   0.0  11.2   0.00   1.4  14.0   18:12     N
27  29.3  34.9   11:33  25.2   06:17   0.0  11.1   0.00   1.4  14.0   13:07     N
28  29.8  36.1   13:06  25.5   05:22   0.0  11.5   0.00   1.1  19.0   11:13    SW
29  29.2  34.7   11:54  25.1   06:01   0.0  10.9   0.00   0.7  14.0   15:38     N
30  29.1  33.8   11:56  24.9   05:39   0.0  10.8   0.00   1.2  16.0   17:23     N
31  28.9  33.2   11:22  24.4   06:02   0.0  10.6   0.00   1.3  14.0   11:48     N
-----------------------------------------------------------------------------------
    28.3  36.1    28    21.6     2     0.0 308.7   0.25   1.1  31.0     8       N

Max >=  30.0 31
Max <=  25.0  0
Min <=  25.0 22
Min <=  20.0  0
Max Rain: 0.25 on day 16
Days of Rain: 1 (>= 0.20 mm)  0 (>= 2.00 mm)  0  (>= 20.00 mm)
Heat Base: 18.3  Cool Base: 18.3  Method: Integration