NOAA-Style Climate Reports


Report for 2021 November
                   Monthly Climatological Summary for Nov 2021

Name: SFCweather   City: San Fernando City   Province: La Union

                  Temperature (°C), Rain (mm), Wind Speed (km/h)

                                      Heat  Cool         Avg
    Mean                              Deg   Deg          Wind                 Dom
Day Temp  High   Time   Low    Time   Days  Days   Rain  Speed High   Time    Dir
-----------------------------------------------------------------------------------
01  27.5  33.1   11:10  23.2   05:41   0.0   9.3   0.00   0.3  10.0   10:35     N
02  28.0  33.3   13:33  23.9   06:11   0.0   9.8   0.00   0.3  10.0   13:04    SW
03  27.7  34.1   12:52  23.4   05:34   0.0   9.4   0.00   0.5  10.0   09:55     W
04  27.5  32.6   14:04  23.3   02:33   0.0   9.2   0.00   0.3  13.0   11:25     N
05  27.9  32.8   11:56  23.3   06:07   0.0   9.6   0.00   0.3  10.0   11:32     N
06  28.2  32.9   11:14  24.9   02:42   0.0   9.9  28.96   0.7  19.0   21:13   NNE
07  28.7  33.1   12:50  24.8   05:48   0.0  10.4   0.00   0.5  10.0   12:23   NNE
08  28.8  33.0   11:43  25.0   06:16   0.0  10.5   0.00   0.1  10.0   10:30     N
09  28.2  32.9   11:38  25.1   23:34   0.0   9.9   0.00   0.1  10.0   17:00   NNE
10  27.5  33.3   11:31  23.9   06:03   0.0   9.2   0.00   0.1   8.0   13:20     N
11  27.6  32.5   11:49  23.9   05:46   0.0   9.3   0.00   0.5  11.0   09:55     N
12  28.3  32.7   13:25  24.8   06:07   0.0  10.0   0.00   0.6  13.0   14:16     N
13  28.3  32.8   10:32  24.3   05:50   0.0  10.0   0.00   0.2  10.0   13:22     N
14  28.1  32.3   11:23  24.4   05:26   0.0   9.8   0.00   0.5  11.0   11:12     N
15  28.3  32.6   11:24  24.5   05:59   0.0  10.0   0.00   0.3  10.0   10:49     N
16  27.9  32.8   12:30  25.3   03:09   0.0   9.6   0.00   0.0   6.0   10:19     N
17  28.2  33.9   10:50  24.4   05:25   0.0   9.9   0.00   0.2  10.0   18:22   NNE
18  27.9  33.7   12:39  24.2   05:08   0.0   9.6   0.00   0.2  10.0   14:14    NW
19  27.9  33.1   12:08  23.9   06:13   0.0   9.6   0.00   0.2  11.0   10:33     S
20  28.2  33.6   11:19  24.2   05:37   0.0   9.9   0.00   0.2  10.0   12:03   SSW
21  28.3  33.4   12:28  25.1   03:53   0.0  10.0   0.00   0.0   6.0   11:24     N
22  28.1  32.3   12:35  24.7   06:21   0.0   9.7   0.00   0.8  16.0   17:18     N
23  28.2  34.1   11:18  24.4   03:50   0.0   9.9   0.00   0.6  11.0   12:57     N
24  27.9  32.6   10:42  24.4   03:53   0.0   9.6   0.00   0.2  10.0   12:34     N
25  27.9  33.6   10:40  24.7   06:20   0.0   9.6   0.00   0.1   6.0   09:06     N
26  27.1  31.0   11:55  24.3   06:01   0.0   8.8   0.00   0.0   3.0   10:04     N
27  27.8  32.4   13:22  23.9   05:46   0.0   9.5   0.00   0.2  10.0   13:22     N
28  28.3  34.0   11:54  24.0   06:13   0.0  10.0   0.00   0.2  10.0   14:03   SSW
29  27.9  32.2   12:26  24.3   06:02   0.0   9.6   0.00   0.9  18.0   12:42     N
30  28.1  33.9   13:03  23.9   04:43   0.0   9.8   0.00   1.0  23.0   23:56   NNE
-----------------------------------------------------------------------------------
    28.0  34.1     3    23.2     1     0.0 291.4  28.96   0.3  23.0    30       N

Max >=  30.0 30
Max <=  25.0  0
Min <=  25.0 27
Min <=  20.0  0
Max Rain: 28.96 on day 6
Days of Rain: 1 (>= 0.20 mm)  1 (>= 2.00 mm)  1  (>= 20.00 mm)
Heat Base: 18.3  Cool Base: 18.3  Method: Integration