NOAA-Style Climate Reports


Report for 2021 September
                   Monthly Climatological Summary for Sep 2021

Name: SFCweather   City: San Fernando City   Province: La Union

                  Temperature (°C), Rain (mm), Wind Speed (km/h)

                                      Heat  Cool         Avg
    Mean                              Deg   Deg          Wind                 Dom
Day Temp  High   Time   Low    Time   Days  Days   Rain  Speed High   Time    Dir
-----------------------------------------------------------------------------------
01  27.8  33.8   11:22  23.6   02:09   0.0   9.5   0.25   0.3  13.0   13:48   ENE
02  27.8  33.5   10:47  23.2   19:08   0.0   9.5  46.99   0.6  11.0   17:23     N
03  27.6  32.7   11:56  23.6   05:33   0.0   9.3  14.73   0.6  13.0   17:01     N
04  27.0  32.4   14:52  23.6   05:20   0.0   8.7   0.25   0.2  11.0   18:23   NNE
05  27.8  34.1   11:54  24.4   05:30   0.0   9.5   7.11   0.3  10.0   11:15     S
06  28.1  34.2   12:24  23.4   05:51   0.0   9.8   1.27   0.3   8.0   11:18   NNE
07  28.3  34.1   10:53  23.8   05:18   0.0  10.0   2.54   0.3  10.0   16:01   NNW
08  25.8  28.2   08:22  24.7   18:32   0.0   7.5  15.49   0.0   3.0   09:47     N
09  28.2  34.1   10:36  24.2   04:17   0.0   9.9   2.03   0.5  11.0   14:30     N
10  27.8  34.2   13:05  24.5   19:45   0.0   9.5  73.15   0.1  11.0   18:17    NE
11  24.7  25.8   02:23  24.2   19:22   0.0   6.4 137.16   0.5  18.0   03:31     S
12  25.5  29.4   13:14  24.1   21:52   0.0   7.2  19.30   0.7  13.0   03:47     S
13  27.4  32.7   14:46  23.1   05:33   0.0   9.2   0.25   0.3  10.0   14:08   SSW
14  28.3  34.1   12:24  24.8   22:07   0.0  10.0   4.57   0.3  10.0   13:31     N
15  28.3  33.8   10:51  24.2   04:46   0.0  10.0   0.00   0.3  11.0   23:21   NNE
16  27.8  32.6   13:26  23.2   21:53   0.0   9.5   4.06   1.1  19.0   20:37     N
17  28.3  34.1   11:10  24.1   05:07   0.0  10.1   0.00   0.1   6.0   10:07    NW
18  28.9  34.2   11:30  24.1   05:01   0.0  10.6   0.00   0.7  13.0   16:06   NNE
19  28.4  34.7   11:45  24.5   05:16   0.0  10.1   0.00   0.2   8.0   11:52   SSW
20  28.0  34.7   12:42  23.7   23:03   0.0   9.7   3.05   0.1  13.0   19:22   NNE
21  28.2  34.5   11:49  23.4   03:59   0.0   9.9   0.00   0.4  11.0   13:25     N
22  28.1  34.6   10:33  23.9   04:55   0.0   9.8   2.54   0.4  11.0   15:45     N
23  27.7  34.6   11:25  23.4   18:11   0.0   9.4   2.03   0.5  21.0   17:07     N
24  27.1  34.3   11:54  22.9   05:36   0.0   8.9   0.00   0.3   8.0   11:48    NE
25  27.9  35.1   11:24  22.9   04:44   0.0   9.6   0.00   0.3  11.0   16:11   NNE
26  28.7  35.0   10:54  23.0   05:46   0.0  10.4   0.00   0.2   8.0   11:55   NNE
27  29.5  36.2   13:21  23.8   05:45   0.0  11.2   0.00   0.2   8.0   09:44   SSW
28  29.4  35.4   11:37  25.2   03:43   0.0  11.1   0.00   0.3  11.0   13:17     S
29  29.0  35.6   12:26  24.3   05:52   0.0  10.8   0.00   0.2  10.0   11:48     N
30  28.8  34.6   09:50  24.1   04:31   0.0  10.5   0.00   0.3  10.0   12:11     N
-----------------------------------------------------------------------------------
    27.9  36.2    27    22.9    24     0.0 287.6 336.77   0.3  21.0    23     NNE

Max >=  30.0 27
Max <=  25.0  0
Min <=  25.0 29
Min <=  20.0  0
Max Rain: 137.16 on day 11
Days of Rain: 18 (>= 0.20 mm)  14 (>= 2.00 mm)   3 (>= 20.00 mm)
Heat Base: 18.3  Cool Base: 18.3  Method: Integration