NOAA-Style Climate Reports


Report for 2021 August
                   Monthly Climatological Summary for Aug 2021

Name: SFCweather   City: San Fernando City   Province: La Union

                  Temperature (°C), Rain (mm), Wind Speed (km/h)

                                      Heat  Cool         Avg
    Mean                              Deg   Deg          Wind                 Dom
Day Temp  High   Time   Low    Time   Days  Days   Rain  Speed High   Time    Dir
-----------------------------------------------------------------------------------
01  27.3  33.5   12:11  24.9   18:10   0.0   9.0  31.24   0.9  18.0   10:19   SSW
02  27.2  32.0   10:17  25.0   05:52   0.0   8.9  24.64   1.1  18.0   13:25   SSW
03  26.7  28.8   10:41  25.1   19:51   0.0   8.4  49.78   1.2  21.0   14:54   SSW
04  26.3  28.8   11:57  25.2   06:53   0.0   8.0  46.99   1.8  16.0   17:50   SSW
05  26.7  31.7   13:18  25.1   07:34   0.0   8.4  39.88   2.0  18.0   10:58   SSW
06  26.6  29.1   09:50  25.1   00:58   0.0   8.4  60.45   1.3  16.0   12:20   SSW
07  26.9  31.7   13:35  24.9   16:15   0.0   8.6  52.84   0.9  18.0   15:49   SSW
08  27.3  33.7   11:42  24.9   23:27   0.0   9.0  82.80   0.5  13.0   14:08   SSW
09  28.0  34.2   10:58  24.1   05:56   0.0   9.7   7.11   0.2  10.0   16:11   SSW
10  27.4  33.0   10:51  23.9   19:54   0.0   9.1  76.96   0.2  10.0   18:53   SSW
11  26.9  33.1   13:43  24.3   01:54   0.0   8.6  69.09   0.4  10.0   01:17   SSW
12  27.4  32.6   14:18  24.0   05:20   0.0   9.1   0.76   0.0  10.0   11:52     N
13  27.9  33.9   13:49  23.8   22:19   0.0   9.6  20.83   0.1  10.0   19:29     S
14  27.4  34.3   12:52  22.9   19:08   0.0   9.0  53.59   0.4  18.0   18:16   ESE
15  26.4  31.7   11:32  23.5   03:39   0.0   7.2   0.00   0.0  10.0   17:40   NNW
16  28.0  32.7   11:01  24.3   05:28   0.0   9.6   1.78   0.4  10.0   11:35   WNW
17  29.5  35.0   11:54  24.9   05:13   0.0  11.2   0.00   0.3   8.0   11:29   SSW
18  29.3  34.9   12:01  25.0   05:16   0.0  11.0   0.00   0.4  10.0   19:40   NNW
19  28.0  34.3   11:26  24.2   05:48   0.0   9.7   0.25   0.5  10.0   10:35   NNE
20  27.9  34.3   09:58  23.8   23:40   0.0   9.7   5.33   0.7  14.0   18:09     N
21  27.8  34.4   14:29  22.6   05:00   0.0   9.4  10.42   0.2  11.0   18:37   ENE
22  28.3  34.6   12:44  23.0   05:02   0.0  10.0   0.25   0.3  11.0   12:18   SSW
23  27.6  34.3   13:14  22.2   20:44   0.0   9.1  34.29   0.5  24.0   19:50     S
24  26.6  34.0   12:57  24.1   00:00   0.0   8.3   9.65   0.3  13.0   16:59     S
25  27.6  33.6   11:59  23.6   05:35   0.0   9.3   0.51   0.2   8.0   17:09   NNE
26  27.9  33.8   12:51  24.3   05:27   0.0   9.6   1.52   0.3  10.0   11:32    SE
27  27.6  32.4   15:00  24.9   05:39   0.0   9.3   0.25   0.2  10.0   12:02     N
28  27.3  34.1   12:59  23.8   05:47   0.0   9.0   3.81   0.3  11.0   13:38     N
29  27.8  34.5   13:40  23.4   05:50   0.0   9.5   2.03   0.1  11.0   16:08   NNE
30  27.7  32.6   13:42  24.4   23:59   0.0   9.4   2.03   0.3  10.0   13:52     N
31  27.4  34.3   11:50  23.9   02:45   0.0   9.1   0.76   0.0   8.0   13:50   SSW
-----------------------------------------------------------------------------------
    27.5  35.0    17    22.2    23     0.0 284.2 689.84   0.5  24.0    23     SSW

Max >=  30.0 28
Max <=  25.0  0
Min <=  25.0 27
Min <=  20.0  0
Max Rain: 82.80 on day 8
Days of Rain: 28 (>= 0.20 mm)  20 (>= 2.00 mm)   13 (>= 20.00 mm)
Heat Base: 18.3  Cool Base: 18.3  Method: Integration