NOAA-Style Climate Reports


Report for 2021 July
                   Monthly Climatological Summary for Jul 2021

Name: SFCweather   City: San Fernando City   Province: La Union

                  Temperature (°C), Rain (mm), Wind Speed (km/h)

                                      Heat  Cool         Avg
    Mean                              Deg   Deg          Wind                 Dom
Day Temp  High   Time   Low    Time   Days  Days   Rain  Speed High   Time    Dir
-----------------------------------------------------------------------------------
01  29.1  34.7   09:45  24.6   05:00   0.0  10.8   0.00   0.3   9.7   10:08     N
02  29.2  33.8   13:56  24.6   05:47   0.0  10.9   0.25   0.9  16.1   11:46     N
03  27.5  33.9   10:50  24.6   20:40   0.0   9.2  18.54   0.8  14.5   11:11     N
04  29.0  34.5   14:29  24.6   04:41   0.0  10.6   0.51   0.3  11.3   10:56   SSW
05  28.6  35.2   13:48  24.8   22:35   0.0  10.3   2.54   0.6  16.1   14:48   SSW
06  28.0  35.2   11:33  23.5   22:49   0.0   9.6  23.11   1.4  22.5   18:06   SSW
07  28.5  33.0   12:09  23.2   05:32   0.0  10.2   0.00   0.8  12.9   15:49     N
08  29.5  35.4   11:06  24.8   05:59   0.0  11.2   0.00   0.2   9.7   13:43   NNW
09  29.8  35.6   12:10  25.3   05:54   0.0  11.4   0.00   0.4   9.7   10:53     S
10  28.7  35.7   12:46  24.7   23:42   0.0  10.4   4.83   0.6  12.9   15:08     W
11  29.3  34.8   11:35  24.1   03:21   0.0  11.0   0.00   0.2   9.7   13:18   SSW
12  28.5  34.2   09:37  24.9   21:10   0.0  10.2   2.79   0.6  14.5   12:22     N
13  28.4  34.7   10:56  23.9   05:45   0.0  10.1   1.78   0.2  11.3   13:21     N
14  28.5  33.3   11:44  23.6   05:22   0.0  10.2   0.00   0.5   9.7   16:09     N
15  29.5  35.8   13:04  24.7   05:21   0.0  11.2   1.52   0.6  12.9   15:03   SSW
16  29.1  35.4   12:51  25.0   05:36   0.0  10.8  25.40   0.4  11.3   12:18     S
17  28.6  35.4   12:11  25.0   01:47   0.0  10.3   1.02   0.4  11.3   10:10   SSW
18  28.5  33.9   12:56  24.9   05:57   0.0  10.2   3.05   1.1  14.5   13:09   SSW
19  26.5  33.6   13:21  24.3   16:41   0.0   8.2  45.97   0.6  14.5   00:25   SSW
20  26.3  32.2   10:43  24.4   01:22   0.0   8.0  12.45   0.6  20.9   12:01     S
21  26.8  30.6   13:47  24.2   01:35   0.0   8.5  41.66   0.2   8.0   06:06   SSW
22  25.6  28.2   08:45  24.2   09:36   0.0   7.3  91.44   0.2  20.9   08:49     S
23  25.2  26.5   10:49  23.9   23:13   0.0   6.9 198.88   0.5  24.1   02:22     S
24  26.1  30.5   12:19  24.3   17:23   0.0   7.9  65.79   0.9  17.7   17:13   SSW
25  26.1  26.9   23:00  24.7   11:11   0.0   7.9  94.02   0.7  21.0   10:55     S
26  27.4  32.4   10:20  25.5   22:17   0.0   9.1  23.37   0.7  11.0   14:05   SSW
27  28.1  32.7   13:46  25.6   23:23   0.0   9.8  20.57   1.0  19.0   02:59   SSW
28  26.4  29.5   13:48  24.8   17:29   0.0   8.1  70.36   0.5  18.0   07:32     S
29  27.3  30.8   09:36  25.3   00:00   0.0   9.0   5.08   0.8  13.0   14:22   SSW
30  26.6  29.7   11:54  25.0   06:25   0.0   8.3  38.61   0.5  11.0   22:20     S
31  26.7  32.9   13:01  24.9   05:37   0.0   8.4  31.24   0.8  11.0   11:57   SSW
-----------------------------------------------------------------------------------
    27.9  35.8    15    23.2     7     0.0 296.0 824.78   0.6  24.1    23     SSW

Max >=  30.0 26
Max <=  25.0  0
Min <=  25.0 27
Min <=  20.0  0
Max Rain: 198.88 on day 23
Days of Rain: 25 (>= 0.20 mm)  20 (>= 2.00 mm)   13 (>= 20.00 mm)
Heat Base: 18.3  Cool Base: 18.3  Method: Integration