NOAA-Style Climate Reports


Report for 2021 April
                   Monthly Climatological Summary for Apr 2021

Name: SFCweather   City: San Fernando City   Province: La Union

                  Temperature (°C), Rain (mm), Wind Speed (km/h)

                                      Heat  Cool        Avg
    Mean                              Deg   Deg         Wind                 Dom
Day Temp  High   Time   Low    Time   Days  Days  Rain  Speed High   Time    Dir
----------------------------------------------------------------------------------
01  28.7  33.5   10:36  23.6   05:41   0.0  10.4   0.0   1.1  12.9   10:07     N
02  28.9  35.5   13:48  23.0   06:04   0.0  10.6   0.0   1.1  16.1   11:52    SW
03  28.9  35.2   12:55  23.2   05:27   0.0  10.6   0.0   1.1  12.9   10:36    SW
04  29.0  34.7   12:11  23.8   05:41   0.0  10.7   0.0   1.1  14.5   11:01     W
05  28.9  34.7   12:09  24.4   05:53   0.0  10.6   0.0   0.9  12.9   11:30    NW
06  29.3  34.4   11:53  24.7   05:56   0.0  11.0   0.0   0.9  12.9   11:53   NNW
07  28.8  33.7   12:35  24.1   06:02   0.0  10.5   0.0   0.6  14.5   11:54   NNW
08  29.0  35.1   13:23  24.8   05:41   0.0  10.7   0.0   1.2  12.9   11:33   SSE
09  29.1  34.9   11:45  24.9   04:23   0.0  10.8   0.0   1.1  14.5   13:34   NNW
10  28.6  33.1   12:27  23.5   06:02   0.0  10.3   0.0   1.0  14.5   13:56     N
11  28.9  33.2   10:57  24.7   05:26   0.0  10.5   0.0   1.1  12.9   11:27     N
12  28.8  33.3   13:18  23.1   05:44   0.0  10.5   0.0   1.2  16.1   11:57     N
13  28.5  33.9   11:35  23.2   05:14   0.0  10.2   0.0   0.9  12.9   10:47   NNW
14  29.7  34.2   11:20  25.3   05:42   0.0  11.4   0.0   0.9  12.9   11:03   NNW
15  29.7  34.2   13:05  25.3   05:59   0.0  11.4   0.0   0.8  12.9   15:18   WNW
----------------------------------------------------------------------------------
    29.0  35.5     2    23.0     2     0.0 160.2   0.0   1.0  16.1     2      NW

Max >=  30.0 15
Max <=  25.0  0
Min <=  25.0 13
Min <=  20.0  0
Max Rain: 0.0 on day 0
Days of Rain: 0 (>= 0.2 mm)  0 (>= 2.0 mm)  0 (>= 20.0 mm)
Heat Base: 18.3  Cool Base: 18.3  Method: Integration