NOAA-Style Climate Reports


Report for 2021 March
                   Monthly Climatological Summary for Mar 2021

Name: SFCweather   City: San Fernando City   Province: La Union

                  Temperature (°C), Rain (mm), Wind Speed (km/h)

                                      Heat  Cool        Avg
    Mean                              Deg   Deg         Wind                 Dom
Day Temp  High   Time   Low    Time   Days  Days  Rain  Speed High   Time    Dir
----------------------------------------------------------------------------------
01  28.0  33.2   11:45  23.8   06:21   0.0   9.7   0.0   0.3  12.9   11:08     N
02  27.5  32.3   14:30  23.1   05:46   0.0   9.2   0.0   1.3  17.7   13:15     N
03  27.8  32.6   11:42  24.2   06:11   0.0   9.5   0.0   0.8  12.9   14:13     N
04  27.9  33.3   13:30  22.9   05:53   0.0   9.5   0.0   1.1  14.5   17:59   NNE
05  28.3  34.7   12:35  23.3   06:28   0.0  10.1   0.0   0.5   9.7   10:57    SW
06  27.7  33.2   13:25  22.4   06:01   0.0   9.4   0.0   1.0  16.1   20:10   NNE
07  27.8  33.1   11:52  23.2   06:18   0.0   9.5   0.0   0.5  12.9   10:48   NNW
08  27.3  32.2   12:04  21.6   06:02   0.0   9.0   0.0   0.7  12.9   15:10     N
09  27.3  32.9   12:58  21.8   06:12   0.0   9.0   0.0   0.6  14.5   14:14   WSW
10  27.0  32.7   14:10  21.4   05:49   0.0   8.7   0.0   0.5  14.5   10:35     N
11  27.3  32.8   11:44  21.8   06:17   0.0   8.9   0.0   0.7  16.1   13:07     N
12  27.2  31.8   13:41  22.6   06:04   0.0   8.9   0.0   0.9  12.9   10:52     N
13  27.7  32.9   15:18  23.0   04:03   0.0   9.3   0.0   0.5  12.9   14:03   WSW
14  28.1  33.2   13:09  23.8   06:04   0.0   9.8   0.0   0.6  16.1   11:17    SW
15  27.9  32.7   11:50  23.8   06:21   0.0   9.6   1.8   0.8  12.9   11:10     N
16  28.1  34.5   13:25  23.4   05:24   0.0   9.8   0.0   0.5  12.9   12:02    SW
17  28.4  32.8   13:46  24.7   05:50   0.0  10.1   0.0   1.0  14.5   15:59     N
18  28.5  33.3   13:11  24.0   06:09   0.0  10.2   0.0   1.1  12.9   10:41     N
19  28.6  34.2   15:31  25.4   04:10   0.0  10.2  12.0   0.4  11.3   12:41   NNW
20  28.6  34.6   12:41  24.2   06:06   0.0  10.2  23.0   0.8  11.3   09:35     W
21  29.1  33.8   12:21  26.3   23:59   0.0  10.7   0.0   0.6  12.9   11:20     N
22  27.5  32.8   10:16  25.3   23:13   0.0   9.2   2.6   0.2   9.7   12:15     N
23  27.6  32.1   10:52  24.8   06:22   0.0   9.3   0.0   0.2  11.3   10:15   SSW
24  28.4  32.5   13:40  24.6   05:33   0.0  10.1   0.6   0.9  12.9   10:28     N
25  28.0  32.2   12:45  23.6   05:56   0.0   9.7   0.0   1.4  16.1   16:29     N
26  28.4  32.7   13:16  23.8   06:06   0.0  10.1   0.0   1.5  19.3   19:36     N
27  28.2  32.7   14:59  23.3   06:04   0.0   9.9   0.0   0.9  14.5   12:39     N
28  28.9  34.2   11:59  24.5   04:48   0.0  10.5   0.0   1.3  14.5   12:19   NNW
29  28.7  33.4   12:20  23.8   06:12   0.0  10.4   0.0   1.6  17.7   17:39     N
30  29.0  34.5   13:52  23.8   05:51   0.0  10.7   0.0   1.3  16.1   19:13     N
31  28.8  34.8   12:47  24.2   06:02   0.0  10.5   0.0   1.2  14.5   11:24   WNW
----------------------------------------------------------------------------------
    28.1  34.8    31    21.4    10     0.0 301.7  40.0   0.8  19.3    26     NNW

Max >=  30.0 31
Max <=  25.0  0
Min <=  25.0 28
Min <=  20.0  0
Max Rain: 23.0 on day 20
Days of Rain: 5 (>= 0.2 mm)  3 (>= 2.0 mm)  1 (>= 20.0 mm)
Heat Base: 18.3  Cool Base: 18.3  Method: Integration