NOAA-Style Climate Reports


Report for 2021 February
                   Monthly Climatological Summary for Feb 2021

Name: SFCweather   City: San Fernando City   Province: La Union

                  Temperature (°C), Rain (mm), Wind Speed (km/h)

                                      Heat  Cool        Avg
    Mean                              Deg   Deg         Wind                 Dom
Day Temp  High   Time   Low    Time   Days  Days  Rain  Speed High   Time    Dir
----------------------------------------------------------------------------------
01  23.8  29.4   11:23  18.3   05:22   0.0   5.5   0.0   0.3   9.7   12:29     N
02  24.7  30.1   13:59  19.2   06:33   0.0   6.4   0.0   0.7  12.9   12:32     N
03  24.9  30.6   13:15  19.7   06:29   0.0   6.6   0.0   0.2   9.7   13:05     N
04  24.9  30.3   12:09  20.1   06:22   0.0   6.6   0.0   0.5   9.7   12:07     N
05  25.5  30.7   11:48  20.8   06:26   0.0   7.2   0.0   0.7  14.5   12:36     N
06  26.7  31.8   12:11  22.6   06:29   0.0   8.4   0.0   0.4   9.7   10:02     N
07  26.8  31.6   09:46  23.6   23:40   0.0   8.5   0.0   0.2   9.7   10:59     N
08  26.8  32.4   13:08  22.1   06:32   0.0   8.5   0.0   0.5  11.3   12:18   NNE
09  26.9  32.8   13:31  22.6   06:39   0.0   8.6   0.0   0.2   9.7   13:41   WSW
10  26.5  32.7   12:13  22.9   23:55   0.0   8.2   2.0   0.1   8.0   11:33     S
11  26.4  31.2   11:01  22.6   00:21   0.0   8.1   1.2   1.4  14.5   12:20     N
12  25.4  29.4   13:17  22.9   06:24   0.0   7.1   8.4   3.3  22.5   16:20   NNE
13  25.7  30.1   13:14  21.6   23:48   0.0   7.4   0.0   1.4  19.3   15:03     N
14  25.4  30.7   11:50  20.7   05:33   0.0   7.1   0.0   0.7  12.9   15:48     N
15  26.0  30.8   13:31  21.5   06:35   0.0   7.7   0.0   0.6  12.9   15:15     N
16  26.1  30.8   12:10  21.2   06:35   0.0   7.8   0.0   0.8  16.1   16:57     N
17  25.7  31.4   12:13  21.7   05:34   0.0   7.4   0.0   0.7  12.9   13:42     N
18  25.7  31.3   12:23  21.2   06:42   0.0   7.4   0.0   0.6  14.5   14:24     N
19  25.1  30.9   13:00  21.5   23:56   0.0   6.8   0.0   0.5  12.9   12:05     N
20  24.2  29.4   12:35  18.9   06:34   0.0   5.9   0.0   0.6  11.3   10:12     N
21  24.2  30.0   11:14  18.1   06:36   0.0   5.9   0.0   0.7  14.5   13:22     N
22  26.2  31.6   11:56  20.9   05:46   0.0   7.9   0.0   0.5   9.7   03:32     N
23  26.6  31.1   13:05  23.3   02:36   0.0   8.3   0.0   0.0   6.4   12:49     S
24  27.6  32.6   13:04  24.4   06:45   0.0   9.4   0.4   0.8  11.3   13:47     N
25  28.0  33.6   13:53  24.8   06:18   0.0   9.7   0.0   0.4   9.7   09:56     N
26  27.7  32.4   13:23  23.2   06:22   0.0   9.4   0.0   0.7  11.3   12:37     N
27  27.5  32.1   11:43  24.6   06:00   0.0   9.2   0.0   1.5  17.7   12:44     N
28  28.2  34.9   13:40  23.3   05:52   0.0   9.9   0.0   0.5  11.3   10:23   SSW
----------------------------------------------------------------------------------
    26.0  34.9    28    18.1    21     0.0 216.9  12.0   0.7  22.5    12       N

Max >=  30.0 25
Max <=  25.0  0
Min <=  25.0 28
Min <=  20.0  5
Max Rain: 8.4 on day 12
Days of Rain: 4 (>= 0.2 mm)  2 (>= 2.0 mm)  0 (>= 20.0 mm)
Heat Base: 18.3  Cool Base: 18.3  Method: Integration