NOAA-Style Climate Reports


Report for 2020 October
                   Monthly Climatological Summary for Oct 2020

Name: SFCweather   City: San Fernando City   Province: La Union

                  Temperature (°C), Rain (mm), Wind Speed (km/h)

                                      Heat  Cool        Avg
    Mean                              Deg   Deg         Wind                 Dom
Day Temp  High   Time   Low    Time   Days  Days  Rain  Speed High   Time    Dir
----------------------------------------------------------------------------------
01  28.6  34.6   09:53  24.6   23:37   0.0  10.3   1.2   0.2   8.0   11:02   NNE
02  28.9  35.7   12:37  23.4   05:46   0.0  10.6   0.0   0.3  11.3   11:47     S
03  29.2  35.4   13:50  24.8   05:47   0.0  10.9   1.4   0.3  11.3   11:58     S
04  29.0  34.3   10:24  24.9   06:02   0.0  10.7   0.0   0.2   9.7   11:09   NNE
05  28.1  34.2   09:29  25.0   22:26   0.0   9.8   2.0   0.3   9.7   10:49   NNE
06  29.2  34.6   10:17  24.4   05:24   0.0  10.9   0.0   0.1   9.7   11:31     S
07  28.4  34.4   11:05  25.5   03:17   0.0  10.1   0.2   0.3  11.3   13:08     N
08  29.2  35.4   13:32  24.5   05:41   0.0  10.9   0.0   0.2   9.7   10:27     S
09  28.7  33.5   12:14  24.4   03:56   0.0  10.4   0.0   0.2   9.7   11:58   NNE
10  27.8  34.8   12:12  24.3   22:31   0.0   9.5  70.0   0.1  14.5   17:41   NNE
11  25.8  30.8   13:29  24.2   20:10   0.0   7.5  59.6   0.7  12.9   16:51   SSW
12  27.1  29.5   12:22  24.9   01:05   0.0   8.8   0.0   1.2  16.1   12:08     S
13  28.3  33.7   11:44  24.2   05:08   0.0  10.0   0.0   0.1   6.4   10:46   NNE
14  27.9  33.9   12:11  23.8   06:03   0.0   9.6   0.0   0.0   8.0   12:03   SSW
15  28.4  33.7   11:08  24.9   05:59   0.0  10.1   0.0   0.1   9.7   12:05   ESE
16  28.1  32.3   12:21  25.2   05:59   0.0   9.8   0.0   0.1   9.7   02:24   NNE
17  26.8  34.1   10:26  23.6   23:54   0.0   8.5   2.8   0.1  11.3   16:10   SSW
18  27.2  33.9   12:16  23.1   05:09   0.0   8.9   0.2   0.1   9.7   11:22    SE
19  27.9  33.4   13:12  23.2   04:38   0.0   9.6   0.0   0.2   9.7   09:59   NNE
20  26.3  30.3   11:58  23.8   23:48   0.0   8.0   5.6   0.4  12.9   09:11   NNE
21  27.2  34.6   13:22  23.7   00:01   0.0   8.9   7.0   1.0  32.2   23:53     S
22  30.2  34.2   12:23  28.1   00:04   0.0  11.9   0.0   3.1  24.1   00:09     S
23  28.9  34.7   13:47  25.3   23:26   0.0  10.6  35.6   0.4  11.3   00:09   SSW
24  27.3  32.8   12:08  24.4   23:43   0.0   9.1   2.0   0.1   8.0   10:41   SSW
25  27.3  32.1   11:59  23.6   05:44   0.0   9.0   0.6   0.2  11.3   11:34   NNE
26  25.8  28.4   11:19  24.7   04:46   0.0   7.5   0.4   0.0   3.2   01:12     N
27  27.2  32.2   10:35  24.3   22:12   0.0   9.0   4.8   0.3   9.7   11:41   NNE
28  26.6  34.2   12:23  23.1   18:05   0.0   8.3  84.4   0.5  17.7   17:51    NE
29  27.0  33.1   11:40  23.3   06:02   0.0   8.7   0.0   0.1   9.7   12:59     S
30  26.9  32.1   11:37  23.6   06:01   0.0   8.6   0.0   0.6  14.5   11:58   NNE
31  27.4  32.7   12:53  23.6   05:06   0.0   9.1   0.0   0.1   9.7   11:00    NE
----------------------------------------------------------------------------------
    27.8  35.7     2    23.1    18     0.0 295.6 277.8   0.4  32.2    21       S

Max >=  30.0 29
Max <=  25.0  0
Min <=  25.0 27
Min <=  20.0  0
Max Rain: 84.4 on day 28
Days of Rain: 16 (>= 0.2 mm)  10 (>= 2.0 mm)  4 (>= 20.0 mm)
Heat Base: 18.3  Cool Base: 18.3  Method: Integration