NOAA-Style Climate Reports


Report for 2020 August
                   Monthly Climatological Summary for Aug 2020

Name: SFCweather   City: San Fernando City   Province: La Union

                  Temperature (°C), Rain (mm), Wind Speed (km/h)

                                      Heat  Cool        Avg
    Mean                              Deg   Deg         Wind                 Dom
Day Temp  High   Time   Low    Time   Days  Days  Rain  Speed High   Time    Dir
----------------------------------------------------------------------------------
01  29.5  34.1   09:51  26.9   04:19   0.0  11.2   0.0   1.3  17.7   17:43     S
02  28.1  30.9   13:07  26.1   05:34   0.0   9.8   0.0   0.4  14.5   02:11     S
03  28.5  36.7   12:06  25.6   04:17   0.0  10.2   0.8   0.7  19.3   15:08     S
04  28.2  36.4   13:06  24.8   05:18   0.0   9.9  17.6   0.6  14.5   16:35   SSE
05  28.3  33.8   14:25  24.7   01:35   0.0  10.0   0.8   0.3  16.1   16:43   NNE
06  28.9  35.7   12:04  25.2   05:52   0.0  10.6   0.8   0.4  11.3   17:07   ENE
07  27.5  34.4   10:10  24.1   23:30   0.0   9.2  11.4   0.1   8.0   11:47     S
08  27.9  34.8   12:02  23.8   05:54   0.0   9.6  12.0   0.4  14.5   12:55     S
09  27.7  32.6   09:59  24.1   05:39   0.0   9.4   1.0   2.0  17.7   19:39     S
10  29.0  34.8   12:14  25.1   01:54   0.0  10.7   2.4   3.1  19.3   12:04     S
11  28.6  35.8   12:26  24.4   22:28   0.0  10.3  15.2   1.3  19.3   08:40     S
12  26.8  33.2   12:12  23.9   04:29   0.0   8.5   2.2   0.4  16.1   11:33   NNE
13  28.5  34.6   11:11  23.5   05:11   0.0  10.2   0.8   0.6  14.5   19:17   NNE
14  27.7  33.4   12:08  24.1   23:59   0.0   9.4  80.4   0.3  11.3   16:56   NNE
15  27.4  35.0   13:29  22.6   05:56   0.0   9.1   8.0   0.4   9.7   10:23     S
16  27.5  34.7   13:09  23.8   03:51   0.0   9.2   2.4   0.1   9.7   15:36     S
17  27.8  34.1   12:20  23.8   05:51   0.0   9.5   0.4   0.4  14.5   11:16     S
18  27.8  35.6   12:49  24.8   02:11   0.0   9.5   2.6   0.3  12.9   11:21     S
19  28.1  34.3   10:30  25.1   01:10   0.0   9.8   7.2   0.3  14.5   11:42   ENE
20  27.7  34.6   12:51  24.4   23:27   0.0   9.4   6.2   0.3  11.3   14:56     S
21  27.8  35.1   12:28  23.9   02:23   0.0   9.5   1.8   0.4  12.9   11:06     S
22  28.1  34.9   12:16  24.9   05:11   0.0   9.8  12.4   0.3  12.9   10:35     S
23  28.6  34.5   10:52  24.4   05:48   0.0  10.3   0.0   0.2  11.3   11:50     S
24  29.4  36.4   13:23  25.2   05:52   0.0  11.1   1.4   0.5  14.5   15:59     S
25  27.8  32.6   14:20  24.2   01:34   0.0   9.5  25.0   0.1  11.3   00:03     E
26  29.3  35.5   11:35  25.5   04:47   0.0  11.0   0.0   0.2   9.7   08:57     S
27  29.8  36.7   12:44  24.9   05:29   0.0  11.5   0.0   0.4  12.9   11:52     S
28  29.6  36.1   12:37  24.2   04:31   0.0  11.3   9.2   0.2  19.3   00:45   SSW
29  29.2  34.6   11:34  26.2   05:24   0.0  10.9   1.2   0.1   8.0   13:08   NNE
30  26.1  31.4   11:07  24.1   22:35   0.0   7.8  86.2   0.3  14.5   10:02    NE
31  28.0  34.7   13:39  23.6   05:38   0.0   9.7  67.8   0.3  11.3   14:49     S
----------------------------------------------------------------------------------
    28.2  36.7     3    22.6    15     0.0 307.9 377.2   0.5  19.3     3       S

Max >=  30.0 31
Max <=  25.0  0
Min <=  25.0 22
Min <=  20.0  0
Max Rain: 86.2 on day 30
Days of Rain: 26 (>= 0.2 mm)  17 (>= 2.0 mm)  4 (>= 20.0 mm)
Heat Base: 18.3  Cool Base: 18.3  Method: Integration