NOAA-Style Climate Reports


Report for 2020 July
                   Monthly Climatological Summary for Jul 2020

Name: SFCweather   City: San Fernando City   Province: La Union

                  Temperature (°C), Rain (mm), Wind Speed (km/h)

                                      Heat  Cool         Avg
    Mean                              Deg   Deg          Wind                 Dom
Day Temp  High   Time   Low    Time   Days  Days   Rain  Speed High   Time    Dir
-----------------------------------------------------------------------------------
01  29.2  35.1   14:05  23.6   05:31   0.0  11.0   0.00   0.8  16.1   11:04     S
02  29.7  35.3   15:16  25.1   05:06   0.0  11.4   0.00   0.5  12.9   12:36     S
03  29.7  35.9   11:57  25.9   05:37   0.0  11.4   0.00   0.3  12.9   09:19     S
04  27.5  33.9   12:53  24.4   22:47   0.0   9.2  24.89   0.4  11.3   07:28     N
05  28.6  35.1   13:40  23.0   05:20   0.0  10.3  19.05   0.3  12.9   14:56   SSW
06  27.7  35.3   12:21  23.8   05:18   0.0   9.4   8.13   0.3   9.7   11:18   SSE
07  29.5  34.2   14:11  24.3   00:10   0.0  11.2   0.00   1.0  12.9   14:58     N
08  29.9  36.6   13:39  25.4   05:34   0.0  11.6   0.00   0.3  12.9   11:27   SSW
09  29.4  36.6   14:05  24.9   05:21   0.0  11.0   0.00   0.0  11.3   12:01     N
10  28.8  36.6   12:20  25.2   21:28   0.0  10.5   4.83   0.2  14.5   18:57   NNE
11  29.1  35.3   15:09  24.5   05:28   0.0  10.8   1.02   0.1   8.0   09:28   NNE
12  28.7  34.8   10:22  24.4   19:46   0.0  10.4  17.53   0.2  16.1   18:40   NNE
13  25.2  29.1   12:19  23.0   21:48   0.0   6.9  55.37   0.1  19.3   13:36    NE
14  28.8  34.8   11:23  23.3   04:50   0.0  10.5   0.00   0.2   9.7   10:35     S
15  29.4  35.2   13:01  25.2   23:58   0.0  11.1   1.78   0.2   9.7   12:10    NE
16  29.6  35.9   13:37  23.7   05:37   0.0  11.3   0.00   0.6  12.9   16:05   NNE
17  29.1  36.8   13:43  25.4   05:38   0.0  10.9   2.54   0.3  12.9   15:23     S
18  29.8  36.7   12:13  24.6   05:37   0.0  11.4   0.00   0.4  11.3   17:57   NNE
19  28.5  36.1   12:22  24.4   23:49   0.0  10.2   0.25   0.5  12.9   17:54   ESE
20  28.5  34.4   13:53  23.6   05:39   0.0  10.2   0.51   0.3  11.3   11:45     N
21  29.0  35.2   11:29  23.7   05:32   0.0  10.7   0.00   0.4  11.3   14:59     N
22  30.0  35.9   10:39  25.3   02:20   0.0  11.7   0.25   0.2   9.7   10:16     S
23  28.9  37.4   12:28  25.3   23:47   0.0  10.6   3.56   0.5  12.9   16:50   ESE
24  28.2  35.4   11:13  24.5   05:46   0.0   9.9   0.76   0.2   9.7   12:18   SSW
25  29.5  36.2   12:29  24.5   05:33   0.0  11.2   0.00   0.3  12.9   10:25     S
26  29.9  37.5   13:21  25.5   05:46   0.0  11.6   0.00   0.3   9.7   07:40     S
27  29.5  35.3   14:05  24.9   05:43   0.0  11.2   0.51   0.4  12.9   20:15   NNE
28  28.4  35.1   12:26  24.2   23:22   0.0  10.1   9.65   0.4  12.9   17:41     S
29  29.0  35.2   12:45  23.4   05:40   0.0  10.7   0.00   0.1   9.7   12:35     S
30  28.1  33.6   13:18  25.8   23:33   0.0   9.8  10.41   0.3  16.1   15:55     S
31  29.6  34.9   11:26  25.3   04:20   0.0  11.3   0.00   1.5  17.7   13:18     S
-----------------------------------------------------------------------------------
    28.9  37.5    26    23.0     5     0.0 329.5 161.04   0.4  19.3    13     SSE

Max >=  30.0 30
Max <=  25.0  0
Min <=  25.0 20
Min <=  20.0  0
Max Rain: 55.37 on day 13
Days of Rain: 17 (>= 0.20 mm)  10 (>= 2.00 mm)   2 (>= 20.00 mm)
Heat Base: 18.3  Cool Base: 18.3  Method: Integration