NOAA-Style Climate Reports


Report for 2020 June
                   Monthly Climatological Summary for Jun 2020

Name: SFCweather   City: San Fernando City   Province: La Union

                  Temperature (°C), Rain (mm), Wind Speed (km/h)

                                      Heat  Cool         Avg
    Mean                              Deg   Deg          Wind                 Dom
Day Temp  High   Time   Low    Time   Days  Days   Rain  Speed High   Time    Dir
-----------------------------------------------------------------------------------
01  31.3  37.4   12:06  26.4   04:37   0.0  13.0   0.00   0.7  16.1   12:18   SSW
02  29.9  37.0   13:14  24.5   20:13   0.0  11.6  42.42   0.9  16.1   12:24   SSW
03  30.0  35.0   14:47  24.9   03:03   0.0  11.7   0.25   0.5  11.3   11:11     N
04  30.9  36.0   12:22  26.2   04:54   0.0  12.6   0.00   0.7  11.3   11:18     N
05  30.6  36.2   12:09  27.6   05:36   0.0  12.3   0.00   0.6  12.9   14:23     N
06  30.8  36.6   11:25  26.7   18:16   0.0  12.5   0.76   0.9  14.5   17:06     N
07  31.2  37.0   11:59  26.1   04:37   0.0  12.9   0.00   1.0  12.9   14:11     N
08  29.2  37.9   12:09  23.1   16:48   0.0  10.9  28.19   0.8  17.7   15:10   SSW
09  28.6  36.2   13:21  23.4   05:10   0.0  10.3   0.25   0.5  12.9   17:24    SE
10  29.6  35.2   09:03  24.3   04:49   0.0  11.3   0.76   0.9  17.7   17:42     N
11  28.7  35.9   11:24  25.6   23:18   0.0  10.4  18.80   0.4  11.3   12:03     S
12  28.3  33.8   14:45  24.9   06:55   0.0  10.0   6.60   3.6  22.5   12:52     S
13  30.7  36.4   14:43  26.9   05:12   0.0  12.4   0.00   4.0  24.1   09:06     S
14  27.4  34.6   14:04  24.0   23:34   0.0   9.1  43.43   0.6  16.1   01:08   NNE
15  28.2  34.4   10:48  23.5   04:54   0.0   9.9   0.76   0.6  22.5   17:23   NNE
16  29.8  35.9   12:39  24.5   05:36   0.0  11.5   0.00   0.5   9.7   12:24   SSW
17  30.3  36.5   13:55  25.1   05:23   0.0  12.0   0.00   0.7  19.3   19:06     S
18  30.3  36.4   12:28  25.7   05:22   0.0  12.0   0.51   0.8  12.9   11:00   NNE
19  29.1  36.5   12:15  24.4   23:54   0.0  10.7   0.00   0.5  19.3   18:07     S
20  28.9  35.7   12:06  23.7   04:49   0.0  10.6   0.76   0.3  11.3   12:25   SSW
21  29.8  36.2   12:23  24.1   05:06   0.0  11.5   0.25   0.4  12.9   12:42   SSW
22  30.0  36.6   12:54  25.4   05:11   0.0  11.7   0.00   0.5  12.9   12:11   SSW
23  29.6  37.0   12:20  25.3   23:59   0.0  11.3   7.62   0.5  14.5   13:43    SE
24  28.2  36.9   12:35  23.7   20:19   0.0   9.9  71.12   0.3  19.3   16:28     S
25  29.0  36.3   13:09  23.3   04:57   0.0  10.7   0.25   0.5  14.5   17:30    SE
26  29.1  35.9   12:12  23.9   05:19   0.0  10.9   0.51   0.4  12.9   11:52   SSE
27  28.6  36.2   12:01  24.5   20:21   0.0  10.3  17.27   0.4  20.9   19:44    NE
28  27.6  35.7   12:18  24.2   21:15   0.0   9.3  58.93   0.4  19.3   15:57   ENE
29  28.1  34.4   14:36  23.9   05:08   0.0   9.8   1.27   1.5  20.9   13:31     S
30  29.0  35.8   14:10  24.5   05:40   0.0  10.7   1.27   1.5  24.1   15:33     S
-----------------------------------------------------------------------------------
    29.4  37.9     8    23.1     8     0.0 333.8 301.98   0.9  24.1    13       S

Max >=  30.0 30
Max <=  25.0  0
Min <=  25.0 19
Min <=  20.0  0
Max Rain: 71.12 on day 24
Days of Rain: 21 (>= 0.20 mm)  9 (>= 2.00 mm)  5  (>= 20.00 mm)
Heat Base: 18.3  Cool Base: 18.3  Method: Integration