NOAA-Style Climate Reports


Report for 2020 May
                   Monthly Climatological Summary for May 2020

Name: SFCweather   City: San Fernando City   Province: La Union

                  Temperature (°C), Rain (mm), Wind Speed (km/h)

                                      Heat  Cool        Avg
    Mean                              Deg   Deg         Wind                 Dom
Day Temp  High   Time   Low    Time   Days  Days  Rain  Speed High   Time    Dir
----------------------------------------------------------------------------------
01  30.2  35.7   10:50  25.1   21:36   0.0  11.8   3.2   1.3  16.1   10:03    NE
02  30.6  36.3   13:29  25.1   05:42   0.0  12.3   0.0   1.5  19.3   17:16     N
03  30.5  35.1   12:27  26.0   05:38   0.0  12.2   0.0   1.5  17.7   18:30     N
04  31.2  37.9   12:32  26.1   05:32   0.0  13.0   0.0   1.7  17.7   16:53     N
05  31.9  38.8   12:14  27.5   03:52   0.0  13.6   0.0   1.1  14.5   16:11     N
06  31.9  36.8   11:43  28.7   00:23   0.0  13.6   0.0   1.2  14.5   09:38     N
07  31.0  35.3   13:30  27.9   03:49   0.0  12.7   0.0   1.7  20.9   14:38     N
08  31.4  37.7   12:02  26.5   05:36   0.0  13.1   0.0   0.8  12.9   09:47   NNW
09  31.3  36.8   11:23  26.3   04:42   0.0  13.0   0.0   1.4  14.5   15:38     N
10  30.6  35.1   09:54  25.9   05:29   0.0  12.3   0.0   1.8  17.7   14:17     N
11  30.5  35.0   11:00  25.9   05:18   0.0  12.2   0.0   1.8  19.3   18:43     N
12  30.8  36.7   11:20  26.9   05:36   0.0  12.5   0.0   1.2  17.7   17:02     N
13  30.7  35.6   10:14  25.5   05:36   0.0  12.4   0.0   1.2  16.1   14:16     N
14  30.8  35.9   15:03  25.6   05:34   0.0  12.5   0.0   0.8  12.9   12:38     N
15  28.8  34.4   11:49  24.1   23:52   0.0  10.5   3.4   0.5   9.7   18:16    NE
16  26.4  31.5   14:51  23.6   05:49   0.0   8.0   3.2   1.5  17.7   12:47     S
17  29.9  37.1   13:26  23.4   04:32   0.0  11.6   0.0   0.8  16.1   10:01   SSW
18  30.6  36.6   12:04  25.1   04:34   0.0  12.3   0.0   0.5  11.3   11:42   SSW
19  29.2  33.9   15:53  26.4   23:52   0.0  10.9   0.2   0.2  17.7   09:14     N
20  30.6  37.1   12:04  25.1   05:26   0.0  12.3   0.0   0.8  16.1   10:25   SSW
21  31.2  38.1   13:07  26.6   04:16   0.0  12.9   0.0   0.8  19.3   13:29   SSW
22  31.1  36.4   11:41  27.6   05:12   0.0  12.8   0.0   0.6  20.9   10:15     S
23  28.2  35.7   10:18  24.7   16:01   0.0   9.9  16.8   0.5  16.1   11:02     S
24  28.1  35.9   09:38  24.5   04:49   0.0   9.8   4.8   0.3  17.7   10:53   SSW
25  30.1  37.4   12:26  25.0   05:01   0.0  11.8   0.0   0.4  11.3   09:00     S
26  30.3  36.1   13:11  26.6   05:18   0.0  12.0   0.0   0.4  14.5   13:29     S
27  29.8  36.5   11:17  26.0   05:20   0.0  11.5   0.0   0.4  16.1   11:58   SSW
28  28.6  36.9   12:37  24.2   16:33   0.0  10.3  22.0   0.5  12.9   10:15   SSW
29  29.0  35.7   13:23  23.4   05:14   0.0  10.7   0.0   0.6  12.9   11:12   NNE
30  30.3  36.1   11:23  24.8   04:58   0.0  12.0   0.0   0.5  12.9   11:37    NW
31  31.0  36.4   11:23  26.1   05:41   0.0  12.7   0.0   1.2  14.5   11:44   NNE
----------------------------------------------------------------------------------
    30.2  38.8     5    23.4    17     0.0 369.2  53.6   1.0  20.9     7       N

Max >=  30.0 31
Max <=  25.0  0
Min <=  25.0  9
Min <=  20.0  0
Max Rain: 22.0 on day 28
Days of Rain: 7 (>= 0.2 mm)  6 (>= 2.0 mm)  1 (>= 20.0 mm)
Heat Base: 18.3  Cool Base: 18.3  Method: Integration