NOAA-Style Climate Reports


Report for 2020 April
                   Monthly Climatological Summary for Apr 2020

Name: SFCweather   City: San Fernando City   Province: La Union

                  Temperature (°C), Rain (mm), Wind Speed (km/h)

                                      Heat  Cool        Avg
    Mean                              Deg   Deg         Wind                 Dom
Day Temp  High   Time   Low    Time   Days  Days  Rain  Speed High   Time    Dir
----------------------------------------------------------------------------------
01  28.7  33.9   12:36  23.9   05:45   0.0  10.4   0.0   1.6  17.7   16:39     N
02  29.7  35.9   12:32  25.7   01:27   0.0  11.4   0.0   1.0  12.9   15:11   NNW
03  29.5  35.8   11:51  25.3   03:28   0.0  11.2   0.0   1.1  14.5   12:20    NW
04  28.7  33.6   11:36  24.3   06:00   0.0  10.5   0.0   1.4  14.5   13:05     N
05  29.6  36.2   13:47  25.3   03:04   0.0  11.3   0.0   1.0  16.1   10:39    SW
06  29.3  35.7   12:55  26.0   02:37   0.0  10.7   0.0   0.8  16.1   15:40    SW
07  29.2  34.3   13:06  25.7   05:59   0.0  10.8   0.0   1.2  12.9   15:18     N
08  28.7  33.3   13:22  25.2   05:50   0.0  10.4   0.0   1.1  17.7   13:37     N
09  28.8  35.4   12:56  24.2   05:16   0.0  10.5   0.0   0.9  16.1   17:17     N
10  29.1  34.3   10:52  24.7   05:54   0.0  10.8   0.0   1.0  12.9   12:00     N
11  29.5  34.6   12:45  24.8   05:56   0.0  11.2   0.0   0.6  11.3   11:15   NNW
12  28.3  33.4   11:57  23.8   06:08   0.0  10.0   0.0   3.2  27.4   21:34     N
13  27.7  31.9   13:06  24.4   04:21   0.0   9.4   0.0   2.2  17.7   00:17   NNE
14  29.0  35.8   14:03  24.4   23:28   0.0  10.6   5.6   1.3  19.3   12:30   SSW
15  28.0  34.2   11:30  24.6   00:01   0.0   9.7   0.0   0.7  11.3   11:36     N
16  28.5  32.7   12:20  25.0   05:27   0.0  10.1   0.0   1.6  19.3   11:56     N
17  28.7  33.2   12:14  24.5   05:44   0.0  10.4   0.0   1.4  16.1   16:45     N
18  29.4  34.4   12:33  25.5   01:33   0.0  11.1   0.0   1.2  16.1   15:22     N
19  29.5  34.9   13:01  25.4   05:55   0.0  11.2   0.0   1.4  16.1   15:24     N
20  29.9  34.9   10:36  26.8   02:17   0.0  11.6   0.0   1.6  19.3   16:15     N
21  30.3  36.4   12:23  25.5   05:32   0.0  12.0   0.0   1.6  14.5   15:46     N
22  30.3  34.6   10:47  27.1   05:38   0.0  12.0   0.0   1.8  19.3   16:34     N
23  30.5  36.4   12:40  27.3   05:00   0.0  12.3   0.0   0.4   6.4   00:02     N
24  29.9  34.2   12:50  25.4   04:40   0.0  11.6   0.0   0.3   4.9   17:00     N
25  29.9  35.8   12:01  25.1   04:51   0.0  11.6   0.0   0.3   4.0   12:24   NNW
26  30.2  34.4   13:20  26.4   05:17   0.0  12.0   0.0   1.2  16.1   16:40   NNE
27  30.4  35.3   10:40  26.1   03:40   0.0  12.1   0.0   1.1  17.7   17:40   NNE
28  30.3  35.2   11:23  26.2   04:53   0.0  11.9   0.0   1.2  17.7   16:14     N
29  30.1  37.2   13:35  25.7   05:31   0.0  11.9   0.0   0.7  12.9   13:54   NNE
30  30.5  36.4   12:16  25.9   05:35   0.0  12.2   0.0   1.1  16.1   19:21     N
----------------------------------------------------------------------------------
    29.4  37.2    29    23.8    12     0.0 332.9   5.6   1.2  27.4    12       N

Max >=  30.0 30
Max <=  25.0  0
Min <=  25.0 11
Min <=  20.0  0
Max Rain: 5.6 on day 14
Days of Rain: 1 (>= 0.2 mm)  1 (>= 2.0 mm)  0 (>= 20.0 mm)
Heat Base: 18.3  Cool Base: 18.3  Method: Integration