NOAA-Style Climate Reports


Report for 2020 March
                   Monthly Climatological Summary for Mar 2020

Name: SFCweather   City: San Fernando City   Province: La Union

                  Temperature (°C), Rain (mm), Wind Speed (km/h)

                                      Heat  Cool        Avg
    Mean                              Deg   Deg         Wind                 Dom
Day Temp  High   Time   Low    Time   Days  Days  Rain  Speed High   Time    Dir
----------------------------------------------------------------------------------
01  26.5  31.6   12:15  21.3   05:56   0.0   8.2   0.0   1.2  16.1   15:44     N
02  26.5  31.1   14:06  22.1   05:29   0.0   8.2   0.0   0.9  14.5   10:37     N
03  26.3  31.3   14:22  20.7   06:18   0.0   8.0   0.0   1.2  16.1   19:51     N
04  26.9  31.7   12:35  22.0   06:28   0.0   8.6   0.0   0.8  12.9   10:58     N
05  27.2  31.1   12:35  23.1   06:29   0.0   8.9   0.0   1.2  14.5   12:18     N
06  27.7  32.6   12:24  24.0   06:27   0.0   9.4   0.0   0.7  12.9   13:30   NNW
07  27.4  33.8   11:25  22.7   06:14   0.0   9.1   0.0   0.7  12.9   13:44    NW
08  27.7  33.3   11:52  22.4   06:11   0.0   9.4   0.0   0.7  14.5   11:55    NW
09  27.8  32.7   11:34  23.2   05:45   0.0   9.5   0.0   0.8  14.5   11:15     N
10  29.0  33.2   13:53  25.7   05:56   0.0  10.8   0.0   1.5  16.1   14:05     N
11  28.3  33.0   13:41  24.7   06:23   0.0  10.0   0.0   1.2  14.5   17:11     N
12  28.8  35.6   13:04  23.1   06:22   0.0  10.5   0.0   1.0  16.1   12:11    NW
13  28.5  32.7   12:22  26.0   05:37   0.0  10.1   0.0   1.4  16.1   18:23     N
14  28.0  32.4   11:26  24.1   06:24   0.0   9.7   0.0   2.9  22.5   16:32     N
15  27.3  33.4   10:29  22.9   05:11   0.0   9.0   0.0   1.4  17.7   17:11     N
16  27.3  31.8   12:39  23.6   06:05   0.0   9.0   0.0   1.2  14.5   13:13     N
17  27.7  33.1   11:31  23.5   02:54   0.0   9.4   0.0   0.9  14.5   18:37   NNW
18  27.9  33.3   12:21  23.3   05:57   0.0   9.6   0.0   1.2  16.1   20:03     N
19  28.0  34.4   12:08  22.7   06:11   0.0   9.7   0.0   1.6  17.7   19:26     N
20  27.8  32.6   10:51  23.5   06:24   0.0   9.5   0.0   2.1  19.3   18:02     N
21  28.0  32.8   10:51  23.6   06:16   0.0   9.7   0.0   1.2  12.9   12:24   NNW
22  28.4  33.7   12:17  23.4   06:10   0.0  10.1   0.0   1.7  16.1   15:56     N
23  28.3  32.9   11:53  24.2   06:06   0.0  10.0   0.0   1.4  17.7   17:17     N
24  29.1  36.7   13:56  25.1   04:14   0.0  10.8   0.0   0.9  17.7   23:33   SSW
25  28.6  34.7   12:00  23.6   05:30   0.0  10.3   0.0   0.6  14.5   14:39     N
26  28.1  32.9   11:03  22.9   05:52   0.0   9.8   0.0   1.8  17.7   09:51     N
27  28.5  34.5   12:02  24.1   01:44   0.0  10.2   0.0   0.9  14.5   17:07   NNW
28  28.3  33.7   11:54  23.2   05:53   0.0  10.0   0.0   1.6  17.7   17:04     N
29  29.1  34.3   12:05  24.5   04:51   0.0  10.7   0.0   1.1  16.1   16:34   NNW
30  28.5  33.9   12:41  23.2   06:06   0.0  10.2   0.0   0.8  11.3   11:17     N
31  29.0  33.7   12:42  25.4   03:47   0.0  10.7   0.0   1.1  14.5   16:54     N
----------------------------------------------------------------------------------
    28.0  36.7    24    20.7     3     0.0 299.1   0.0   1.2  22.5    14       N

Max >=  30.0 31
Max <=  25.0  0
Min <=  25.0 27
Min <=  20.0  0
Max Rain: 0.0 on day 0
Days of Rain: 0 (>= 0.2 mm)  0 (>= 2.0 mm)  0 (>= 20.0 mm)
Heat Base: 18.3  Cool Base: 18.3  Method: Integration