NOAA-Style Climate Reports


Report for 2019 December
                   Monthly Climatological Summary for Dec 2019

Name: SFCweather   City: San Fernando City   Province: La Union

                  Temperature (°C), Rain (mm), Wind Speed (km/h)

                                      Heat  Cool         Avg
    Mean                              Deg   Deg          Wind                 Dom
Day Temp  High   Time   Low    Time   Days  Days   Rain  Speed High   Time    Dir
-----------------------------------------------------------------------------------
01  25.2  30.6   11:15  21.3   03:03   0.0   6.9    0.0   0.2   9.7   11:06     E
02  25.8  29.7   11:27  22.4   00:04   0.0   7.5    0.0   3.2  24.1   16:19   NNE
03  25.6  28.3   10:54  23.3   23:15   0.0   7.3    1.3   3.2  35.4   14:34   NNE
04  26.6  32.0   11:52  23.0   01:40   0.0   8.3    0.3   0.4  12.9   14:08     S
05  26.7  31.6   11:47  23.8   23:36   0.0   8.4    0.0   0.4  11.3   11:28    NE
06  26.0  30.3   11:38  23.1   03:32   0.0   7.7    0.3   2.2  24.1   20:15   NNE
07  25.4  29.3   11:08  22.7   23:54   0.0   7.1    0.0   1.8  20.9   00:32   NNE
08  25.1  29.8   12:30  21.4   05:08   0.0   6.8    0.0   0.5  14.5   13:34   NNE
09  25.4  30.2   11:21  21.6   06:10   0.0   7.1    0.0   0.4   9.7   14:17   NNE
10  26.1  30.3   09:46  22.2   05:53   0.0   7.8    0.0   0.5  11.3   16:25   NNE
11  25.7  30.1   12:45  21.6   05:59   0.0   7.4    0.0   0.9  16.1   12:08   NNE
12  26.4  31.7   12:02  22.0   06:12   0.0   8.1    0.0   0.6  12.9   10:47   SSW
13  26.7  31.7   11:27  23.3   03:55   0.0   8.4    0.0   0.3   9.7   10:23     N
14  27.3  31.7   11:36  24.2   06:17   0.0   9.0    0.0   0.3   9.7   11:56   SSE
15  26.8  31.7   11:20  23.2   04:45   0.0   8.5    0.0   0.3  11.3   12:06     S
16  26.6  31.8   13:04  22.2   06:01   0.0   8.3    0.0   0.2   9.7   14:21   NNE
17  26.1  31.3   13:17  21.9   06:38   0.0   7.9    0.3   0.6  12.9   14:15     N
18  25.5  31.9   13:23  21.3   05:49   0.0   7.2    0.0   0.3  14.5   13:10   SSW
19  26.0  30.9   12:56  21.2   06:20   0.0   7.7    0.0   0.3  12.9   13:39     N
20  26.7  31.4   14:19  23.0   06:07   0.0   8.4    0.0   0.3   9.7   10:25   NNE
21  26.2  31.3   13:21  21.9   05:58   0.0   7.9    0.0   0.3  11.3   12:26   NNE
22  26.6  31.1   11:45  22.6   03:38   0.0   8.3    0.0   0.3  11.3   13:01   NNE
23  26.6  31.4   10:04  22.3   06:33   0.0   8.3    0.0   0.5  11.3   14:22     N
24  26.5  31.3   12:55  22.4   06:15   0.0   8.2    0.0   0.5  11.3   11:23     N
25  26.5  31.8   12:53  22.6   06:30   0.0   8.2    0.0   0.2   9.7   12:53   NNE
26  26.6  32.3   12:40  23.4   05:52   0.0   8.3    0.0   0.1   9.7   16:40     W
27  27.4  31.9   12:17  24.4   04:26   0.0   9.1    0.0   0.3  14.5   13:50   NNE
28  27.6  32.3   13:23  24.7   06:34   0.0   9.3    0.0   0.5   9.7   13:42   NNE
29  27.4  33.3   12:27  24.3   06:34   0.0   9.1    0.0   0.2  11.3   12:07     S
30  26.8  31.8   12:24  22.5   06:23   0.0   8.5    0.0   0.7  16.1   12:37   NNE
31  26.6  31.4   12:42  22.7   06:26   0.0   8.3    0.0   0.5  12.9   11:46   NNE
-----------------------------------------------------------------------------------
    26.3  33.3    29    21.2    19     0.0 249.3    2.2   0.7  35.4     3     NNE

Max >=  30.0 27
Max <=  25.0  0
Min <=  25.0 31
Min <=  20.0  0
Max Rain: 1.3 on day 3
Days of Rain: 4 (>= 0.2 mm)  0 (>= 2.0 mm)  0 (> = 20.0 mm)
Heat Base: 18.3  Cool Base: 18.3  Method: Integration