NOAA-Style Climate Reports


Report for 2019 June
                   Monthly Climatological Summary for Jun 2019

Name: SFCweather   City: San Fernando City   Province: La Union

                  Temperature (°C), Rain (mm), Wind Speed (km/h)

                                      Heat  Cool         Avg
    Mean                              Deg   Deg          Wind                 Dom
Day Temp  High   Time   Low    Time   Days  Days   Rain  Speed High   Time    Dir
-----------------------------------------------------------------------------------
01  30.2  35.6   11:54  26.0   23:29   0.0  11.8    0.0   0.6  16.1   16:38   NNE
02  30.1  36.2   11:17  25.4   03:58   0.0  11.8    0.0   0.9  16.1   17:15   ENE
03  30.3  36.4   10:24  25.3   04:57   0.0  12.0    0.0   0.6  11.3   09:35    NE
04  31.2  36.9   11:47  26.3   05:55   0.0  12.9    0.0   1.1  12.9   16:03   NNE
05  29.4  36.9   12:46  25.6   15:45   0.0  11.0    1.5   0.7  14.5   09:41   SSW
06  30.5  35.2   12:46  24.8   04:24   0.0  12.2    0.0   1.5  19.3   21:52   NNE
07  30.9  36.4   14:57  26.3   05:09   0.0  12.6    0.3   0.6  14.5   12:16   ESE
08  31.2  37.7   12:35  25.3   04:39   0.0  12.9    0.0   0.8  17.7   11:44   SSW
09  31.2  37.1   13:18  25.5   22:50   0.0  12.9   35.8   0.9  16.1   10:28   SSW
10  29.3  36.3   13:46  24.8   20:16   0.0  11.0   43.7   0.8  22.5   19:30   SSW
11  29.3  36.4   12:09  25.4   05:25   0.0  11.0    8.9   0.9  20.9   12:51   SSW
12  29.5  36.3   13:23  25.9   03:09   0.0  11.2    0.0   0.4  16.1   11:07   SSW
13  27.8  32.6   08:07  24.8   19:02   0.0   9.5   41.9   0.7  22.5   13:33   SSW
14  27.3  34.3   10:05  25.0   03:41   0.0   9.1   17.0   0.7  24.1   12:32   SSW
15  26.5  30.7   14:24  24.0   07:23   0.0   8.2   40.4   0.3  16.1   05:28    NE
16  29.6  35.1   13:54  24.6   04:13   0.0  11.3    0.0   1.2  19.3   13:45   SSW
17  30.0  36.3   14:18  25.6   05:12   0.0  11.7    0.0   1.1  17.7   10:36   SSW
18  30.2  36.1   12:44  25.7   05:13   0.0  12.0    0.0   0.8  12.9   14:38    NE
19  30.5  35.0   11:22  26.1   05:17   0.0  12.1    0.0   0.9  17.7   22:35   NNE
20  31.3  36.7   12:38  26.9   05:17   0.0  13.0    0.0   0.6  12.9   13:41    SW
21  30.9  36.4   12:35  27.6   23:48   0.0  12.6    0.0   0.4  14.5   11:26   SSW
22  29.8  36.0   12:46  24.6   18:02   0.0  11.5   58.4   0.4  11.3   11:31   SSW
23  29.2  35.8   12:09  25.2   22:59   0.0  10.9   11.4   0.7  16.1   18:24   ESE
24  29.0  35.2   13:33  24.5   05:12   0.0  10.7    4.1   0.6  14.5   11:12   SSW
25  28.5  33.1   10:43  25.1   02:02   0.0  10.2    6.9   0.2  11.3   21:17   NNE
26  28.6  34.9   13:50  25.1   23:28   0.0  10.3   17.3   0.6  14.5   20:00     S
27  27.8  34.4   12:35  24.3   23:22   0.0   9.5   40.4   1.0  17.7   09:09   SSW
28  27.8  35.6   12:23  24.1   01:05   0.0   9.5   15.2   0.9  17.7   13:39   SSW
29  26.9  31.8   12:18  24.7   02:45   0.0   8.7   11.2   0.5  17.7   17:32   SSW
30  28.6  33.7   11:34  24.3   04:01   0.0  10.3    0.3   1.2  17.7   10:00   SSW
-----------------------------------------------------------------------------------
    29.4  37.7     8    24.0    15     0.0 334.4  354.7   0.8  24.1    14       S

Max >=  30.0 30
Max <=  25.0  0
Min <=  25.0 12
Min <=  20.0  0
Max Rain: 58.4 on day 22
Days of Rain: 17 (>= 0.2 mm)  14 (>= 2.0 mm)  6  (>= 20.0 mm)
Heat Base: 18.3  Cool Base: 18.3  Method: Integration