NOAA-Style Climate Reports


Report for 2019 April
                   Monthly Climatological Summary for Apr 2019

Name: SFCweather   City: San Fernando City   Province: La Union

                  Temperature (°C), Rain (mm), Wind Speed (km/h)

                                      Heat  Cool        Avg
    Mean                              Deg   Deg         Wind                 Dom
Day Temp  High   Time   Low    Time   Days  Days  Rain  Speed High   Time    Dir
----------------------------------------------------------------------------------
01  28.8  33.7   12:02  25.0   05:54   0.0  10.5   1.3   1.1  14.5   15:51     N
02  28.2  32.8   13:01  23.7   05:57   0.0   9.9   0.0   0.8  12.9   13:27     N
03  29.1  34.1   11:36  25.4   06:13   0.0  10.8   0.0   1.0  12.9   15:16   NNW
04  29.1  35.3   14:05  25.8   05:03   0.0  10.8   0.0   1.1  20.9   13:31    SW
05  29.2  35.2   11:51  25.5   06:04   0.0  10.9   0.0   1.3  16.1   09:10     N
06  29.4  33.9   10:58  25.7   02:58   0.0  11.1   0.0   1.6  20.9   14:48     N
07  28.9  33.6   12:04  24.3   05:30   0.0  10.6   0.0   1.6  17.7   13:30     N
08  29.7  34.8   11:39  25.1   05:49   0.0  11.4   0.0   1.6  17.7   19:32   NNW
09  29.8  33.9   10:44  24.7   05:51   0.0  11.5   0.0   1.6  17.7   18:27     N
10  29.8  34.3   13:08  25.4   05:57   0.0  11.5   0.0   1.7  20.9   16:47     N
11  30.3  35.7   11:58  25.7   05:39   0.0  12.0   0.0   1.1  20.9   10:45    SW
12  28.1  31.7   12:02  24.9   04:45   0.0   9.8   3.3   0.3  11.3   11:28   SSW
13  30.0  36.1   13:06  26.1   05:28   0.0  11.7   0.0   1.0  16.1   10:34     W
14  29.8  34.7   14:11  26.4   04:47   0.0  11.5   0.0   0.9  16.1   11:24   SSW
15  29.1  34.5   12:16  26.8   06:10   0.0  10.8   0.0   1.2  19.3   12:02   SSW
16  29.8  36.4   13:45  25.2   04:15   0.0  11.5   0.0   1.0  19.3   10:50   SSW
17  29.6  34.6   12:31  25.5   04:48   0.0  11.3   0.0   0.9  14.5   11:45    NW
18  29.8  34.4   11:43  24.7   05:40   0.0  11.5   0.0   0.7  14.5   11:49   NNW
19  30.1  35.9   12:33  25.8   20:08   0.0  11.8  13.7   1.3  20.9   12:13    SW
20  30.0  35.6   13:23  25.4   05:19   0.0  11.7   0.0   1.0  14.5   10:06    SW
21  30.3  35.6   13:09  26.2   05:45   0.0  12.0   0.0   0.9  16.1   10:45    SW
22  30.7  35.5   11:59  25.4   05:59   0.0  12.4   0.0   1.7  19.3   10:41   NNE
23  30.9  36.4   13:34  26.7   05:58   0.0  12.6   0.0   1.4  22.5   10:52   SSW
24  30.7  36.9   13:04  25.8   06:04   0.0  12.4   0.0   1.5  17.7   11:00   WSW
25  30.3  34.6   12:37  26.1   05:31   0.0  12.0   0.0   1.2  14.5   12:31     N
26  30.6  35.8   12:21  26.6   05:58   0.0  12.3   0.0   1.1  12.9   10:07     N
27  30.6  36.7   13:24  26.2   03:59   0.0  12.3   0.8   0.9  17.7   09:52   SSW
28  30.0  35.5   12:16  25.3   05:21   0.0  11.7   0.0   0.9  16.1   09:12   WSW
29  30.5  34.4   10:32  26.0   05:05   0.0  12.2   0.0   1.0  16.1   16:44     N
30  30.7  36.7   12:43  25.9   05:58   0.0  12.4   0.0   0.9  16.1   14:03   SSW
----------------------------------------------------------------------------------
    29.8  36.9    24    23.7     2     0.0 344.9  19.1   1.1  22.5    23      NW

Max >=  30.0 30
Max <=  25.0  0
Min <=  25.0  6
Min <=  20.0  0
Max Rain: 13.7 on day 19
Days of Rain: 4 (>= 0.2 mm)  2 (>= 2.0 mm)  0 (>= 20.0 mm)
Heat Base: 18.3  Cool Base: 18.3  Method: Integration