NOAA-Style Climate Reports


Report for 2019 February
                   Monthly Climatological Summary for Feb 2019

Name: SFCweather   City: San Fernando City   Province: La Union

                  Temperature (°C), Rain (mm), Wind Speed (km/h)

                                      Heat  Cool        Avg
    Mean                              Deg   Deg         Wind                 Dom
Day Temp  High   Time   Low    Time   Days  Days  Rain  Speed High   Time    Dir
----------------------------------------------------------------------------------
01  25.8  31.4   13:11  20.4   06:35   0.0   7.5   0.0   0.7  16.1   12:49   NNW
02  25.4  30.5   12:32  20.6   06:41   0.0   7.1   0.0   0.9  16.1   15:56    NW
03  25.0  29.6   14:19  19.6   06:24   0.0   6.7   0.0   0.7  11.3   11:33     N
04  26.1  30.4   14:19  21.9   03:07   0.0   7.8   0.0   0.4  14.5   13:21     N
05  26.1  31.8   12:06  20.6   06:36   0.0   7.8   0.0   0.6  14.5   10:54    SW
06  26.5  32.0   14:34  20.8   06:42   0.0   8.2   0.0   0.9  14.5   11:08    SW
07  26.2  30.9   12:02  22.1   06:47   0.0   7.9   0.0   0.9  11.3   10:02     N
08  25.2  30.2   13:04  20.4   06:20   0.0   6.9   0.0   0.9  14.5   14:29     N
09  25.7  30.8   12:16  20.2   06:27   0.0   7.4   0.0   0.9  11.3   11:19     N
10  26.2  30.7   13:36  20.6   06:38   0.0   7.9   0.0   0.8  12.9   11:02     N
11  26.3  30.7   13:15  21.4   05:57   0.0   8.1   0.0   0.7  12.9   17:59   NNW
12  25.7  30.6   12:25  20.6   06:40   0.0   7.4   0.0   1.1  16.1   14:26     N
13  26.3  31.7   15:37  21.7   06:02   0.0   8.0   0.0   0.5  12.9   12:36   SSW
14  25.9  30.8   13:41  21.0   06:28   0.0   7.6   0.0   0.9  12.9   11:50   NNW
15  25.5  32.0   12:42  20.3   05:52   0.0   7.2   0.0   0.7  14.5   11:22   WSW
16  25.0  30.3   12:52  19.4   05:45   0.0   6.7   0.0   1.0  12.9   11:10     N
17  25.8  30.4   13:28  20.9   06:28   0.0   7.5   0.0   1.0  16.1   14:45     N
18  27.2  33.2   15:09  21.1   06:26   0.0   8.9   0.0   1.6  20.9   20:09   SSW
19  27.0  32.2   11:58  23.2   04:33   0.0   8.7   0.0   1.2  14.5   11:20   NNW
20  26.1  32.7   13:25  21.2   06:02   0.0   7.8   0.0   0.7  14.5   11:10    SW
21  25.4  32.8   13:21  19.0   06:37   0.0   7.1   0.0   0.6  12.9   11:26    SW
22  25.7  30.8   14:01  20.1   06:17   0.0   7.4   0.0   1.6  16.1   12:49   NNE
23  26.7  31.6   13:25  22.0   06:23   0.0   8.4   0.0   1.0  16.1   12:45    SW
24  26.2  32.2   13:16  20.8   05:34   0.0   7.9   0.0   1.2  12.9   10:15    NW
25  26.5  30.8   13:20  23.7   06:20   0.0   8.3   0.0   2.3  16.1   10:58   NNE
26  26.0  31.3   14:27  20.9   06:26   0.0   7.7   0.0   0.9  12.9   11:46     W
27  25.9  31.3   13:46  20.4   06:17   0.0   7.6   0.0   0.9  14.5   20:03   NNW
28  26.1  30.9   11:48  20.3   06:00   0.0   7.8   0.0   1.0  12.9   17:15     N
----------------------------------------------------------------------------------
    26.0  33.2    18    19.0    21     0.0 215.3   0.0   0.9  20.9    18     NNW

Max >=  30.0 27
Max <=  25.0  0
Min <=  25.0 28
Min <=  20.0  3
Max Rain: 0.0 on day 0
Days of Rain: 0 (>= 0.2 mm)  0 (>= 2.0 mm)  0 (>= 20.0 mm)
Heat Base: 18.3  Cool Base: 18.3  Method: Integration