NOAA-Style Climate Reports


Report for 2018 December
                   Monthly Climatological Summary for Dec 2018

Name: SFCweather   City: San Fernando City   Province: La Union

                  Temperature (°C), Rain (mm), Wind Speed (km/h)

                                      Heat  Cool        Avg
    Mean                              Deg   Deg         Wind                 Dom
Day Temp  High   Time   Low    Time   Days  Days  Rain  Speed High   Time    Dir
----------------------------------------------------------------------------------
01  26.9  31.3   11:48  23.1   06:22   0.0   8.6   0.0   0.3  11.3   11:54     W
02  26.6  31.2   14:02  22.4   05:51   0.0   8.3   0.0   0.3   9.7   10:55   NNW
03  26.9  31.4   10:45  22.5   05:48   0.0   8.6   0.0   0.6  11.3   17:57   NNE
04  26.5  32.4   11:08  22.0   05:59   0.0   8.2   0.0   0.4  12.9   11:30   SSW
05  27.3  32.0   12:19  22.7   05:58   0.0   9.0   0.0   0.8  12.9   16:25     N
06  27.8  32.1   13:07  23.8   05:55   0.0   9.5   0.0   0.5   9.7   17:55     N
07  27.1  31.7   13:31  22.6   06:02   0.0   8.8   0.0   0.4   9.7   11:31   NNW
08  27.1  31.7   12:42  23.4   06:11   0.0   8.8   0.0   0.4  11.3   14:07     N
09  26.7  31.1   11:49  22.8   06:25   0.0   8.4   0.0   0.4   9.7   10:55     N
10  27.1  31.8   11:47  23.1   06:23   0.0   8.8   0.0   0.5   9.7   11:13     N
11  27.3  31.6   11:57  23.1   06:29   0.0   9.0   0.0   0.6  11.3   12:38     N
12  26.8  32.0   11:45  22.9   05:32   0.0   8.5   0.0   0.4  12.9   11:00    SW
13  26.9  32.3   11:16  23.1   04:22   0.0   8.6   0.0   0.4  12.9   10:55   SSW
14  26.9  31.9   13:20  24.1   04:31   0.0   8.6   0.0   0.3   9.7   12:26   WSW
15  26.8  31.4   11:42  22.8   06:24   0.0   8.5   0.0   0.2   8.0   10:07   WNW
16  26.7  31.4   12:29  22.3   05:48   0.0   8.4   0.0   0.4  12.9   13:47   NNW
17  26.7  31.0   13:35  23.0   04:17   0.0   8.4   0.0   0.3   9.7   12:16   NNW
18  26.8  31.2   13:07  23.2   06:20   0.0   8.5   0.0   0.6  14.5   10:39    NW
19  26.4  30.6   14:51  22.2   06:19   0.0   8.1   0.0   0.3  11.3   11:43   NNW
20  26.5  30.7   13:00  22.0   06:18   0.0   8.2   0.0   0.3   8.0   11:22   NNW
21  26.0  31.3   12:34  22.0   06:33   0.0   7.7   0.5   0.4  11.3   12:54     N
22  27.1  31.6   12:58  22.4   06:05   0.0   8.8   0.0   0.8  12.9   14:52   NNE
23  26.5  30.3   12:22  24.3   04:57   0.0   8.2   0.0   0.0   6.4   13:52   SSW
24  26.6  31.1   11:51  24.4   00:17   0.0   8.3   0.0   0.1   8.0   02:15     N
25  27.6  32.3   12:43  23.4   06:35   0.0   9.3   0.0   0.3  11.3   12:50     W
26  27.3  32.0   14:10  23.5   06:25   0.0   9.0   6.4   0.8  16.1   20:53     N
27  27.6  31.3   12:45  23.8   06:44   0.0   9.3   0.0   0.7  12.9   13:29     N
28  26.0  27.3   15:06  24.3   23:29   0.0   7.7   2.0   0.0   6.4   10:49   NNE
29  24.7  26.3   11:48  23.6   23:51   0.0   6.4   2.8   0.0   3.2   00:53     N
30  24.8  28.8   11:31  22.9   06:56   0.0   6.5   2.8   0.0   4.8   12:11     N
31  25.7  30.2   12:10  22.6   03:00   0.0   7.4   0.0   0.0   1.6   01:35     N
----------------------------------------------------------------------------------
    26.7  32.4     4    22.0     4     0.0 260.4  14.5   0.4  16.1    26     NNW

Max >=  30.0 28
Max <=  25.0  0
Min <=  25.0 31
Min <=  20.0  0
Max Rain: 6.4 on day 26
Days of Rain: 5 (>= 0.2 mm)  4 (>= 2.0 mm)  0 (>= 20.0 mm)
Heat Base: 18.3  Cool Base: 18.3  Method: Integration