NOAA-Style Climate Reports


Report for 2018 November
                   Monthly Climatological Summary for Nov 2018

Name: SFCweather   City: San Fernando City   Province: La Union

                  Temperature (°C), Rain (mm), Wind Speed (km/h)

                                      Heat  Cool        Avg
    Mean                              Deg   Deg         Wind                 Dom
Day Temp  High   Time   Low    Time   Days  Days  Rain  Speed High   Time    Dir
----------------------------------------------------------------------------------
01  28.9  34.1   13:38  25.7   05:58   0.0  10.6   0.0   2.6  27.4   10:01   SSW
02  27.9  31.9   11:52  24.6   05:50   0.0   9.6   0.0   1.4  14.5   19:47   NNE
03  27.6  31.4   11:41  24.3   06:10   0.0   9.3   0.0   0.7  12.9   12:03     N
04  27.7  32.1   12:22  24.5   04:04   0.0   9.4   0.0   0.6  11.3   11:42   NNW
05  27.4  31.9   11:42  24.1   04:35   0.0   9.1   0.0   0.4  11.3   11:57   WNW
06  27.7  34.2   12:40  22.8   06:13   0.0   9.4   0.0   0.8  14.5   10:00    SW
07  27.1  34.0   13:49  22.1   05:55   0.0   8.8   0.0   0.5  14.5   10:15    SW
08  27.0  32.2   11:37  22.4   05:38   0.0   8.7   0.0   0.6  12.9   12:12    SW
09  26.3  31.1   12:55  21.9   06:09   0.0   8.0   0.0   0.5  11.3   17:26     N
10  26.6  31.9   13:41  21.5   05:23   0.0   8.4   0.0   0.4  11.3   11:50     W
11  26.4  31.3   11:19  21.6   06:19   0.0   8.1   0.0   0.4   9.7   09:03   NNW
12  26.9  31.5   11:18  22.7   05:20   0.0   8.6   0.0   0.5  11.3   10:54     N
13  27.0  31.8   13:00  22.3   05:42   0.0   8.7   0.0   0.5  11.3   11:26     N
14  27.5  31.9   11:47  23.3   06:03   0.0   9.2   0.0   0.6  11.3   12:10     N
15  27.6  32.4   13:47  23.3   05:38   0.0   9.3   0.0   0.3  11.3   11:45    NW
16  27.8  32.9   13:38  23.2   05:26   0.0   9.5   0.0   0.6  11.3   10:23   SSW
17  27.3  31.7   12:54  22.8   05:52   0.0   9.0   0.0   0.5  11.3   10:53   WSW
18  27.5  31.6   13:24  22.8   06:10   0.0   9.2   0.0   0.7  12.9   14:09   NNE
19  26.6  30.6   10:41  22.7   06:17   0.0   8.3   0.0   0.5  12.9   15:24     N
20  26.6  31.5   12:52  23.3   06:24   0.0   8.3   0.0   0.5  12.9   12:37   NNE
21  25.8  29.4   11:56  22.5   06:19   0.0   7.5   0.0   0.1   9.7   00:24   SSW
22  26.8  31.6   12:10  22.7   05:36   0.0   8.5   0.0   0.1   6.4   10:40     N
23  27.5  31.7   10:47  24.3   02:13   0.0   9.2   0.0   0.3   9.7   10:50     W
24  27.2  31.8   13:28  23.1   06:00   0.0   8.9   0.0   0.5  16.1   13:34     N
25  27.4  31.8   11:43  23.7   06:31   0.0   9.1   5.3   0.2  11.3   11:23   WNW
26  27.6  32.1   13:02  24.1   05:42   0.0   9.3   0.5   1.0  14.5   20:43   NNE
27  27.3  31.2   11:41  23.1   05:43   0.0   9.0   0.0   0.6  11.3   19:22     N
28  27.4  32.1   11:42  22.6   05:53   0.0   9.1   0.0   0.7  11.3   16:13   NNE
29  27.7  32.9   13:14  23.4   04:11   0.0   9.4   0.0   0.6  11.3   18:54    NW
30  27.1  31.8   11:35  23.1   05:57   0.0   8.8   0.0   0.3  11.3   12:30     W
----------------------------------------------------------------------------------
    27.2  34.2     6    21.5    10     0.0 268.3   5.8   0.6  27.4     1     NNW

Max >=  30.0 29
Max <=  25.0  0
Min <=  25.0 29
Min <=  20.0  0
Max Rain: 5.3 on day 25
Days of Rain: 2 (>= 0.2 mm)  1 (>= 2.0 mm)  0 (>= 20.0 mm)
Heat Base: 18.3  Cool Base: 18.3  Method: Integration