NOAA-Style Climate Reports


Report for 2018 October
                   Monthly Climatological Summary for Oct 2018

Name: SFCweather   City: San Fernando City   Province: La Union

                  Temperature (°C), Rain (mm), Wind Speed (km/h)

                                      Heat  Cool        Avg
    Mean                              Deg   Deg         Wind                 Dom
Day Temp  High   Time   Low    Time   Days  Days  Rain  Speed High   Time    Dir
----------------------------------------------------------------------------------
01  27.9  32.7   11:34  23.4   05:59   0.0   9.6   0.0   0.4   9.7   12:02   NNW
02  28.7  33.5   12:27  25.1   05:23   0.0  10.4   0.0   0.6  12.9   10:44   WSW
03  27.6  32.4   12:29  23.5   23:42   0.0   9.3   0.0   1.1  16.1   14:27     N
04  27.0  31.7   11:55  22.3   04:58   0.0   8.7   0.0   1.3  17.7   14:09   NNE
05  27.0  31.6   11:00  22.7   05:54   0.0   8.7   0.0   0.7  11.3   12:01     N
06  26.9  31.9   11:11  22.0   05:14   0.0   8.6   0.0   0.5  11.3   14:05     N
07  27.9  32.4   12:34  22.7   05:51   0.0   9.6   0.0   0.7   9.7   10:59     N
08  28.2  33.6   10:58  23.7   05:43   0.0   9.9   0.0   0.4  12.9   11:15   WNW
09  28.2  33.1   10:50  23.8   05:14   0.0   9.9   0.0   0.6  12.9   11:27   WSW
10  28.3  33.8   12:56  23.9   05:03   0.0  10.0   0.0   0.5  11.3   11:32   WNW
11  28.2  32.8   11:31  24.1   05:56   0.0   9.9   0.0   0.7  11.3   11:59     N
12  28.8  32.6   09:47  24.7   05:49   0.0  10.5   0.0   0.6  11.3   10:33     N
13  28.6  32.6   11:40  24.7   05:49   0.0  10.3   0.0   0.4  11.3   13:04     N
14  28.5  33.0   12:27  24.8   06:06   0.0  10.2   0.0   0.6  11.3   10:55     N
15  28.1  33.6   11:24  23.6   05:18   0.0   9.8   0.0   0.6  12.9   14:18    NW
16  28.7  34.2   12:51  23.8   05:40   0.0  10.4   0.0   0.6  14.5   10:15    SW
17  28.9  33.4   11:54  24.8   06:09   0.0  10.6   0.0   1.2  14.5   17:49   NNE
18  28.8  33.4   13:13  24.9   05:21   0.0  10.5   0.0   0.7  12.9   12:08    SW
19  28.3  33.8   09:34  25.1   23:59   0.0  10.0   1.8   0.6  16.1   17:17   NNE
20  28.3  33.2   09:28  24.2   05:47   0.0  10.0   0.0   0.3  11.3   09:57   WNW
21  28.7  33.8   14:57  24.8   06:13   0.0  10.4   0.0   0.3   9.7   09:39   NNW
22  28.5  34.2   11:23  24.5   06:04   0.0  10.2   0.0   0.8  12.9   18:05     N
23  28.1  32.8   10:49  23.5   05:35   0.0   9.8   0.0   1.0  12.9   15:01   NNE
24  28.0  32.3   11:51  23.3   06:01   0.0   9.7   0.0   0.3   9.7   09:58     N
25  28.1  33.3   12:33  23.2   05:33   0.0   9.8   0.0   0.4  12.9   10:45   SSW
26  28.5  33.7   11:51  24.1   05:57   0.0  10.2   0.0   0.4  11.3   10:52    SW
27  28.1  33.2   10:11  23.9   04:16   0.0   9.8   0.0   0.5  11.3   13:30     N
28  27.0  30.8   10:53  23.4   05:42   0.0   8.7   0.0   4.4  33.8   14:16   NNE
29  25.6  29.8   12:13  21.8   05:48   0.0   7.3   0.0   6.9  37.0   17:17   NNE
30  26.2  28.6   21:42  24.7   16:43   0.0   7.9  17.5  10.0  53.1   07:04     N
----------------------------------------------------------------------------------
    28.0  34.2    16    21.8    29     0.0 290.7  19.3   1.3  53.1    30       N

Max >=  30.0 28
Max <=  25.0  0
Min <=  25.0 28
Min <=  20.0  0
Max Rain: 17.5 on day 30
Days of Rain: 2 (>= 0.2 mm)  1 (>= 2.0 mm)  0 (>= 20.0 mm)
Heat Base: 18.3  Cool Base: 18.3  Method: Integration