NOAA-Style Climate Reports


Report for 2018 August
                   Monthly Climatological Summary for Aug 2018

Name: SFCweather   City: San Fernando City   Province: La Union

                  Temperature (°C), Rain (mm), Wind Speed (km/h)

                                      Heat  Cool        Avg
    Mean                              Deg   Deg         Wind                 Dom
Day Temp  High   Time   Low    Time   Days  Days  Rain  Speed High   Time    Dir
----------------------------------------------------------------------------------
01  29.2  34.4   12:23  25.6   05:41   0.0  10.9   0.0   0.4  11.3   13:48    NW
02  29.3  34.5   14:23  24.8   23:58   0.0  11.0  53.1   0.4  14.5   20:55     S
03  27.3  33.1   12:40  23.7   03:22   0.0   9.0  56.4   0.5  12.9   11:13     S
04  27.5  33.3   12:41  24.6   05:30   0.0   9.2   4.3   0.2  11.3   12:59   SSW
05  28.0  33.9   12:25  24.7   17:55   0.0   9.7 102.1   0.4  12.9   18:27     S
06  26.8  34.4   13:14  24.1   05:11   0.0   8.5  19.1   0.2   6.4   09:48   NNE
07  27.1  34.3   12:34  23.9   05:26   0.0   8.7   3.0   0.4  27.4   14:00   SSW
08  27.2  32.6   11:20  24.8   03:22   0.0   8.9   3.3   0.8  16.1   12:50   SSW
09  27.2  32.1   12:37  24.8   23:50   0.0   8.9  19.8   1.2  22.5   22:34   SSW
10  26.2  30.0   11:09  24.9   00:00   0.0   7.9  31.2   1.2  19.3   13:33     S
11  25.3  26.3   14:07  24.4   19:02   0.0   7.0 250.7   0.8  19.3   17:46     S
12  26.0  27.4   16:10  25.1   03:23   0.0   7.7  64.0   1.0  27.4   13:36     S
13  26.1  29.5   12:25  25.1   21:32   0.0   7.8  64.3   1.8  20.9   12:32   SSW
14  25.7  28.9   15:19  24.7   03:21   0.0   7.4  99.6   2.0  22.5   11:55     S
15  27.4  30.9   15:21  25.4   00:00   0.0   9.1   4.1   1.4  14.5   12:41   SSW
16  26.6  30.9   10:08  24.5   22:19   0.0   8.3  33.3   0.9  12.9   21:53     S
17  27.3  33.4   11:26  24.6   00:00   0.0   9.0  15.5   0.1  11.3   21:39   SSW
18  26.8  31.8   12:57  24.8   15:02   0.0   8.5  25.9   0.6  17.7   14:14   SSW
19  26.7  32.9   13:50  24.4   07:36   0.0   8.4  62.0   0.8  22.5   16:26   SSW
20  25.6  29.3   14:35  23.7   04:34   0.0   7.3  12.7   0.2  11.3   09:27     S
21  26.6  31.4   12:07  24.9   06:00   0.0   8.3  60.5   0.7  24.1   16:31   SSW
22  27.5  31.2   14:50  25.7   05:42   0.0   9.2  24.4   1.5  16.1   14:05   SSW
23  27.2  30.6   14:37  25.6   20:02   0.0   8.9  43.9   1.4  17.7   14:48   SSW
24  25.9  28.7   11:01  24.2   23:32   0.0   7.6 110.5   1.3  14.5   02:44   SSW
25  25.1  28.1   12:16  23.0   03:44   0.0   6.8  67.8   1.5  25.7   01:32     S
26  24.9  26.3   13:06  23.2   06:21   0.0   6.6 138.7   1.3  14.5   04:08     S
27  27.2  32.4   13:32  24.8   04:47   0.0   8.9   1.8   1.2  17.7   15:19   SSW
28  27.7  33.5   13:08  24.5   05:20   0.0   9.4   0.0   1.1  16.1   10:14   SSW
29  28.2  34.7   11:49  23.6   05:31   0.0   9.9   0.0   0.7  14.5   13:36   SSW
30  27.8  34.3   13:54  23.7   04:49   0.0   9.5   0.0   0.4   9.7   09:17   SSW
31  28.4  33.2   12:04  24.7   05:21   0.0  10.1   0.0   0.6  11.3   16:24     N
----------------------------------------------------------------------------------
    27.0  34.7    29    23.0    25     0.0 268.41372.0   0.9  27.4     7     SSW

Max >=  30.0 23
Max <=  25.0  0
Min <=  25.0 25
Min <=  20.0  0
Max Rain: 250.7 on day 11
Days of Rain: 26 (>= 0.2 mm)  25 (>= 2.0 mm)  17 (>= 20.0 mm)
Heat Base: 18.3  Cool Base: 18.3  Method: Integration