NOAA-Style Climate Reports


Report for 2018 July
                   Monthly Climatological Summary for Jul 2018

Name: SFCweather   City: San Fernando City   Province: La Union

                  Temperature (°C), Rain (mm), Wind Speed (km/h)

                                      Heat  Cool        Avg
    Mean                              Deg   Deg         Wind                 Dom
Day Temp  High   Time   Low    Time   Days  Days  Rain  Speed High   Time    Dir
----------------------------------------------------------------------------------
01  28.5  34.6   12:30  24.9   02:10   0.0  10.2   0.8   0.3  11.3   11:59   SSW
02  29.1  35.8   11:27  25.0   04:28   0.0  10.7   0.0   0.4  14.5   12:39   SSW
03  29.0  34.9   11:55  25.2   05:22   0.0  10.7   1.0   0.6  16.1   10:55   SSW
04  29.0  35.2   11:27  24.9   04:15   0.0  10.7   0.0   0.6  17.7   14:49   SSW
05  28.9  35.6   13:13  24.6   05:00   0.0  10.6   1.0   0.7  16.1   10:28   SSW
06  28.6  34.2   13:15  24.5   04:11   0.0  10.3   0.0   1.1  19.3   15:10   SSW
07  28.0  35.0   10:50  24.9   20:53   0.0   9.7  23.4   0.8  16.1   16:09   SSW
08  27.5  34.4   10:53  24.3   05:41   0.0   8.9   1.3   0.5  20.9   14:00   SSW
09  27.2  33.9   10:22  23.8   05:25   0.0   8.8  62.5   0.7  14.5   15:33    NE
10  28.9  34.5   14:56  24.4   00:02   0.0  10.6   2.0   1.0  14.5   10:21   SSW
11  28.3  34.1   13:18  25.0   03:17   0.0  10.0  11.4   1.1  16.1   02:58   SSW
12  27.1  32.8   13:08  24.8   23:11   0.0   8.9   2.5   1.5  25.7   11:03     S
13  27.6  34.9   11:04  23.9   04:29   0.0   9.3   5.8   1.2  19.3   13:12     S
14  27.9  34.3   14:06  24.6   03:08   0.0   9.6   0.8   0.5  19.3   12:35   NNE
15  28.7  34.2   11:39  24.6   05:25   0.0  10.4   6.1   0.9  16.1   13:35   SSW
16  28.5  34.2   12:27  24.7   04:57   0.0  10.2  11.4   0.4   9.7   09:24     S
17  27.4  32.5   12:33  24.4   06:21   0.0   9.1  72.4   1.9  24.1   10:57     S
18  25.5  26.8   10:01  24.2   22:38   0.0   7.2  53.1   0.2   8.0   07:21     S
19  25.8  28.7   10:47  24.1   00:44   0.0   7.5  61.7   0.1  14.5   05:49     S
20  25.7  32.7   12:15  23.1   04:54   0.0   7.4  41.1   0.3  11.3   15:47     S
21  25.0  26.1   18:22  23.6   04:49   0.0   6.7 161.8   2.4  22.5   09:00     S
22  25.7  30.2   09:27  24.1   23:43   0.0   7.4  90.9   0.2  12.9   10:34     S
23  26.6  30.2   10:15  24.0   03:21   0.0   8.3   5.8   0.2   9.7   10:22   SSW
24  27.3  34.6   13:41  23.6   23:40   0.0   9.0  13.2   0.7  25.7   17:05     S
25  26.5  33.5   13:09  22.9   05:04   0.0   8.2  33.8   0.4  11.3   12:39   SSW
26  27.0  33.6   14:54  23.2   05:30   0.0   8.7  36.6   0.3  11.3   14:19   SSW
27  27.9  33.4   12:45  23.6   05:22   0.0   9.7   2.8   0.4  11.3   11:15   SSW
28  28.4  34.4   13:05  24.7   05:38   0.0   7.8  27.9   0.3   9.7   14:29   SSE
29  28.6  33.9   12:00  24.1   05:19   0.0  10.2  13.2   0.3   9.7   10:18   SSW
30  29.3  34.8   12:30  24.4   04:31   0.0  11.0   0.0   0.5  12.9   15:39   SSW
31  29.6  34.2   11:00  25.2   05:17   0.0  11.3   0.0   0.4  11.3   13:56   SSW
----------------------------------------------------------------------------------
    27.7  35.8     2    22.9    25     0.0 289.1 744.3   0.7  25.7    12       S

Max >=  30.0 28
Max <=  25.0  0
Min <=  25.0 29
Min <=  20.0  0
Max Rain: 161.8 on day 21
Days of Rain: 26 (>= 0.2 mm)  21 (>= 2.0 mm)  11 (>= 20.0 mm)
Heat Base: 18.3  Cool Base: 18.3  Method: Integration