NOAA-Style Climate Reports


Report for 2018 June
                   Monthly Climatological Summary for Jun 2018

Name: SFCweather   City: San Fernando City   Province: La Union

                  Temperature (°C), Rain (mm), Wind Speed (km/h)

                                      Heat  Cool        Avg
    Mean                              Deg   Deg         Wind                 Dom
Day Temp  High   Time   Low    Time   Days  Days  Rain  Speed High   Time    Dir
----------------------------------------------------------------------------------
01  30.4  35.1   13:21  25.0   04:39   0.0  12.1   0.6   1.3  16.1   12:42     N
02  29.4  37.7   13:35  24.6   21:06   0.0  11.1  18.2   0.9  16.1   11:03   SSW
03  29.7  36.4   12:12  25.0   00:00   0.0  11.4   0.3   0.7  17.7   13:48   SSW
04  30.9  36.8   13:21  25.2   05:02   0.0  12.6   0.8   0.7  12.9   11:30    SW
05  29.9  35.9   12:16  24.2   23:51   0.0  11.6   6.8   0.8  12.9   12:34   SSW
06  29.4  35.7   11:27  23.8   04:42   0.0  11.1   0.5   0.4  11.3   10:42     S
07  28.9  35.0   10:50  24.8   23:36   0.0  10.6  13.2   0.6  16.1   20:24     S
08  29.0  35.1   12:18  24.2   04:53   0.0  10.7  10.4   0.5  12.9   12:19   SSW
09  26.7  32.1   12:02  25.1   05:05   0.0   8.4  29.8   1.0  17.7   01:19   SSW
10  25.9  29.6   13:45  24.9   07:57   0.0   7.6  92.4   1.3  16.1   16:16   SSW
11  26.1  29.9   14:45  25.1   00:00   0.0   7.8  26.2   1.3  20.9   15:20     S
12  26.8  31.4   10:48  25.3   01:39   0.0   8.6   5.8   1.6  19.3   13:29     S
13  25.5  28.1   12:57  23.9   05:21   0.0   7.2  52.3   2.0  14.5   03:40     S
14  26.4  29.8   12:44  24.2   18:01   0.0   8.1 148.6   2.6  16.1   10:28     S
15  25.7  30.6   14:42  23.9   05:03   0.0   7.4 100.1   2.8  22.5   07:36     S
16  27.5  32.9   14:23  24.3   01:22   0.0   9.2  10.7   2.3  20.9   11:36     S
17  27.3  33.6   13:25  24.2   06:15   0.0   9.0  23.1   1.5  20.9   21:38     S
18  28.9  34.6   11:10  25.1   00:27   0.0  10.6   0.5   1.6  17.7   06:47     S
19  29.1  34.4   13:57  24.9   04:43   0.0  10.8   0.0   0.6  14.5   12:25   SSW
20  28.5  34.6   10:14  25.4   22:09   0.0  10.2   1.0   0.4  19.3   12:42   SSW
21  26.9  33.6   10:49  24.4   23:56   0.0   8.6  17.3   0.3  20.9   15:05     N
22  28.0  34.2   12:21  23.5   05:43   0.0   9.7  58.7   0.5  11.3   17:40   SSW
23  27.8  34.5   13:02  24.1   23:53   0.0   9.6  38.1   0.9  19.3   12:16   SSW
24  27.7  33.6   11:28  23.8   04:01   0.0   9.4  16.2   0.6  14.5   12:05    SW
25  27.0  33.6   09:21  22.9   15:55   0.0   8.7  40.4   0.6  29.0   15:34   NNE
26  26.7  35.3   13:17  23.4   05:08   0.0   8.4  10.2   0.2   9.7   11:16     S
27  27.2  33.3   14:37  22.8   05:32   0.0   8.9  46.4   0.5  11.3   10:25   SSW
28  28.7  34.6   13:43  23.3   05:45   0.0  10.4   0.3   0.7  16.1   11:09   SSW
29  28.5  34.4   12:03  24.2   23:20   0.0  10.1  36.3   0.6  16.1   11:11   SSW
30  27.1  33.3   14:59  23.9   01:39   0.0   8.8   7.9   0.0   9.7   16:36   SSW
----------------------------------------------------------------------------------
    27.9  37.7     2    22.8    27     0.0 288.7 813.1   1.0  29.0    25     SSW

Max >=  30.0 26
Max <=  25.0  0
Min <=  25.0 24
Min <=  20.0  0
Max Rain: 148.6 on day 14
Days of Rain: 29 (>= 0.2 mm)  22 (>= 2.0 mm)  12 (>= 20.0 mm)
Heat Base: 18.3  Cool Base: 18.3  Method: Integration