NOAA-Style Climate Reports


Report for 2018 May
                   Monthly Climatological Summary for May 2018

Name: SFCweather   City: San Fernando City   Province: La Union

                  Temperature (°C), Rain (mm), Wind Speed (km/h)

                                      Heat  Cool        Avg
    Mean                              Deg   Deg         Wind                 Dom
Day Temp  High   Time   Low    Time   Days  Days  Rain  Speed High   Time    Dir
----------------------------------------------------------------------------------
 1  30.3  35.8   11:21  24.7   05:43   0.0  12.0   0.0   1.1  16.1   12:16     W
 2  30.6  34.7   11:49  25.8   05:56   0.0  12.3   0.0   1.2  14.5   11:29     N
 3  30.4  36.3   11:37  26.4   04:30   0.0  12.1   0.0   1.0  17.7   16:57     N
 4  30.6  35.9   12:57  26.0   03:25   0.0  12.4   0.0   1.1  16.1   17:44     N
 5  31.2  36.9   12:21  26.4   05:44   0.0  12.9   0.0   1.0  17.7   10:41    SW
 6  31.2  36.7   12:31  27.0   05:43   0.0  12.9   0.0   0.9  19.3   10:36   SSW
 7  31.3  36.5   12:06  27.5   03:58   0.0  13.0   0.0   1.0  14.5   09:55    SW
 8  30.3  36.0   11:50  26.7   07:21   0.0  12.0   1.7   0.9  14.5   11:53     W
 9  30.3  35.7   10:42  26.0   05:25   0.0  12.0   0.0   1.4  25.7   18:33     N
10  30.4  36.2   11:51  24.9   05:37   0.0  12.0   0.0   0.8  14.5   10:50   WSW
11  30.3  35.3   13:59  25.8   05:17   0.0  12.0   0.0   0.7  12.9   12:28   NNW
12  29.7  35.3   11:12  25.2   05:26   0.0  11.4   0.5   0.7  14.5   17:34     N
13  29.7  37.1   12:12  24.9   04:48   0.0  11.4   0.3   0.8  19.3   16:28   SSW
14  30.3  36.4   11:22  24.7   05:19   0.0  12.0   0.0   1.6  17.7   17:27     N
15  29.6  38.1   12:48  25.7   23:51   0.0  11.3   0.8   0.6  14.5   12:15   SSW
16  30.1  36.3   11:21  25.4   05:52   0.0  11.6   0.2   0.8  12.9   12:00   WSW
17  29.5  35.7   10:16  25.2   23:43   0.0  11.2   0.8   1.0  12.9   10:17     N
18  30.6  37.7   12:46  25.0   05:36   0.0  12.3   0.0   0.9  14.5   16:01   WSW
19  30.7  36.6   14:38  26.7   05:19   0.0  12.4   0.7   0.7  12.9   11:47    SW
20  29.7  37.3   12:57  25.6   19:09   0.0  11.4  15.8   1.2  19.3   16:46    SW
21  29.9  34.5   13:14  25.8   04:09   0.0  11.6   0.0   1.1  12.9   09:52     W
22  30.7  36.6   12:22  25.6   03:20   0.0  12.4   0.0   1.0  12.9   11:43   WNW
23  30.2  34.9   11:48  25.4   05:42   0.0  11.9   0.0   1.1  20.9   16:48   NNE
24  30.5  35.1   12:09  25.3   04:03   0.0  12.2   0.0   0.9  17.7   14:13     N
25  31.0  37.5   12:19  25.1   05:06   0.0  12.7   0.0   0.7  12.9   11:38   SSW
26  30.7  35.4   14:25  25.1   05:33   0.0  12.4   0.0   1.4  14.5   15:09     N
27  31.1  35.6   11:21  26.3   05:20   0.0  12.8   0.0   1.5  14.5   16:27     N
28  31.2  35.7   10:37  27.5   05:25   0.0  12.9   0.0   1.6  16.1   10:43   NNE
29  31.2  35.9   12:34  26.8   03:56   0.0  12.9   0.0   0.7  17.7   12:51   NNW
30  30.9  36.5   12:39  26.1   05:12   0.0  12.6   0.2   0.9  14.5   16:54   NNW
31  30.6  37.0   11:38  26.8   05:33   0.0  12.3   0.5   1.0  14.5   11:16   SSE
----------------------------------------------------------------------------------
    30.5  38.1    15    24.7     1     0.0 377.3  21.5   1.0  25.7     9      NW

Max >=  30.0: 31
Max <=  25.0:  0
Min <=  25.0:  5
Min <=  20.0:  0
Max Rain: 15.8 on day 20
Days of Rain: 10 (>= 0.2 mm)  1 (>= 2.0 mm)  0 (>= 20.0 mm)
Heat Base: 18.3  Cool Base: 18.3  Method: Integration