NOAA-Style Climate Reports


Report for 2018 March
                   Monthly Climatological Summary for Mar 2018

Name: SFCweather   City: San Fernando City   Province: La Union

                  Temperature (°C), Rain (mm), Wind Speed (km/h)

                                      Heat  Cool        Avg
    Mean                              Deg   Deg         Wind                 Dom
Day Temp  High   Time   Low    Time   Days  Days  Rain  Speed High   Time    Dir
----------------------------------------------------------------------------------
 1  27.7  32.3   13:04  23.1   05:50   0.0   9.4   0.0   1.4  16.1   16:37     N
 2  28.4  32.9   13:56  24.4   06:05   0.0  10.1   0.0   1.1  14.5   17:23     N
 3  28.8  32.9   12:42  25.0   06:30   0.0  10.5   0.0   1.3  17.7   16:44     N
 4  29.1  34.6   14:07  24.2   06:29   0.0  10.8   0.0   1.1  14.5   11:44   NNW
 5  28.4  34.8   13:17  22.8   06:31   0.0  10.1   0.0   1.1  12.9   11:58     N
 6  28.4  32.6   10:13  23.8   05:09   0.0  10.1   0.0   0.7  12.9   10:20   NNW
 7  28.2  32.9   12:49  23.8   05:56   0.0   9.9   0.0   1.2  19.3   10:48     N
 8  27.7  32.6   11:50  23.8   05:42   0.0   9.4   0.0   1.3  17.7   17:49     N
 9  27.1  31.8   11:54  22.8   06:20   0.0   8.8   0.0   1.4  17.7   16:56     N
10  27.2  31.8   13:34  23.3   06:09   0.0   8.9   0.0   0.9  12.9   14:59     N
11  26.1  31.2   13:03  21.0   06:21   0.0   7.8   0.0   1.1  16.1   18:25     N
12  25.7  31.1   13:31  20.5   05:21   0.0   7.4   0.0   1.0  14.5   17:57     N
13  26.2  30.9   13:54  20.7   05:48   0.0   7.9   0.0   1.2  14.5   15:39     N
14  27.1  32.2   13:24  21.2   06:10   0.0   8.8   0.0   0.9  12.9   16:51     N
15  27.6  33.7   11:59  22.6   06:18   0.0   9.3   0.0   1.5  17.7   17:02     N
16  27.7  33.1   14:15  23.7   06:37   0.0   9.4   0.0   2.8  24.1   11:58   NNE
17  27.7  34.0   13:43  22.6   05:56   0.0   9.4   0.0   1.1  19.3   17:28     N
18  27.8  32.0   12:43  22.9   06:01   0.0   9.5   0.0   1.4  17.7   18:36     N
19  28.1  32.8   12:35  23.8   06:10   0.0   9.7   0.0   1.0  12.9   15:52   NNW
20  27.7  32.1   11:42  24.2   01:39   0.0   9.4   0.0   3.0  24.1   20:01     N
21  27.0  31.6   11:02  22.9   02:35   0.0   8.7   0.0   4.7  25.7   13:40   NNE
22  27.2  32.4   11:18  22.2   05:33   0.0   8.9   0.0   1.1  17.7   16:22   NNW
23  26.9  31.9   12:51  21.7   06:19   0.0   8.6   0.0   1.1  16.1   17:07     N
24  27.1  33.2   13:21  21.3   05:49   0.0   8.6   0.0   0.8  12.9   11:58   WNW
25  26.8  31.9   11:52  21.9   05:55   0.0   8.5   0.0   1.1  14.5   18:21     N
26  26.1  31.3   13:57  20.2   05:33   0.0   7.8   0.0   1.6  16.1   12:49     N
27  27.0  33.2   12:33  22.1   04:29   0.0   8.7   0.0   0.8  12.9   10:04    SW
28  27.1  33.1   11:32  22.1   03:11   0.0   8.8   0.0   0.8  12.9   11:00   WNW
29  27.1  32.4   12:46  22.0   06:06   0.0   8.9   0.0   0.8  14.5   15:06   NNW
30  27.4  32.1   13:20  21.9   05:10   0.0   9.1   0.0   1.0  17.7   15:19     N
31  27.6  32.2   12:24  23.6   05:17   0.0   9.3   0.0   1.3  16.1   15:39     N
----------------------------------------------------------------------------------
    27.4  34.8     5    20.2    26     0.0 282.5   0.0   1.3  25.7    21       N

Max >=  30.0: 31
Max <=  25.0:  0
Min <=  25.0: 31
Min <=  20.0:  0
Max Rain: 0.0 on day 0
Days of Rain: 0 (>= 0.2 mm)  0 (>= 2.0 mm)  0 (>= 20.0 mm)
Heat Base: 18.3  Cool Base: 18.3  Method: Integration