NOAA-Style Climate Reports


Report for 2017 December
                   Monthly Climatological Summary for Dec 2017

Name: SFCweather   City: San Fernando City   Province: La Union

                  Temperature (°C), Rain (mm), Wind Speed (km/h)

                                      Heat  Cool        Avg
    Mean                              Deg   Deg         Wind                 Dom
Day Temp  High   Time   Low    Time   Days  Days  Rain  Speed High   Time    Dir
----------------------------------------------------------------------------------
 1  28.3  32.8   14:09  24.5   05:36   0.0  10.0   0.0   0.6  11.3   08:19   NNE
 2  28.2  34.1   12:02  25.1   06:21   0.0   9.9   0.0   0.2  11.3   11:18     S
 3  27.8  32.4   11:57  24.3   05:50   0.0   9.5   0.0   0.4   9.7   12:05     N
 4  28.0  32.1   12:44  24.6   06:05   0.0   9.7   0.0   0.4  12.9   15:01     N
 5  27.6  32.3   14:02  24.1   22:58   0.0   9.3   0.0   0.4  14.5   14:51   NNE
 6  26.5  31.4   12:48  22.5   23:52   0.0   8.2   0.0   0.4  11.3   13:38     N
 7  26.5  31.8   13:33  21.8   05:40   0.0   8.2   0.0   0.3  11.3   12:40   ENE
 8  26.8  29.7   11:56  24.4   23:45   0.0   8.5   0.0   3.5  29.0   13:45   NNE
 9  27.1  31.8   10:28  23.0   06:21   0.0   8.8   0.0   0.1   8.0   15:03     N
10  27.5  32.0   12:34  23.9   02:14   0.0   9.2   0.0   0.5  14.5   15:48   NNE
11  27.9  32.4   11:49  24.7   02:17   0.0   9.6   0.0   0.1  11.3   10:37   SSW
12  26.8  30.9   11:56  23.9   04:20   0.0   8.5   0.0   0.2   8.0   11:38   NNE
13  27.2  32.0   10:49  23.4   05:53   0.0   8.9   0.0   0.1   8.0   14:22   NNE
14  26.6  31.6   11:50  23.3   05:12   0.0   8.3   0.0   0.1   8.0   12:07   SSW
15  25.5  30.5   13:37  21.9   23:54   0.0   7.2   0.0   0.1  12.9   11:10   NNW
16  24.6  29.2   12:56  20.3   05:11   0.0   6.3   0.0   2.2  24.1   17:02   NNE
17  25.2  30.9   10:38  20.8   05:40   0.0   6.9   0.0   0.2   9.7   00:54   NNE
18  25.4  29.3   10:47  22.4   05:24   0.0   7.1   0.0   0.0   4.8   11:07   ---
19  26.0  29.9   10:11  23.3   03:46   0.0   7.7   1.0   0.6  16.1   10:58   NNE
20  26.7  32.6   12:56  24.2   06:47   0.0   8.4   0.5   0.2   9.7   08:36     S
21  26.7  32.7   13:11  23.2   23:29   0.0   8.4   0.0   0.3   9.7   10:33   SSW
22  25.4  30.3   14:41  22.1   06:33   0.0   7.1   0.0   0.1   8.0   11:35   NNE
23  25.8  30.6   11:39  22.3   06:28   0.0   7.5   0.0   0.1   8.0   12:53     N
24  27.3  31.9   13:17  23.6   01:05   0.0   9.0   0.3   0.7  12.9   16:32   NNE
25  27.3  32.2   09:50  23.4   06:40   0.0   8.9   0.0   0.2   8.0   11:00   NNE
26  27.3  32.7   12:16  24.3   02:23   0.0   9.0   0.0   0.2   9.7   12:00   SSW
27  27.5  32.7   11:30  24.6   06:23   0.0   9.2   0.0   0.2  11.3   11:31   SSW
28  27.7  32.9   11:59  24.7   06:11   0.0   9.4   0.0   0.0   0.0   00:00   ---
29  26.9  31.7   12:26  23.6   06:39   0.0   8.6   0.0   0.0   0.0   00:00   ---
30  26.2  30.9   13:07  22.4   03:33   0.0   7.9   0.0   0.0   0.0   00:00   ---
31  25.6  30.7   13:00  21.2   06:28   0.0   7.3   0.0   0.2  11.3   12:46     N
----------------------------------------------------------------------------------
    26.8  34.1     2    20.3    16     0.0 262.5   1.8   0.4  29.0     8     NNE

Max >=  30.0: 27
Max <=  25.0:  0
Min <=  25.0: 30
Min <=  20.0:  0
Max Rain: 1.0 on day 19
Days of Rain: 3 (>= 0.2 mm)  0 (>= 2.0 mm)  0 (>= 20.0 mm)
Heat Base: 18.3  Cool Base: 18.3  Method: Integration