NOAA-Style Climate Reports


Report for 2017 November
                   Monthly Climatological Summary for Nov 2017

Name: SFCweather   City: San Fernando City   Province: La Union

                  Temperature (°C), Rain (mm), Wind Speed (km/h)

                                      Heat  Cool        Avg
    Mean                              Deg   Deg         Wind                 Dom
Day Temp  High   Time   Low    Time   Days  Days  Rain  Speed High   Time    Dir
----------------------------------------------------------------------------------
 1  27.0  31.8   09:04  24.3   00:32   0.0   8.7   1.0   0.1   6.4   09:05   NNE
 2  25.7  29.1   09:42  24.2   23:50   0.0   7.4   1.0   0.0   4.8   09:35   ---
 3  26.3  32.3   09:33  23.2   23:21   0.0   8.0   1.3   0.4  19.3   15:56   NNE
 4  26.7  33.2   15:21  23.3   00:00   0.0   8.4   0.0   0.0   6.4   12:27   ---
 5  25.5  27.8   09:09  22.8   23:45   0.0   7.2   3.6   0.0   6.4   13:49    NE
 6  26.4  32.2   13:44  22.0   04:08   0.0   8.1   0.2   0.1   6.4   11:05   NNE
 7  28.0  32.4   11:03  24.3   03:47   0.0   9.8   0.0   0.3   9.7   13:49   NNE
 8  28.0  32.6   13:58  24.4   05:57   0.0   9.7   0.0   0.5  11.3   09:09   NNE
 9  27.6  32.4   12:15  23.9   06:07   0.0   9.3   4.1   0.1   8.0   11:45   SSW
10  26.1  30.3   12:35  24.1   06:38   0.0   7.8   7.1   0.0   6.4   12:29   NNE
11  27.8  32.0   13:17  23.8   05:02   0.0   9.5   0.0   0.5  11.3   11:24   NNE
12  28.3  32.3   13:36  24.6   05:17   0.0  10.0   0.0   0.3  11.3   11:17   NNE
13  28.6  34.0   12:12  24.3   06:12   0.0  10.3   0.0   0.4   9.7   12:07     E
14  28.2  33.1   09:48  24.0   05:08   0.0   9.9   0.0   0.6  12.9   14:30   NNE
15  28.1  32.3   14:00  24.2   05:59   0.0   9.8   0.0   0.4  11.3   14:09   NNE
16  27.9  32.8   11:27  24.2   05:52   0.0   9.6   0.0   0.1  11.3   11:13   SSW
17  27.4  32.7   09:50  24.1   04:18   0.0   9.1   0.0   0.1   9.7   12:13   NNE
18  28.2  33.6   10:12  24.1   05:18   0.0   9.9   0.0   1.0  16.1   14:32   NNE
19  28.4  34.2   12:12  24.5   04:05   0.0  10.1   0.0   0.2   9.7   11:38   SSW
20  28.5  34.2   13:52  25.1   05:18   0.0  10.2   0.0   0.3  11.3   12:45   SSW
21  28.0  32.7   12:57  24.8   04:10   0.0   9.7   0.0   0.4   9.7   11:21   NNE
22  27.9  33.1   10:55  23.9   05:55   0.0   9.6   0.0   0.5  14.5   19:15    NE
23  27.9  32.3   12:43  24.1   04:28   0.0   9.6   0.0   0.2  11.3   11:35   NNE
24  27.8  32.6   11:52  23.4   06:19   0.0   9.5   0.0   0.2  11.3   11:46     S
25  28.1  32.1   11:41  25.1   03:52   0.0   9.8   0.0   0.1   8.0   15:08   NNE
26  28.0  33.8   11:28  24.2   05:13   0.0   9.7   0.0   0.2   9.7   10:32   SSE
27  27.6  33.3   11:53  23.3   05:27   0.0   9.3   0.0   0.2  11.3   12:47     S
28  27.0  31.8   10:54  22.3   05:14   0.0   8.7   0.0   0.6  11.3   11:38   NNE
29  27.1  33.0   10:33  21.4   04:58   0.0   8.8   0.0   0.5  11.3   15:45   NNE
30  27.9  35.1   12:36  23.5   05:24   0.0   9.6   0.0   0.1   8.0   11:14   SSW
----------------------------------------------------------------------------------
    27.5  35.1    30    21.4    29     0.0 277.1  18.3   0.3  19.3     3     NNE

Max >=  30.0: 28
Max <=  25.0:  0
Min <=  25.0: 28
Min <=  20.0:  0
Max Rain: 7.1 on day 10
Days of Rain: 7 (>= 0.2 mm)  3 (>= 2.0 mm)  0 (>= 20.0 mm)
Heat Base: 18.3  Cool Base: 18.3  Method: Integration