NOAA-Style Climate Reports


Report for 2017 October
                   Monthly Climatological Summary for Oct 2017

Name: SFCweather   City: San Fernando City   Province: La Union

                  Temperature (°C), Rain (mm), Wind Speed (km/h)

                                      Heat  Cool        Avg
    Mean                              Deg   Deg         Wind                 Dom
Day Temp  High   Time   Low    Time   Days  Days  Rain  Speed High   Time    Dir
----------------------------------------------------------------------------------
 1  28.2  34.0   11:33  24.7   21:08   0.0   9.9   1.0   0.4  14.5   17:41   NNE
 2  27.7  34.3   10:41  24.0   23:40   0.0   9.4   0.5   0.2  14.5   16:01     S
 3  27.3  34.8   12:49  23.4   05:32   0.0   8.9  17.8   0.2  19.3   17:32   ENE
 4  27.7  33.6   11:21  23.1   05:09   0.0   9.4   0.2   0.2   9.7   10:31   NNE
 5  28.1  34.1   10:32  24.2   05:39   0.0   9.8   2.8   0.2   8.0   13:11   NNW
 6  28.5  34.8   11:10  24.1   05:00   0.0  10.2   0.0   0.3   9.7   11:15   NNE
 7  29.0  34.1   15:04  24.7   05:44   0.0  10.7   0.0   0.2   9.7   09:59   NNE
 8  28.8  34.5   12:22  25.4   05:45   0.0  10.5   0.0   0.1   9.7   18:30    NE
 9  27.3  33.5   11:31  24.5   22:50   0.0   9.0   5.9   0.0   8.0   11:32     S
10  28.1  32.7   13:03  24.1   01:34   0.0   9.8   1.7   0.4  11.3   13:14   NNE
11  28.7  34.5   10:00  25.8   05:50   0.0  10.4   0.0   0.0   8.0   11:35    SW
12  27.5  31.8   12:20  25.1   04:03   0.0   9.2   1.0   0.5  19.3   18:21   NNE
13  26.0  28.3   22:26  24.7   05:33   0.0   7.7  62.8   4.6  32.2   13:29     S
14  27.4  29.6   08:50  25.5   00:00   0.0   9.1  11.4   9.6  41.8   06:14     S
15  28.9  34.3   12:50  26.6   22:22   0.0  10.6   0.0   2.4  19.3   10:24     S
16  27.9  34.3   11:33  24.4   22:38   0.0   9.6  57.4   0.8  17.7   20:05    NE
17  27.5  33.6   13:22  23.4   05:10   0.0   9.1   0.3   0.1   9.7   11:55   SSW
18  27.9  33.6   13:01  23.8   05:46   0.0   9.6   0.0   0.0   8.0   12:48   NNW
19  27.4  31.9   13:14  24.3   04:59   0.0   9.1   0.2   0.5  11.3   10:55   NNE
20  27.9  32.1   12:41  24.2   05:02   0.0   9.6   0.0   0.9  19.3   20:35   NNE
21  28.2  32.1   12:30  25.3   05:58   0.0   9.9   8.4   2.3  19.3   20:40   NNE
22  27.9  31.4   12:19  25.2   05:06   0.0   9.6   0.0   2.1  24.1   08:02   NNE
23  27.8  32.6   11:06  23.6   05:00   0.0   9.5   0.0   0.1  11.3   23:30   NNE
24  28.0  32.3   13:32  24.9   23:41   0.0   9.7   0.0   0.2   8.0   00:26   WSW
25  27.0  32.6   10:33  23.9   04:26   0.0   8.7   0.0   0.2   9.7   11:23     S
26  26.9  31.5   11:41  24.0   23:37   0.0   8.6   0.0   0.3   9.7   11:18     N
27  26.8  31.4   11:24  23.0   04:51   0.0   8.5   0.0   1.1  14.5   13:22   NNE
28  26.9  30.9   12:25  23.3   05:09   0.0   8.6   0.0   1.1  16.1   13:39   NNE
29  27.3  32.3   11:58  22.1   05:55   0.0   9.0   0.0   0.6  11.3   11:20   NNE
30  27.6  32.5   13:53  23.8   06:14   0.0   9.3   0.0   0.2   9.7   12:09   NNE
31  27.9  33.4   12:20  24.4   23:48   0.0   9.6   0.0   0.1   9.7   12:29   SSW
----------------------------------------------------------------------------------
    27.7  34.8     3    22.1    29     0.0 292.6 171.4   1.0  41.8    14     SSE

Max >=  30.0: 29
Max <=  25.0:  0
Min <=  25.0: 24
Min <=  20.0:  0
Max Rain: 62.8 on day 13
Days of Rain: 14 (>= 0.2 mm)  7 (>= 2.0 mm)  2 (>= 20.0 mm)
Heat Base: 18.3  Cool Base: 18.3  Method: Integration