NOAA-Style Climate Reports


Report for 2017 September
                   Monthly Climatological Summary for Sep 2017

Name: SFCweather   City: San Fernando City   Province: La Union

                  Temperature (°C), Rain (mm), Wind Speed (km/h)

                                      Heat  Cool        Avg
    Mean                              Deg   Deg         Wind                 Dom
Day Temp  High   Time   Low    Time   Days  Days  Rain  Speed High   Time    Dir
----------------------------------------------------------------------------------
 1  26.3  32.9   10:53  24.1   05:50   0.0   8.0  77.8   1.3  17.7   10:40     S
 2  27.9  34.6   12:30  24.9   00:03   0.0   9.6  12.4   0.5  11.3   12:41   SSW
 3  28.6  34.8   12:33  23.3   05:42   0.0  10.3   0.0   0.2  11.3   11:34   SSW
 4  28.7  33.6   10:03  24.8   05:51   0.0  10.4   0.0   0.2   9.7   14:02   NNW
 5  26.2  27.7   15:09  24.3   23:39   0.0   7.9   5.3   0.1   9.7   21:21   NNE
 6  26.4  32.7   13:14  23.7   23:29   0.0   8.1   0.6   0.3  11.3   07:50     N
 7  28.1  33.7   10:01  22.9   03:42   0.0   9.8   0.2   0.3   8.0   11:12     N
 8  29.1  33.3   11:26  24.3   05:48   0.0  10.8   0.0   1.1  16.1   13:15   NNE
 9  29.9  35.6   12:52  25.2   05:43   0.0  11.6   0.0   0.8  11.3   00:57   NNE
10  29.5  35.7   13:09  25.4   05:37   0.0  11.2   0.0   0.5  11.3   10:47     S
11  28.9  34.1   11:21  24.8   05:29   0.0  10.6   0.0   0.2   9.7   09:52   SSW
12  28.1  33.9   11:51  26.1   22:33   0.0   9.8   2.8   0.8  16.1   05:56    NE
13  29.0  33.9   15:01  24.8   05:35   0.0  10.7   0.0   0.4  12.9   12:15   NNE
14  29.6  36.8   11:53  25.3   04:27   0.0  11.2   0.0   0.8  19.3   11:21   SSW
15  28.7  34.3   11:37  25.2   05:39   0.0  10.4   0.0   0.2  11.3   10:41    SW
16  28.9  33.1   11:15  24.1   05:39   0.0  10.6   0.0   0.6  12.9   12:37     N
17  29.2  33.3   10:15  26.4   00:17   0.0  10.9   0.0   0.9  14.5   12:13   NNE
18  29.2  33.3   11:21  25.0   05:43   0.0  10.9   0.3   0.8  12.9   11:23     N
19  27.8  35.9   12:38  24.7   22:48   0.0   9.5  25.1   0.3  14.5   12:04   SSW
20  27.6  34.3   14:11  23.9   04:06   0.0   9.3  49.0   0.3  19.3   18:33   ENE
21  28.5  34.7   12:16  23.6   05:00   0.0  10.2   0.0   0.3   9.7   11:23   SSW
22  28.8  34.4   11:44  25.6   22:23   0.0  10.5   4.3   0.2  12.9   10:48   SSW
23  27.3  31.9   13:26  25.1   01:16   0.0   9.0   5.1   1.3  17.7   13:31     S
24  28.5  34.2   11:21  22.9   04:45   0.0  10.2   0.0   0.3  11.3   14:10     N
25  28.5  33.3   12:27  24.9   05:52   0.0  10.2   2.1   0.8  16.1   15:31   NNE
26  27.6  33.2   11:44  25.1   03:32   0.0   9.3   0.7   0.1   8.0   12:13     N
27  28.2  35.4   12:36  24.7   05:47   0.0  10.0   2.0   0.2  11.3   15:05   SSW
28  27.5  33.6   12:34  24.2   20:16   0.0   9.2  13.0   0.2  12.9   18:44   SSE
29  26.9  32.3   10:22  23.6   05:56   0.0   8.6   0.0   0.0   6.4   13:59    NE
30  28.2  33.8   11:19  23.3   05:46   0.0   9.9   0.3   0.3   9.7   10:08   ENE
----------------------------------------------------------------------------------
    28.3  36.8    14    22.9     7     0.0 298.7 201.0   0.5  19.3    14      NE

Max >=  30.0: 29
Max <=  25.0:  0
Min <=  25.0: 21
Min <=  20.0:  0
Max Rain: 77.8 on day 1
Days of Rain: 16 (>= 0.2 mm)  11 (>= 2.0 mm)  3 (>= 20.0 mm)
Heat Base: 18.3  Cool Base: 18.3  Method: Integration