NOAA-Style Climate Reports


Report for 2017 August
                   Monthly Climatological Summary for Aug 2017

Name: SFCweather   City: San Fernando City   Province: La Union

                  Temperature (°C), Rain (mm), Wind Speed (km/h)

                                      Heat  Cool        Avg
    Mean                              Deg   Deg         Wind                 Dom
Day Temp  High   Time   Low    Time   Days  Days  Rain  Speed High   Time    Dir
----------------------------------------------------------------------------------
 1  27.7  33.4   11:30  25.6   19:05   0.0   9.4  39.2   0.2  17.7   16:43   SSW
 2  27.3  33.2   15:14  24.6   20:38   0.0   9.0  27.4   0.1 175.0   04:06     S
 3  27.4  32.3   12:17  24.9   00:00   0.0   9.1  10.7   0.1   9.7   12:44   SSW
 4  27.6  33.3   12:00  24.3   05:20   0.0   9.3   1.2   0.6  16.1   13:09   SSW
 5  28.8  35.3   11:52  24.9   02:51   0.0  10.5   0.0   0.4  12.9   12:26   SSW
 6  29.2  35.2   12:45  24.6   04:23   0.0  10.9   0.0   0.2  11.3   13:17   SSW
 7  29.4  35.3   12:21  25.7   05:00   0.0  11.1   0.0   0.4  14.5   12:34   SSW
 8  29.5  35.1   12:12  25.5   05:48   0.0  11.2  11.2   0.6  12.9   20:43   WSW
 9  29.6  35.5   12:47  25.1   04:51   0.0  11.3   0.3   0.4   9.7   09:56    SW
10  29.8  34.7   08:44  25.7   05:01   0.0  11.5   0.0   0.4   9.7   10:37    NW
11  29.6  33.8   12:34  25.7   05:27   0.0  11.3   0.0   0.8  11.3   08:58     N
12  29.7  33.7   10:51  25.7   05:34   0.0  11.4   1.5   1.3  16.1   16:17     N
13  29.1  34.8   12:05  24.3   05:20   0.0  10.8   0.5   0.5  12.9   13:29     N
14  28.6  34.6   12:55  24.9   05:05   0.0  10.3   0.0   0.5  19.3   19:07     N
15  29.7  35.9   11:46  25.2   02:07   0.0  11.3   0.0   0.5  11.3   10:23     W
16  29.7  34.9   10:30  25.3   04:55   0.0  11.4   0.0   0.7  11.3   14:43     N
17  30.2  35.9   12:36  25.2   05:50   0.0  11.9   0.0   0.3  11.3   12:10     N
18  29.7  36.8   12:24  25.6   05:29   0.0  11.4   1.8   0.4  11.3   10:58   SSW
19  28.6  34.7   10:48  24.2   05:44   0.0  10.3   1.0   0.4   9.7   12:53   WSW
20  29.0  34.9   13:57  24.8   05:50   0.0  10.7  27.4   0.5   9.7   11:25   SSW
21  27.1  32.4   11:15  24.4   05:16   0.0   8.8  10.7   0.1   9.7   18:06   ENE
22  25.0  28.7   15:22  23.2   03:42   0.0   6.7  38.6   0.8  14.5   14:16     S
23  28.3  34.9   11:51  25.7   03:49   0.0  10.0   0.7   0.9  12.9   01:01   SSW
24  27.2  34.4   10:58  23.9   23:52   0.0   8.8  12.2   0.4  12.9   13:47     S
25  26.1  31.7   11:09  23.6   05:42   0.0   7.8 131.9   0.8  16.1   10:56   NNE
26  25.8  27.8   12:13  24.4   23:57   0.0   7.5  33.2   0.5  17.7   03:02     S
27  28.3  34.9   12:10  23.8   05:14   0.0  10.0   1.8   0.7   9.7   02:37    NE
28  29.2  34.5   11:54  23.4   05:43   0.0  10.9   0.0   0.8  16.1   00:09    NE
29  27.9  34.2   12:11  24.6   05:37   0.0   9.5   0.3   0.6  14.5   16:37    NE
30  28.1  33.1   14:27  24.7   05:54   0.0   9.8   0.0   0.1   8.0   14:11   SSW
31  26.9  33.0   10:01  25.2   23:56   0.0   8.6  23.3   1.8  19.3   17:28     S
----------------------------------------------------------------------------------
    28.4  36.8    18    23.2    22     0.0 312.5 374.9   0.5 175.0     2      SW

Max >=  30.0: 29
Max <=  25.0:  0
Min <=  25.0: 18
Min <=  20.0:  0
Max Rain: 131.9 on day 25
Days of Rain: 20 (>= 0.2 mm)  11 (>= 2.0 mm)  7 (>= 20.0 mm)
Heat Base: 18.3  Cool Base: 18.3  Method: Integration