NOAA-Style Climate Reports


Report for 2017 July
                   Monthly Climatological Summary for Jul 2017

Name: SFCweather   City: San Fernando City   Province: La Union

                  Temperature (°C), Rain (mm), Wind Speed (km/h)

                                      Heat  Cool        Avg
    Mean                              Deg   Deg         Wind                 Dom
Day Temp  High   Time   Low    Time   Days  Days  Rain  Speed High   Time    Dir
----------------------------------------------------------------------------------
 1  27.9  35.0   11:46  24.6   16:15   0.0   9.6   8.2   0.6  14.5   13:57     S
 2  29.0  35.3   12:18  24.2   01:56   0.0  10.7   4.3   0.4  11.3   19:00   NNW
 3  26.9  34.3   12:59  23.4   05:42   0.0   8.6  13.5   0.5  12.9   12:41     S
 4  27.6  34.7   11:35  23.8   02:18   0.0   9.3  10.1   0.7  24.1   16:32   ESE
 5  28.8  36.9   13:06  24.4   05:13   0.0  10.5   0.5   0.7  17.7   15:26   SSW
 6  28.7  35.9   11:41  24.1   04:52   0.0  10.4  26.2   0.8  27.4   18:40   SSW
 7  28.4  34.2   11:00  24.7   04:54   0.0  10.1   1.8   0.5  11.3   11:28    NE
 8  28.2  35.3   13:27  24.7   04:56   0.0   9.9   9.6   0.4  14.5   13:22   SSW
 9  28.2  35.2   14:00  23.8   04:18   0.0   9.9  19.1   0.5  14.5   15:52   SSW
10  28.5  35.0   11:42  25.0   05:32   0.0  10.2   0.2   0.3  12.9   11:56   SSW
11  28.8  33.1   13:13  24.8   05:06   0.0  10.5   0.0   0.1   6.4   12:48    NE
12  27.8  33.7   10:04  24.9   23:11   0.0   9.5   7.1   0.2   9.7   10:37   SSW
13  27.1  34.4   11:49  24.5   23:56   0.0   8.8  13.2   0.2  16.1   13:59    NE
14  27.7  33.9   11:57  23.5   05:23   0.0   9.4  19.1   0.3  12.9   11:09   SSW
15  27.4  35.5   11:28  24.2   01:09   0.0   9.1  39.6   0.4  16.1   20:13    NE
16  28.1  33.9   13:53  24.3   04:51   0.0   9.8   0.3   0.8  17.7   15:11   SSW
17  28.6  33.3   13:20  24.9   05:08   0.0  10.3   0.2   0.9  12.9   08:06   NNE
18  28.7  34.2   13:08  25.2   23:55   0.0  10.4   0.5   0.7  16.1   17:08    NE
19  28.9  35.1   12:15  24.7   04:51   0.0  10.6   6.1   0.7  12.9   15:31    NW
20  27.0  34.9   13:51  24.6   03:46   0.0   8.7  51.1   0.2  19.3   15:16     S
21  28.3  34.4   12:23  24.4   03:29   0.0  10.0   0.0   0.4  16.1   15:02   SSW
22  28.1  34.5   12:07  24.5   22:24   0.0   9.8  49.5   0.9  19.3   12:36   SSW
23  28.7  34.7   12:36  24.4   04:52   0.0  10.4   0.0   0.2  12.9   11:57   SSW
24  28.5  34.1   12:04  25.1   05:04   0.0  10.2  17.0   0.2  12.9   12:52   SSW
25  28.8  35.4   11:02  25.2   05:40   0.0  10.5   0.3   0.7  20.9   16:08   SSW
26  26.4  29.0   11:42  25.1   23:08   0.0   8.1  20.3   0.5  11.3   16:58     S
27  25.9  28.6   09:06  24.1   23:57   0.0   7.6 118.9   0.3  11.3   21:06     S
28  25.3  26.8   09:29  23.7   00:32   0.0   7.0  71.6   0.9  19.3   14:05   SSW
29  26.1  31.1   12:06  23.9   20:31   0.0   7.8 108.2   2.9  27.4   14:28   SSW
30  26.9  29.2   11:36  23.8   04:24   0.0   8.6  36.3   2.2  25.7   03:48     S
31  27.7  33.8   10:07  25.7   05:34   0.0   9.4  19.8   0.1  11.3   10:57     S
----------------------------------------------------------------------------------
    27.8  36.9     5    23.4     3     0.0 295.7 672.6   0.6  27.4     6       S

Max >=  30.0: 27
Max <=  25.0:  0
Min <=  25.0: 26
Min <=  20.0:  0
Max Rain: 118.9 on day 27
Days of Rain: 28 (>= 0.2 mm)  21 (>= 2.0 mm)  9 (>= 20.0 mm)
Heat Base: 18.3  Cool Base: 18.3  Method: Integration