NOAA-Style Climate Reports


Report for 2017 May
                   Monthly Climatological Summary for May 2017

Name: SFCweather   City: San Fernando City   Province: La Union

                  Temperature (°C), Rain (mm), Wind Speed (km/h)

                                      Heat  Cool        Avg
    Mean                              Deg   Deg         Wind                 Dom
Day Temp  High   Time   Low    Time   Days  Days  Rain  Speed High   Time    Dir
----------------------------------------------------------------------------------
 1  29.5  35.1   12:00  25.9   01:01   0.0  11.2   0.0   0.9  17.7   11:52     W
 2  29.3  33.8   11:56  25.2   05:23   0.0  11.0   0.0   1.2  14.5   15:25   NNW
 3  29.4  34.1   11:49  24.8   05:24   0.0  11.1   0.0   1.1  14.5   10:08   NNW
 4  30.0  36.3   12:06  24.6   05:42   0.0  11.7   0.0   1.2  14.5   11:22    NW
 5  29.7  35.1   13:48  25.3   04:54   0.0  11.4   0.0   0.9  14.5   10:53     N
 6  29.7  34.3   13:28  24.6   05:38   0.0  11.4   0.0   1.2  16.1   17:53   NNW
 7  29.5  34.2   14:22  24.6   05:06   0.0  11.2   1.6   1.0  19.3   18:12   NNW
 8  30.5  35.9   12:45  25.4   03:18   0.0  12.2   0.0   1.2  17.7   19:07     W
 9  29.9  34.3   12:10  24.5   03:51   0.0  11.6  25.9   1.9  20.9   17:12     N
10  30.4  35.8   12:41  25.8   05:10   0.0  12.0   0.0   1.3  17.7   18:32   NNW
11  30.3  34.4   12:35  25.2   05:27   0.0  12.0   0.0   1.3  12.9   11:47   NNW
12  30.6  35.5   12:00  25.4   05:50   0.0  12.4   0.0   1.7  19.3   18:39   NNW
13  30.8  35.6   12:02  25.9   05:48   0.0  12.5   0.0   1.9  17.7   16:53     N
14  30.3  34.7   10:22  26.2   05:31   0.0  12.0   0.0   1.2  14.5   20:34   NNW
15  31.0  36.5   12:42  26.0   05:42   0.0  12.7   0.0   1.1  19.3   10:56    SW
16  30.4  35.1   11:20  27.1   23:51   0.0  12.1   0.0   0.7  16.1   12:03   SSW
17  29.4  35.6   10:56  25.9   04:01   0.0  11.1   0.0   0.7  14.5   10:36     W
18  27.5  34.3   08:28  25.6   23:51   0.0   9.2   5.3   0.7  17.7   13:01     N
19  28.8  35.2   11:36  24.9   05:01   0.0  10.5  10.9   0.6  16.1   20:32     W
20  29.3  34.9   13:00  24.4   03:32   0.0  11.0   9.4   0.7  17.7   11:39   SSW
21  26.9  33.4   13:08  24.1   23:44   0.0   8.6  55.2   0.3  19.3   13:26     S
22  27.9  34.6   11:29  23.8   02:04   0.0   9.6  56.6   0.6  14.5   12:16    SW
23  28.7  34.3   12:45  24.2   04:14   0.0  10.4   0.0   0.3  14.5   11:50   WSW
24  30.3  35.1   11:47  25.9   05:19   0.0  12.0   0.0   0.8  20.9   12:14   SSW
25  29.3  35.1   12:10  25.1   19:27   0.0  11.0  26.2   1.1  22.5   18:25    SW
26  29.5  35.4   12:31  25.2   01:38   0.0  11.2  42.6   0.7  14.5   12:44   WSW
27  28.6  34.9   11:27  24.8   05:32   0.0  10.3  10.4   0.7  16.1   14:37   SSW
28  28.9  36.3   12:42  24.9   22:53   0.0  10.6  14.3   0.9  17.7   11:34   SSW
29  28.5  35.6   13:43  23.8   19:29   0.0  10.2  70.1   0.7  24.1   18:09   SSW
30  28.4  34.2   10:29  24.1   20:59   0.0  10.1  11.4   0.5  20.9   20:07   NNW
31  28.9  34.6   10:02  24.5   00:26   0.0  10.6   0.0   0.2   8.0   10:36   NNW
----------------------------------------------------------------------------------
    29.4  36.5    15    23.8    22     0.0 344.9 339.9   1.0  24.1    29      NW

Max >=  30.0: 31
Max <=  25.0:  0
Min <=  25.0: 15
Min <=  20.0:  0
Max Rain: 70.1 on day 29
Days of Rain: 13 (>= 0.2 mm)  12 (>= 2.0 mm)  6 (>= 20.0 mm)
Heat Base: 18.3  Cool Base: 18.3  Method: Integration