NOAA-Style Climate Reports


Report for 2017 April
                   Monthly Climatological Summary for Apr 2017

Name: SFCweather   City: San Fernando City   Province: La Union

                  Temperature (°C), Rain (mm), Wind Speed (km/h)

                                      Heat  Cool        Avg
    Mean                              Deg   Deg         Wind                 Dom
Day Temp  High   Time   Low    Time   Days  Days  Rain  Speed High   Time    Dir
----------------------------------------------------------------------------------
 1  27.8  32.0   11:57  24.9   05:00   0.0   9.5   0.0   3.5  25.7   13:08     N
 2  28.1  32.3   11:34  24.3   04:27   0.0   9.8   0.0   1.8  20.9   15:57   NNW
 3  27.2  31.4   12:00  22.6   06:05   0.0   8.9   0.0   1.4  12.9   10:49    NW
 4  27.0  32.6   11:48  21.6   05:26   0.0   8.7   0.0   1.4  16.1   16:51    NW
 5  27.2  31.9   10:45  22.0   05:51   0.0   8.9   0.0   1.6  16.1   16:20   NNW
 6  27.5  32.4   13:05  21.9   05:41   0.0   9.2   0.0   2.0  19.3   15:19     N
 7  28.0  32.7   14:38  23.0   05:29   0.0   9.7   0.0   1.9  17.7   19:08   NNW
 8  28.6  33.4   13:31  23.1   05:11   0.0  10.2   0.0   1.3  14.5   16:32   NNW
 9  29.9  34.7   10:38  25.5   06:00   0.0  11.6   0.0   0.9  14.5   15:12   WNW
10  29.5  34.8   12:26  25.4   02:30   0.0  11.2   0.0   1.1  14.5   11:07   WSW
11  29.1  33.8   13:08  25.5   04:02   0.0  10.8   0.0   1.3  14.5   11:58   NNW
12  29.5  33.8   12:22  26.3   01:26   0.0  11.2   0.0   2.4  17.7   17:31     N
13  28.9  34.9   11:05  24.1   06:33   0.0  10.6   4.3   1.3  14.5   11:10    NW
14  29.6  35.9   13:41  24.7   05:55   0.0  11.3   0.0   1.3  14.5   10:47   WNW
15  28.9  32.9   13:21  24.2   05:31   0.0  10.6   0.0   1.7  14.5   10:46     N
16  28.9  33.0   12:36  24.1   05:52   0.0  10.6   0.0   0.9  14.5   11:51   NNW
17  29.5  37.1   13:01  24.9   05:41   0.0  11.2   0.2   0.9  14.5   11:48    SW
18  29.7  35.7   12:53  25.5   05:32   0.0  11.4   0.0   0.8  17.7   12:54    SW
19  30.2  36.1   13:14  26.2   04:51   0.0  11.9   0.0   1.5  22.5   12:15   SSW
20  28.9  33.2   12:18  25.1   03:17   0.0  10.6   0.0   1.1  14.5   15:01   NNW
21  29.1  33.4   11:22  23.4   05:56   0.0  10.8   0.0   1.3  14.5   10:58   NNW
22  29.8  34.3   13:13  25.6   00:45   0.0  11.5   0.0   1.9  14.5   09:44   NNW
23  29.6  33.4   13:58  26.1   02:47   0.0  11.3   0.0   2.0  16.1   12:18   NNW
24  29.6  36.2   12:23  24.6   03:59   0.0  11.3   0.0   1.2  19.3   11:06   WSW
25  29.9  35.1   16:11  24.9   04:19   0.0  11.6   0.0   0.8  12.9   09:32   WSW
26  30.1  34.8   11:29  26.3   04:46   0.0  11.7   0.0   1.6  14.5   08:54    NW
27  29.7  33.8   13:22  26.7   05:35   0.0  11.3   0.0   2.7  19.3   14:35     N
28  29.4  33.7   12:11  24.7   05:49   0.0  11.1   0.0   2.0  19.3   14:45   NNW
29  29.1  33.2   12:06  24.9   05:25   0.0  10.8   0.0   2.1  19.3   16:03     N
30  29.0  33.3   11:56  25.2   05:11   0.0  10.7   0.0   1.0  14.5   11:08     W
----------------------------------------------------------------------------------
    29.0  37.1    17    21.6     4     0.0 320.0   4.5   1.5  25.7     1     NNW

Max >=  30.0: 30
Max <=  25.0:  0
Min <=  25.0: 18
Min <=  20.0:  0
Max Rain: 4.3 on day 13
Days of Rain: 2 (>= 0.2 mm)  1 (>= 2.0 mm)  0 (>= 20.0 mm)
Heat Base: 18.3  Cool Base: 18.3  Method: Integration