NOAA-Style Climate Reports


Report for 2017 March
                   Monthly Climatological Summary for Mar 2017

Name: SFCweather   City: San Fernando City   Province: La Union

                  Temperature (°C), Rain (mm), Wind Speed (km/h)

                                      Heat  Cool        Avg
    Mean                              Deg   Deg         Wind                 Dom
Day Temp  High   Time   Low    Time   Days  Days  Rain  Speed High   Time    Dir
----------------------------------------------------------------------------------
 1  27.6  31.8   12:55  24.1   06:11   0.0   9.3   0.0   2.3  20.9   13:21     N
 2  26.8  30.8   12:58  24.1   04:32   0.0   8.5   0.0   2.5  24.1   11:08     N
 3  26.6  31.0   13:42  22.4   06:16   0.0   8.2   0.0   0.8  14.5   13:29   NNW
 4  26.6  31.3   12:13  22.0   06:10   0.0   8.3   0.0   1.0  17.7   12:24   NNW
 5  26.9  31.6   12:36  22.3   03:58   0.0   8.6   0.0   1.1  12.9   10:54    NE
 6  26.4  31.5   14:34  21.5   05:55   0.0   8.1   0.0   1.8  20.9   17:25     N
 7  26.7  32.0   12:13  21.4   06:11   0.0   8.4   0.0   0.9  16.1   13:27   WSW
 8  26.8  32.0   12:50  22.2   06:18   0.0   8.5   0.0   1.3  17.7   17:45     N
 9  27.2  33.1   13:57  22.3   06:13   0.0   8.9   0.0   1.1  16.1   11:11    SW
10  27.0  31.7   12:27  21.9   06:13   0.0   8.7   0.0   1.2  16.1   20:50   NNW
11  27.5  31.9   12:33  23.0   06:20   0.0   9.2   0.0   1.8  16.1   14:35     N
12  27.9  35.0   14:44  23.0   06:14   0.0   9.6   0.0   1.2  20.9   11:41    SW
13  27.6  32.3   12:39  22.8   05:07   0.0   9.3   0.0   1.0  12.9   11:31    NW
14  27.2  31.3   12:13  23.6   05:05   0.0   8.9   0.0   2.3  20.9   13:15     N
15  27.6  32.2   12:50  23.7   05:38   0.0   9.3   0.0   1.3  14.5   13:13   NNW
16  27.4  32.3   13:14  23.1   04:32   0.0   9.1   0.0   1.4  16.1   19:26     N
17  27.9  33.7   13:42  22.8   06:10   0.0   9.6   0.0   0.9  14.5   11:07    SW
18  27.4  33.2   12:09  22.7   04:26   0.0   9.2   0.0   1.3  16.1   11:01   NNW
19  27.0  31.7   12:29  21.3   05:59   0.0   8.7   0.0   1.2  14.5   12:05   NNW
20  26.9  32.7   11:23  21.1   05:31   0.0   8.6   0.0   1.1  12.9   10:21   WNW
21  26.7  31.9   14:05  20.8   06:15   0.0   8.4   0.0   1.2  12.9   10:52   NNW
22  28.5  34.6   13:14  24.3   03:08   0.0  10.2   0.0   1.2  19.3   12:00    SW
23  28.4  33.4   08:58  23.7   05:58   0.0  10.1   0.0   1.8  17.7   17:08     N
24  28.5  34.1   11:41  23.6   05:20   0.0  10.2   0.0   1.3  16.1   15:36     W
25  28.2  33.6   10:32  23.4   05:52   0.0   9.8   0.0   1.3  16.1   12:16    NW
26  28.1  33.6   12:42  23.4   04:01   0.0   9.8   0.0   1.5  14.5   10:41   NNW
27  28.7  33.2   12:13  24.6   05:39   0.0  10.4   0.0   1.2  14.5   16:06   NNW
28  28.3  33.1   11:34  23.8   06:00   0.0  10.0   0.0   1.3  16.1   11:41   NNW
29  28.5  32.6   11:25  24.7   05:59   0.0  10.2   0.0   1.4  16.1   14:02   NNW
30  28.3  33.8   11:27  23.2   05:25   0.0  10.0   0.0   1.1  14.5   12:18   NNW
31  28.0  34.4   11:32  22.3   06:08   0.0   9.7   0.0   1.0  14.5   12:22     W
----------------------------------------------------------------------------------
    27.5  35.0    12    20.8    21     0.0 285.8   0.0   1.4  24.1     2     NNW

Max >=  30.0: 31
Max <=  25.0:  0
Min <=  25.0: 31
Min <=  20.0:  0
Max Rain: 0.0 on day 0
Days of Rain: 0 (>= 0.2 mm)  0 (>= 2.0 mm)  0 (>= 20.0 mm)
Heat Base: 18.3  Cool Base: 18.3  Method: Integration