NOAA-Style Climate Reports


Report for 2017 February
                   Monthly Climatological Summary for Feb 2017

Name: SFCweather   City: San Fernando City   Province: La Union

                  Temperature (°C), Rain (mm), Wind Speed (km/h)

                                      Heat  Cool        Avg
    Mean                              Deg   Deg         Wind                 Dom
Day Temp  High   Time   Low    Time   Days  Days  Rain  Speed High   Time    Dir
----------------------------------------------------------------------------------
 1  26.7  31.7   14:31  23.1   05:41   0.0   8.4   2.0   0.3  11.3   12:51   NNW
 2  26.8  31.6   12:20  24.7   03:32   0.0   8.5   0.8   0.4  12.9   11:48   SSW
 3  26.9  32.2   13:03  23.8   06:46   0.0   8.6   0.0   0.6  12.9   11:22    SW
 4  26.3  30.6   13:21  23.3   06:14   0.0   8.0   0.0   0.5  11.3   13:59   NNW
 5  26.0  30.6   12:02  22.6   05:34   0.0   7.7   0.0   0.3  14.5   11:30   WSW
 6  26.1  30.6   14:24  23.1   06:40   0.0   7.8   0.0   0.4  11.3   11:36   NNW
 7  25.9  30.7   13:02  21.6   06:38   0.0   7.6   0.0   0.7  17.7   13:07    SW
 8  26.1  30.9   12:04  21.5   05:52   0.0   7.8   0.0   1.0  14.5   14:26     N
 9  25.4  30.1   12:50  21.4   23:47   0.0   7.1   0.0   2.7  24.1   15:53     N
10  24.4  30.2   12:20  19.7   04:44   0.0   6.1   0.0   0.8  14.5   18:10     N
11  24.6  29.5   13:20  20.6   05:04   0.0   6.3   0.0   0.4  11.3   13:07   NNW
12  24.3  29.5   13:24  19.8   05:49   0.0   6.0   0.0   0.4  11.3   12:11   WNW
13  24.7  29.3   12:21  20.3   06:13   0.0   6.4   0.0   0.4  11.3   10:39     W
14  24.7  29.4   12:38  19.6   06:17   0.0   6.4   0.0   0.7  12.9   12:02     W
15  24.2  29.3   12:02  19.1   06:44   0.0   5.9   0.0   0.7  12.9   13:52    NW
16  24.1  29.3   12:47  17.4   06:26   0.1   5.8   0.0   0.9  12.9   12:42     N
17  25.1  30.5   14:11  19.2   06:21   0.0   6.8   0.0   0.7  14.5   15:31     N
18  26.4  31.6   12:49  22.2   05:51   0.0   8.1   0.0   0.8  12.9   13:35   NNW
19  27.3  33.7   14:18  23.0   05:33   0.0   9.0   0.0   0.7  12.9   11:24    SW
20  26.6  31.1   13:43  22.4   05:40   0.0   8.3   0.0   1.3  19.3   16:23     N
21  27.6  33.9   14:37  22.5   05:47   0.0   9.3   0.0   1.0  17.7   12:03    SW
22  27.0  31.5   10:16  22.3   06:02   0.0   8.7   0.0   1.0  11.3   11:54   NNW
23  27.2  31.4   12:18  22.6   06:18   0.0   8.9   0.0   1.5  19.3   18:09     N
24  27.7  33.3   13:20  23.5   06:11   0.0   9.4   0.0   1.4  14.5   10:47   WNW
25  27.6  32.0   12:55  23.6   06:24   0.0   9.3   0.0   1.0  11.3   10:56    NW
26  27.1  30.9   11:51  24.2   06:46   0.0   8.8   1.0   1.5  17.7   15:05     N
27  27.6  31.7   12:09  24.9   05:12   0.0   9.3   0.0   0.8  14.5   14:57   NNW
28  27.4  32.6   12:30  23.1   06:23   0.0   9.1   0.0   0.6  11.3   11:26    NW
----------------------------------------------------------------------------------
    26.1  33.9    21    17.4    16     0.1 219.4   3.8   0.8  24.1     9     NNW

Max >=  30.0: 22
Max <=  25.0:  0
Min <=  25.0: 28
Min <=  20.0:  6
Max Rain: 2.0 on day 1
Days of Rain: 3 (>= 0.2 mm)  1 (>= 2.0 mm)  0 (>= 20.0 mm)
Heat Base: 18.3  Cool Base: 18.3  Method: Integration