NOAA-Style Climate Reports


Report for 2016 November
                   Monthly Climatological Summary for Nov 2016

Name: SFCweather   City: San Fernando City   Province: La Union

                  Temperature (°C), Rain (mm), Wind Speed (km/h)

                                      Heat  Cool        Avg
    Mean                              Deg   Deg         Wind                 Dom
Day Temp  High   Time   Low    Time   Days  Days  Rain  Speed High   Time    Dir
----------------------------------------------------------------------------------
 1  28.0  33.3   15:24  23.8   05:30   0.0   9.7   0.0   0.4  14.5   12:20    SW
 2  27.1  32.1   11:59  24.2   23:55   0.0   8.8   0.0   0.2   9.7   12:02   NNE
 3  27.5  32.9   13:04  23.6   05:00   0.0   9.2   0.0   0.1   8.0   09:13   SSW
 4  27.5  32.7   11:37  23.6   05:14   0.0   9.2   0.0   0.3  11.3   12:16     W
 5  28.5  33.8   12:12  24.4   05:56   0.0  10.2   0.0   0.5  11.3   11:21    SW
 6  28.0  32.7   10:03  23.7   05:14   0.0   9.7   0.0   0.4  11.3   11:45    NW
 7  27.9  32.8   12:52  23.9   06:18   0.0   9.6   0.0   0.3   9.7   09:59    SW
 8  27.6  32.2   11:18  23.2   05:36   0.0   9.3   0.0   0.5   9.7   11:20   SSE
 9  26.8  31.8   11:40  22.8   06:04   0.0   8.5   0.0   0.3   9.7   09:30    SW
10  26.3  31.3   11:31  21.8   04:37   0.0   8.0   0.0   0.6  11.3   12:40     N
11  26.9  31.7   12:10  22.1   04:47   0.0   8.6   0.0   0.2   8.0   12:15    NW
12  28.0  32.5   14:15  24.8   00:00   0.0   9.7   0.0   0.3  11.3   12:10    SW
13  27.2  32.4   11:46  23.3   05:42   0.0   8.9   0.0   0.4  12.9   10:19    SW
14  27.2  32.1   11:55  22.9   06:11   0.0   8.9   0.0   0.4   9.7   13:21   NNW
15  27.5  33.1   13:40  23.1   05:15   0.0   9.2   0.0   0.2  11.3   10:50   WSW
16  27.3  32.0   13:47  25.0   00:21   0.0   9.0   0.3   0.0   4.8   08:41   ---
17  28.2  32.5   11:51  24.4   04:45   0.0   9.9   0.0   0.6  12.9   17:18     N
18  28.1  33.3   11:23  24.3   05:52   0.0   9.8   0.0   0.3   9.7   10:29     W
19  27.7  32.1   10:48  24.8   06:20   0.0   9.4   0.0   0.1   8.0   15:38   WSW
20  27.9  32.7   12:34  24.7   06:32   0.0   9.6   0.0   0.4   9.7   10:57   NNW
21  27.9  32.6   12:05  23.9   04:27   0.0   9.6   0.0   0.4   9.7   14:40   NNW
22  27.4  32.4   13:31  22.9   06:17   0.0   9.1   0.0   0.3   9.7   13:49     W
23  27.1  31.5   12:25  22.6   05:38   0.0   8.8   0.0   0.4  11.3   14:07     N
24  27.2  31.4   13:03  23.4   05:37   0.0   8.9   0.0   0.2   8.0   10:15    NW
25  27.2  32.8   10:40  22.8   04:52   0.0   8.9   0.8   0.2   9.7   11:56    SW
26  26.0  27.7   09:25  24.7   04:18   0.0   7.7   3.0   0.0   4.8   10:53   ---
27  27.4  30.3   10:21  24.5   06:17   0.0   9.1   0.0   0.6  22.5   23:44   SSE
28  27.8  31.2   13:07  25.3   19:02   0.0   9.5   1.0   1.4  19.3   01:08   NNE
29  27.5  32.1   14:30  24.7   22:55   0.0   9.2   0.5   0.1   8.0   12:20     S
30  27.6  32.5   12:12  24.2   06:15   0.0   9.3   0.3   0.3  12.9   12:51     W
----------------------------------------------------------------------------------
    27.5  33.8     5    21.8    10     0.0 275.3   5.9   0.3  22.5    27     WNW

Max >=  30.0: 29
Max <=  25.0:  0
Min <=  25.0: 29
Min <=  20.0:  0
Max Rain: 3.0 on day 26
Days of Rain: 6 (>= 0.2 mm)  1 (>= 2.0 mm)  0 (>= 20.0 mm)
Heat Base: 18.3  Cool Base: 18.3  Method: Integration