NOAA-Style Climate Reports


Report for 2016 September
                   Monthly Climatological Summary for Sep 2016

Name: SFCweather   City: San Fernando City   Province: La Union

                  Temperature (°C), Rain (mm), Wind Speed (km/h)

                                      Heat  Cool        Avg
    Mean                              Deg   Deg         Wind                 Dom
Day Temp  High   Time   Low    Time   Days  Days  Rain  Speed High   Time    Dir
----------------------------------------------------------------------------------
 1  24.8  28.9   16:25  23.4   02:48   0.0   6.5   9.6   0.0  11.3   09:26     S
 2  27.2  34.4   12:15  23.3   02:42   0.0   8.9  28.8   0.4  16.1   13:53     S
 3  27.8  34.8   11:51  23.6   05:46   0.0   9.5   5.8   0.4  16.1   15:39     S
 4  26.2  31.6   12:57  23.3   06:26   0.0   7.9  28.4   0.7  27.4   04:08    NE
 5  26.4  32.7   14:06  24.0   10:12   0.0   8.1  34.8   0.3  20.9   18:53     S
 6  28.5  34.2   13:19  23.7   05:48   0.0  10.2   0.0   0.8  16.1   09:31     S
 7  28.9  34.5   12:31  25.5   23:57   0.0  10.6   0.0   0.4  11.3   10:20   SSW
 8  28.1  33.7   11:29  24.1   05:57   0.0   9.8   9.4   0.6  11.3   10:27    NW
 9  27.5  32.7   11:48  23.5   05:46   0.0   9.2   0.3   0.6  12.9   15:56   NNE
10  28.5  33.6   11:08  24.4   04:06   0.0  10.2   0.0   0.4  11.3   10:09   WSW
11  28.9  35.2   13:17  24.7   05:30   0.0  10.6   3.0   0.4  12.9   11:51   SSW
12  28.4  34.2   14:19  24.8   18:36   0.0  10.1  15.3   0.3  14.5   14:11    SW
13  27.4  32.9   12:39  23.9   22:03   0.0   9.1  43.9   0.4  20.9   19:29   NNE
14  25.3  29.6   12:57  24.1   01:42   0.0   7.0  26.2   0.2   9.7   09:00    SE
15  28.0  34.3   12:43  23.9   04:32   0.0   9.7  17.0   0.4  12.9   12:04   SSW
16  28.2  33.4   13:38  25.2   05:52   0.0   9.9   5.3   0.4  12.9   12:32   SSW
17  27.6  33.1   09:55  24.8   04:39   0.0   9.3  15.3   0.7  20.9   13:05   SSW
18  28.1  34.5   11:13  24.6   04:53   0.0   9.8   1.8   0.2  11.3   11:16   SSW
19  28.2  34.3   12:25  24.7   05:44   0.0   9.9  11.6   0.3   9.7   11:23   SSW
20  27.4  33.4   11:31  23.9   05:44   0.0   9.1   1.1   0.4  11.3   11:27   WNW
21  27.6  34.2   12:35  23.9   04:10   0.0   9.3   1.0   0.4  11.3   12:37   SSW
22  27.5  33.3   11:44  23.8   05:23   0.0   9.2   1.5   0.5  14.5   17:17   NNE
23  27.8  33.9   12:01  23.8   05:22   0.0   9.4   0.2   0.4  11.3   10:44    SW
24  28.6  33.4   11:56  24.8   03:49   0.0  10.3   0.0   0.2   9.7   11:28   WSW
25  28.8  33.2   12:17  24.6   04:24   0.0  10.5   0.0   0.3   9.7   11:24   NNW
26  29.1  34.8   12:12  25.4   05:06   0.0  10.6   0.0   0.5  11.3   15:19    SW
27  28.1  33.8   13:54  25.3   23:58   0.0   9.8  70.2   0.1  14.5   07:25   NNW
28  28.5  35.1   12:52  24.4   04:48   0.0  10.2   0.0   0.6  16.1   15:51   SSW
29  28.5  33.8   14:00  24.6   06:07   0.0  10.2   0.0   0.5  11.3   14:12   SSW
30  28.5  33.7   13:36  23.9   05:40   0.0  10.1   0.0   0.8  16.1   11:30   SSW
----------------------------------------------------------------------------------
    27.8  35.2    11    23.3     2     0.0 285.0 330.5   0.4  27.4     4      SW

Max >=  30.0: 28
Max <=  25.0:  0
Min <=  25.0: 26
Min <=  20.0:  0
Max Rain: 70.2 on day 27
Days of Rain: 21 (>= 0.2 mm)  15 (>= 2.0 mm)  6 (>= 20.0 mm)
Heat Base: 18.3  Cool Base: 18.3  Method: Integration