NOAA-Style Climate Reports


Report for 2016 August
                   Monthly Climatological Summary for Aug 2016

Name: SFCweather   City: San Fernando City   Province: La Union

                  Temperature (°C), Rain (mm), Wind Speed (km/h)

                                      Heat  Cool        Avg
    Mean                              Deg   Deg         Wind                 Dom
Day Temp  High   Time   Low    Time   Days  Days  Rain  Speed High   Time    Dir
----------------------------------------------------------------------------------
 1  27.3  32.6   13:54  24.4   00:00   0.0   9.0   3.5   1.7  14.5   12:13     S
 2  28.3  34.3   13:28  25.4   21:58   0.0  10.0   0.0   1.1  27.4   14:58   SSW
 3  28.7  34.1   12:30  23.8   05:30   0.0  10.4   0.3   0.5  12.9   20:05     N
 4  29.5  34.1   12:47  24.7   05:28   0.0  11.2   0.2   0.4  12.9   23:52   WSW
 5  29.0  33.6   10:43  24.9   23:14   0.0  10.7   2.3   0.8  14.5   12:29     N
 6  28.4  33.3   12:23  23.9   06:03   0.0  10.1  10.9   0.5  14.5   22:35     N
 7  25.8  31.2   14:43  24.4   22:32   0.0   7.5  71.7   0.4  16.1   10:15     E
 8  25.7  29.8   14:22  23.6   03:53   0.0   7.4  36.0   0.1  11.3   05:16   SSW
 9  24.8  26.5   14:44  24.1   22:54   0.0   6.5  97.3   0.0   9.7   16:02    NW
10  27.1  33.4   14:40  24.0   05:40   0.0   8.8  28.2   0.5  16.1   14:12     S
11  28.3  34.4   13:42  24.1   03:49   0.0  10.0   1.3   0.7  16.1   12:17     S
12  28.0  32.9   13:25  25.9   23:58   0.0   9.7   2.5   0.6  17.7   11:51     S
13  25.9  27.1   17:10  25.2   04:23   0.0   7.5  32.5   0.4  14.5   14:22     S
14  26.6  31.2   12:23  25.0   02:42   0.0   8.3  16.3   0.7  11.3   02:02     S
15  26.7  31.5   11:45  24.9   23:30   0.0   8.4  48.2   0.9  12.9   00:38     S
16  25.9  27.9   11:17  24.7   04:21   0.0   7.6  91.5   1.0  19.3   09:10     S
17  26.9  30.4   12:54  25.4   00:09   0.0   8.6  11.4   0.8  20.9   19:17     S
18  29.1  34.7   13:38  25.6   02:04   0.0  10.8   0.5   0.8  12.9   09:52     S
19  29.3  35.7   12:02  26.4   02:05   0.0  11.0   1.6   0.3  14.5   14:09     S
20  27.5  32.3   10:27  25.4   23:59   0.0   9.2  14.9   0.3  11.3   14:45     N
21  28.2  33.5   09:36  24.4   05:51   0.0   9.9   1.8   0.5  14.5   11:44   WNW
22  27.7  33.8   12:43  24.2   05:33   0.0   9.4   4.3   0.1   9.7   11:48     W
23  28.8  35.1   12:48  24.4   04:16   0.0  10.5   0.3   0.6  20.9   14:07     S
24  29.0  35.0   12:27  25.8   05:43   0.0  10.7   0.5   0.5  14.5   10:00   SSW
25  29.3  35.6   10:50  24.8   05:51   0.0  11.0   0.0   0.4  12.9   17:18   SSW
26  28.7  35.9   11:54  25.4   05:27   0.0  10.4   5.3   0.2  14.5   13:15     S
27  27.2  33.4   11:30  24.5   23:58   0.0   8.9  37.1   0.4  17.7   12:08     S
28  24.9  28.7   09:33  23.9   23:31   0.0   6.6  48.3   0.2  11.3   09:50    SE
29  25.3  30.0   15:23  23.9   00:00   0.0   7.0  54.3   0.2  11.3   16:00     S
30  27.1  32.7   15:15  23.7   05:43   0.0   8.8  74.2   0.4  17.7   23:39   SSW
31  25.1  32.3   09:46  23.1   02:15   0.0   6.8  98.3   0.6  14.5   00:23    NE
----------------------------------------------------------------------------------
    27.4  35.9    26    23.1    31     0.0 282.7 795.5   0.5  27.4     2       S

Max >=  30.0: 26
Max <=  25.0:  0
Min <=  25.0: 22
Min <=  20.0:  0
Max Rain: 98.3 on day 31
Days of Rain: 29 (>= 0.2 mm)  21 (>= 2.0 mm)  12 (>= 20.0 mm)
Heat Base: 18.3  Cool Base: 18.3  Method: Integration