NOAA-Style Climate Reports


Report for 2016 May
                   Monthly Climatological Summary for May 2016

Name: SFCweather   City: San Fernando City   Province: La Union

                  Temperature (°C), Rain (mm), Wind Speed (km/h)

                                      Heat  Cool        Avg
    Mean                              Deg   Deg         Wind                 Dom
Day Temp  High   Time   Low    Time   Days  Days  Rain  Speed High   Time    Dir
----------------------------------------------------------------------------------
 1  30.4  37.0   12:57  25.1   04:42   0.0  12.1   0.0   1.1  17.7   12:31    SW
 2  30.9  36.7   11:50  26.4   05:24   0.0  12.6   0.0   1.4  16.1   10:03   WNW
 3  31.0  35.1   14:32  26.9   04:43   0.0  12.7   0.0   1.8  17.7   19:04     N
 4  30.8  35.4   10:11  26.1   05:42   0.0  12.5   0.2   1.5  17.7   17:31   NNW
 5  31.1  38.2   12:32  25.2   05:23   0.0  12.8   0.0   1.4  16.1   10:47   WSW
 6  31.3  36.4   14:22  26.4   05:43   0.0  13.0   0.0   1.2  20.9   17:30   NNW
 7  31.4  37.8   12:49  26.1   05:25   0.0  13.1   0.0   1.4  17.7   17:04    NW
 8  31.2  36.3   12:19  25.7   05:46   0.0  12.9   0.0   1.6  16.1   17:42   NNW
 9  31.3  36.3   11:51  26.8   05:22   0.0  13.0   0.0   1.6  17.7   16:41    NW
10  31.6  36.8   13:23  28.2   05:54   0.0  13.3   0.0   1.3  20.9   11:26    SW
11  30.9  35.4   09:54  26.7   03:44   0.0  12.6   0.0   0.9  17.7   10:13     W
12  31.3  35.4   13:28  27.9   02:41   0.0  13.0   0.0   1.4  14.5   10:57    NW
13  30.9  36.0   11:24  26.6   04:55   0.0  12.6   0.0   1.7  22.5   19:25     N
14  31.1  35.8   11:55  26.6   05:16   0.0  12.8   0.0   0.8  11.3   09:49    NW
15  31.2  35.9   14:34  26.8   04:56   0.0  12.9   0.0   1.0  16.1   13:00   WSW
16  31.2  35.8   10:18  27.2   05:01   0.0  12.9   0.0   1.3  16.1   11:41   WSW
17  31.3  36.9   11:18  26.3   05:32   0.0  13.0   0.0   1.0  16.1   11:21    SW
18  31.8  37.6   13:58  28.2   06:10   0.0  13.5   0.0   1.2  17.7   10:42    SW
19  30.8  36.7   14:06  24.7   23:56   0.0  12.5  72.9   1.2  16.1   22:33   SSW
20  28.9  36.6   13:11  24.4   05:26   0.0  10.7  23.6   0.9  14.5   14:13   SSW
21  29.7  36.2   15:29  24.8   05:25   0.0  11.4   4.1   1.2  17.7   12:01   SSW
22  28.9  34.8   12:50  25.6   05:22   0.0  10.6   0.5   0.3  12.9   13:22   SSW
23  29.3  35.6   15:15  25.6   23:36   0.0  11.0   8.1   0.5  19.3   22:32   SSW
24  29.8  36.1   13:56  25.1   04:39   0.0  11.5  12.0   0.9  17.7   16:18   SSW
25  28.6  35.3   13:23  25.9   05:43   0.0  10.3   4.8   1.0  20.9   15:32   SSW
26  30.3  35.9   14:46  25.4   03:27   0.0  12.0   0.0   1.8  25.7   12:57   SSW
27  30.4  36.5   13:29  26.7   23:58   0.0  12.0   0.8   1.3  20.9   13:33   SSW
28  30.1  35.4   15:00  25.7   04:44   0.0  11.8   0.0   0.5  12.9   11:08   WSW
29  28.8  34.2   09:51  25.3   23:42   0.0  10.5   2.8   0.5  14.5   13:00    NW
30  29.2  34.2   11:46  24.6   04:08   0.0  10.9   0.5   0.9  12.9   10:47   NNW
31  28.6  34.5   11:50  25.2   17:43   0.0  10.3   9.6   0.7  17.7   16:24   NNE
----------------------------------------------------------------------------------
    30.5  38.2     5    24.4    20     0.0 376.8 139.9   1.1  25.7    26       W

Max >=  30.0: 31
Max <=  25.0:  0
Min <=  25.0:  4
Min <=  20.0:  0
Max Rain: 72.9 on day 19
Days of Rain: 12 (>= 0.2 mm)  8 (>= 2.0 mm)  2 (>= 20.0 mm)
Heat Base: 18.3  Cool Base: 18.3  Method: Integration