NOAA-Style Climate Reports


Report for 2016 March
                   Monthly Climatological Summary for Mar 2016

Name: SFCweather   City: San Fernando City   Province: La Union

                  Temperature (°C), Rain (mm), Wind Speed (km/h)

                                      Heat  Cool        Avg
    Mean                              Deg   Deg         Wind                 Dom
Day Temp  High   Time   Low    Time   Days  Days  Rain  Speed High   Time    Dir
----------------------------------------------------------------------------------
 1  26.8  31.0   11:47  23.6   06:24   0.0   8.5   0.0   0.7  12.9   17:45    NW
 2  26.0  30.7   13:28  23.7   03:50   0.0   7.7   0.0   0.9  16.1   18:01   NNE
 3  26.0  31.4   09:42  22.6   03:04   0.0   7.7   0.0   0.6  12.9   10:11   NNW
 4  26.5  30.3   10:31  22.9   06:25   0.0   8.2   0.0   0.8  12.9   11:06   NNW
 5  27.0  31.7   11:32  23.8   23:46   0.0   8.7   0.0   0.8  12.9   09:41   WSW
 6  26.7  31.5   12:26  22.7   04:27   0.0   8.4   0.0   1.5  16.1   13:19   NNW
 7  27.2  32.3   12:38  22.2   06:19   0.0   8.9   0.0   1.3  14.5   11:21   NNW
 8  27.3  32.6   11:42  22.6   06:25   0.0   9.0   0.0   1.2  14.5   14:16   NNW
 9  26.9  31.4   12:33  22.4   05:12   0.0   8.6   0.0   1.7  16.1   13:07   NNW
10  27.5  32.1   11:13  23.4   03:02   0.0   9.2   0.0   1.5  16.1   10:53   NNW
11  27.6  31.9   10:29  24.1   06:56   0.0   9.3   0.0   1.6  16.1   10:54   NNW
12  28.2  34.2   12:45  24.8   23:36   0.0   9.9   0.0   1.0  12.9   12:25   WSW
13  27.9  33.1   12:42  23.3   05:45   0.0   9.6   0.0   1.1  14.5   12:37   WNW
14  27.3  31.1   13:28  23.5   04:22   0.0   9.0   0.0   3.0  24.1   11:43     N
15  27.7  32.1   11:00  23.2   04:55   0.0   9.4   0.0   1.0  14.5   12:23   WNW
16  27.4  31.8   11:45  23.9   05:54   0.0   9.1   0.0   1.0  14.5   10:24    NW
17  27.8  32.4   12:01  22.8   06:13   0.0   9.5   0.0   1.1  14.5   16:40    NW
18  28.9  34.8   14:16  24.8   04:46   0.0  10.6   0.0   1.3  17.7   11:02   WSW
19  28.0  33.3   11:08  23.1   05:48   0.0   9.7   0.0   1.8  17.7   16:47     N
20  28.5  33.9   13:03  24.2   05:28   0.0  10.2   0.0   1.5  17.7   11:27     W
21  28.8  34.9   13:05  25.0   06:14   0.0  10.5   0.0   1.0  17.7   10:38    SW
22  28.9  34.2   12:39  24.6   06:08   0.0  10.6   0.0   1.1  16.1   12:31     W
23  29.0  34.7   12:19  24.2   06:17   0.0  10.7   0.0   1.3  17.7   12:20     W
24  28.8  33.3   13:30  24.8   06:18   0.0  10.5   0.0   2.2  19.3   16:02     N
25  28.5  32.7   09:43  24.8   05:21   0.0  10.2   0.0   2.3  22.5   20:19   NNW
26  26.6  30.1   12:36  24.7   01:53   0.0   8.3   0.0   5.6  29.0   09:22     N
27  25.8  30.0   13:34  22.1   23:59   0.0   7.5   0.0   2.4  24.1   16:21     N
28  26.0  32.4   11:33  20.8   05:53   0.0   7.7   0.0   1.3  20.9   16:38    NW
29  26.6  31.7   10:42  21.1   06:04   0.0   8.3   0.0   1.4  16.1   16:16   NNW
30  27.9  34.0   12:19  22.8   05:26   0.0   9.6   0.0   1.0  16.1   10:44     W
31  28.2  33.4   10:54  23.8   03:31   0.0   9.9   0.0   2.1  20.9   16:05   NNW
----------------------------------------------------------------------------------
    27.5  34.9    21    20.8    28     0.0 285.0   0.0   1.5  29.0    26     NNW

Max >=  30.0: 31
Max <=  25.0:  0
Min <=  25.0: 31
Min <=  20.0:  0
Max Rain: 0.0 on day 0
Days of Rain: 0 (>= 0.2 mm)  0 (>= 2.0 mm)  0 (>= 20.0 mm)
Heat Base: 18.3  Cool Base: 18.3  Method: Integration