NOAA-Style Climate Reports


Report for 2016 January
                   Monthly Climatological Summary for Jan 2016

Name: SFCweather   City: San Fernando City   Province: La Union

                  Temperature (°C), Rain (mm), Wind Speed (km/h)

                                      Heat  Cool        Avg
    Mean                              Deg   Deg         Wind                 Dom
Day Temp  High   Time   Low    Time   Days  Days  Rain  Speed High   Time    Dir
----------------------------------------------------------------------------------
 1  25.7  30.3   12:00  22.4   06:35   0.0   7.4   0.3   0.1   8.0   12:01   WNW
 2  26.0  31.2   12:13  23.3   05:02   0.0   7.7   0.5   0.2  12.9   15:57   WNW
 3  26.2  30.8   10:22  22.3   05:56   0.0   7.9   0.0   0.6  12.9   12:27   NNW
 4  26.2  31.0   13:00  22.1   06:11   0.0   7.9   0.0   0.6  11.3   16:37   NNW
 5  26.1  30.3   09:50  21.6   04:26   0.0   7.8   0.0   0.8  12.9   19:51     N
 6  25.9  30.1   11:14  20.9   06:24   0.0   7.6   0.0   1.4  19.3   16:28     N
 7  25.8  30.3   11:34  21.9   05:25   0.0   7.5   0.0   0.3  11.3   12:00     W
 8  25.7  30.6   10:38  22.3   06:14   0.0   7.4   0.0   2.5  24.1   17:07     N
 9  24.3  29.2   12:21  19.7   06:18   0.0   6.0   0.0   0.5  12.9   11:25   NNW
10  25.6  32.4   14:32  20.6   03:30   0.0   7.3   0.0   0.6  14.5   11:34    SW
11  25.9  30.4   11:43  21.5   06:45   0.0   7.6   0.0   1.0  11.3   13:00     N
12  26.1  29.8   10:20  23.0   04:35   0.0   7.8   0.0   1.7  17.7   11:16     N
13  26.3  30.1   10:54  22.8   05:55   0.0   7.9   0.0   1.4  20.9   16:28     N
14  25.8  30.0   10:53  22.2   06:25   0.0   7.5   0.0   0.8  12.9   15:54   NNW
15  26.6  32.9   13:02  22.0   06:31   0.0   8.4   0.0   0.9  19.3   14:03   SSW
16  26.2  30.3   11:39  21.9   06:30   0.0   7.9   0.0   0.6  11.3   15:01    NW
17  26.2  32.5   14:24  21.3   06:26   0.0   8.0   0.0   0.7  14.5   11:26    SW
18  26.4  30.3   12:07  23.4   23:54   0.0   8.1   0.0   2.0  19.3   11:55     N
19  26.2  30.4   12:47  22.3   04:06   0.0   7.9   0.0   0.6  11.3   13:04   NNW
20  26.6  31.3   13:46  22.3   05:55   0.0   8.3   0.0   0.4  11.3   11:38    NW
21  26.5  31.2   11:50  22.3   05:11   0.0   8.2   0.0   0.8  11.3   10:43     N
22  26.8  30.7   12:03  23.0   06:39   0.0   8.5   0.0   1.1  14.5   11:48   NNW
23  27.2  31.9   12:46  24.7   05:48   0.0   8.9   0.0   2.7  24.1   18:26     N
24  25.8  29.7   11:03  22.6   05:28   0.0   7.5   0.0   2.4  24.1   19:11     N
25  25.1  30.4   12:54  21.6   23:47   0.0   6.8   0.0   0.8  16.1   12:54     W
26  24.4  29.4   13:05  20.6   06:33   0.0   6.1   0.0   0.7  14.5   13:50   NNW
27  24.4  29.2   13:04  20.2   05:53   0.0   6.1   0.0   0.5  11.3   13:09    NW
28  24.8  30.3   12:31  20.2   04:53   0.0   6.5   0.0   1.3  17.7   14:51     N
29  25.9  31.1   15:45  20.6   05:41   0.0   7.6   0.0   0.7  11.3   13:14   NNW
30  26.3  31.7   09:55  22.8   03:53   0.0   8.0   0.0   1.1  16.1   12:41   NNW
31  26.3  30.9   13:06  22.3   05:54   0.0   8.0   0.0   0.6  12.9   11:18    NW
----------------------------------------------------------------------------------
    25.9  32.9    15    19.7     9     0.0 236.1   0.8   1.0  24.1     8     NNW

Max >=  30.0: 26
Max <=  25.0:  0
Min <=  25.0: 31
Min <=  20.0:  1
Max Rain: 0.5 on day 2
Days of Rain: 2 (>= 0.2 mm)  0 (>= 2.0 mm)  0 (>= 20.0 mm)
Heat Base: 18.3  Cool Base: 18.3  Method: Integration