NOAA-Style Climate Reports


Report for 2015 November
                   Monthly Climatological Summary for Nov 2015

Name: SFCweather   City: San Fernando City   Province: La Union

                  Temperature (°C), Rain (mm), Wind Speed (km/h)

                                      Heat  Cool        Avg
    Mean                              Deg   Deg         Wind                 Dom
Day Temp  High   Time   Low    Time   Days  Days  Rain  Speed High   Time    Dir
----------------------------------------------------------------------------------
 1  27.9  32.7   11:07  24.0   06:02   0.0   9.6   0.0   0.8  14.5   11:25    NW
 2  27.6  32.2   12:23  23.5   03:52   0.0   9.3   0.0   0.6  12.9   13:35    NW
 3  27.7  32.2   12:31  24.1   04:48   0.0   9.4   0.0   0.8  14.5   11:08   NNW
 4  27.8  32.1   12:55  24.0   06:11   0.0   9.5   0.0   0.7   9.7   10:39   NNW
 5  27.9  32.7   11:55  24.1   05:51   0.0   9.6   0.0   0.6  12.9   12:24    NW
 6  28.2  33.9   13:22  23.8   05:43   0.0   9.9   0.0   0.5  11.3   11:20    SW
 7  28.4  32.9   12:15  24.2   06:05   0.0  10.1   0.0   0.8  12.9   13:07   WSW
 8  27.9  32.2   12:26  24.1   02:53   0.0   9.6   0.0   0.8  12.9   15:58   NNW
 9  27.5  32.2   13:30  23.3   05:26   0.0   9.2   0.0   0.5  11.3   14:12   WNW
10  27.4  31.9   12:34  23.1   05:30   0.0   9.1   0.0   0.6   9.7   13:34   NNW
11  27.0  31.4   12:43  22.8   05:46   0.0   8.7   0.0   0.6  11.3   17:41   NNW
12  27.2  31.7   15:05  22.7   05:18   0.0   8.9   0.0   0.6  11.3   11:37   NNW
13  28.0  33.0   12:03  23.4   06:17   0.0   9.7   0.0   0.5  11.3   11:55     N
14  27.9  33.7   13:45  22.7   05:44   0.0   9.1   0.0   0.8  14.5   17:51     W
15  27.5  33.1   14:05  23.2   06:11   0.0   9.2   0.0   0.4  12.9   12:40    SW
16  27.4  31.9   12:33  22.9   05:55   0.0   9.1   0.0   0.6  11.3   18:16   NNW
17  27.8  32.1   10:10  23.9   04:44   0.0   9.5   0.0   0.4  14.5   13:29     W
18  27.4  32.1   11:18  22.9   05:43   0.0   9.1   0.0   0.3  12.9   10:28     W
19  27.1  31.8   11:50  23.2   05:44   0.0   8.8   0.0   0.6  12.9   12:02    NW
20  26.7  31.6   12:32  22.4   05:44   0.0   8.4   0.0   0.4   9.7   15:13   WNW
21  26.5  31.9   10:39  21.7   04:21   0.0   8.2   0.0   0.3  11.3   11:35   WNW
22  27.2  33.3   12:18  21.8   03:38   0.0   8.9   0.0   0.5  11.3   10:02   WNW
23  27.4  32.9   12:15  22.9   04:24   0.0   9.1   0.0   0.4  12.9   13:29    SW
24  27.3  31.7   12:22  23.7   05:58   0.0   9.0   0.0   0.3  12.9   13:05   WNW
25  27.1  32.2   11:12  22.3   05:49   0.0   8.8   0.0   0.5  11.3   11:34     W
26  26.9  31.9   11:49  23.1   06:06   0.0   8.6   0.0   0.6  12.9   11:54   WSW
27  26.5  31.3   10:09  22.9   06:07   0.0   8.2   0.0   0.3  11.3   11:40    NW
28  26.9  31.3   12:51  22.5   06:19   0.0   8.6   0.0   0.6   8.0   10:51   NNW
29  27.6  32.2   10:05  23.6   06:26   0.0   9.3   0.0   0.4   8.0   10:16   WNW
30  27.5  31.8   14:17  23.9   03:54   0.0   9.2   0.0   0.5   9.7   17:26   NNW
----------------------------------------------------------------------------------
    27.4  33.9     6    21.7    21     0.0 273.7   0.0   0.5  14.5     1      NW

Max >=  30.0: 30
Max <=  25.0:  0
Min <=  25.0: 30
Min <=  20.0:  0
Max Rain: 0.0 on day 0
Days of Rain: 0 (>= 0.2 mm)  0 (>= 2.0 mm)  0 (>= 20.0 mm)
Heat Base: 18.3  Cool Base: 18.3  Method: Integration