NOAA-Style Climate Reports


Report for 2015 September
                   Monthly Climatological Summary for Sep 2015

Name: SFCweather   City: San Fernando City   Province: La Union

                  Temperature (°C), Rain (mm), Wind Speed (km/h)

                                      Heat  Cool        Avg
    Mean                              Deg   Deg         Wind                 Dom
Day Temp  High   Time   Low    Time   Days  Days  Rain  Speed High   Time    Dir
----------------------------------------------------------------------------------
 1  28.8  34.3   14:10  24.8   03:53   0.0  10.5   0.0   0.2   9.7   13:01    SW
 2  28.3  33.6   11:35  24.5   06:11   0.0  10.1   6.3   0.6  11.3   14:13     N
 3  27.9  34.1   12:22  23.8   05:41   0.0   9.6  20.3   0.2  12.9   18:03   NNW
 4  28.7  34.9   13:43  23.6   04:58   0.0  10.4   0.0   0.0   9.7   16:46   NNE
 5  28.0  34.8   13:29  25.5   23:59   0.0   9.7   4.9   0.3  11.3   10:19   SSW
 6  29.1  34.5   11:58  25.1   02:45   0.0  10.8   0.0   0.4  12.9   10:43    SW
 7  29.1  34.8   11:50  25.1   05:37   0.0  10.8   0.2   0.5  11.3   14:32   WNW
 8  28.5  33.8   09:21  24.3   05:36   0.0  10.2   0.0   0.4   9.7   12:42    NW
 9  29.3  34.6   11:33  24.9   04:38   0.0  11.0   0.0   0.6  11.3   05:18   NNW
10  27.5  32.2   16:07  25.2   23:51   0.0   9.1  12.5   0.1  11.3   10:17   NNW
11  27.9  34.0   12:50  24.2   05:31   0.0   9.6   6.1   0.3  14.5   10:54   SSW
12  27.8  33.8   12:28  23.8   04:42   0.0   9.5   1.8   0.4  17.7   17:11   NNE
13  28.0  35.4   14:19  24.1   04:53   0.0   9.7  10.9   0.2  12.9   18:05   WSW
14  27.9  34.5   11:53  23.9   06:04   0.0   9.6   2.0   0.3  14.5   19:17   WNW
15  28.2  33.8   12:22  24.3   04:35   0.0   9.9   0.5   1.0  19.3   19:38   NNW
16  28.2  33.7   11:29  23.4   05:57   0.0   9.9   0.5   0.4  11.3   10:47     W
17  28.4  33.3   08:40  23.8   05:30   0.0  10.1   1.8   0.7  14.5   19:44     N
18  29.0  33.4   12:22  24.5   05:55   0.0  10.7   0.0   0.4   9.7   13:36   NNW
19  29.4  34.9   12:57  24.3   05:40   0.0  11.1   0.0   0.4  11.3   10:22    SW
20  29.2  34.8   10:42  24.4   05:53   0.0  10.9   0.0   0.5  12.9   09:57    SW
21  28.5  35.2   14:32  24.8   21:05   0.0  10.2  38.9   0.7  16.1   16:54   SSW
22  28.7  34.0   11:42  24.1   05:01   0.0  10.4   1.7   0.5  14.5   18:53   WNW
23  29.1  34.4   11:48  25.0   04:30   0.0  10.8   0.0   0.4  11.3   10:53    SW
24  28.8  33.2   13:34  24.8   05:12   0.0  10.5   0.0   0.6  11.3   12:45     N
25  29.0  33.0   12:36  25.6   02:54   0.0  10.7   0.0   1.3  14.5   16:37   NNE
26  28.8  33.6   10:23  25.2   05:53   0.0  10.5   0.0   1.0  14.5   10:41   NNE
27  27.7  33.9   10:03  25.2   23:38   0.0   9.4  28.0   0.1  12.9   11:42   WNW
28  27.2  32.6   10:02  25.1   02:43   0.0   8.9   4.3   0.1  11.3   10:24    SW
29  28.5  33.6   10:45  23.8   05:54   0.0  10.2   0.0   0.9  17.7   14:11   SSW
30  27.8  34.3   13:05  24.7   05:46   0.0   9.5   3.3   0.4  11.3   14:51   ENE
----------------------------------------------------------------------------------
    28.4  35.4    13    23.4    16     0.0 304.3 144.0   0.5  19.3    15      NW

Max >=  30.0: 30
Max <=  25.0:  0
Min <=  25.0: 22
Min <=  20.0:  0
Max Rain: 38.9 on day 21
Days of Rain: 17 (>= 0.2 mm)  11 (>= 2.0 mm)  3 (>= 20.0 mm)
Heat Base: 18.3  Cool Base: 18.3  Method: Integration