NOAA-Style Climate Reports


Report for 2015 July
                   Monthly Climatological Summary for Jul 2015

Name: SFCweather   City: San Fernando City   Province: La Union

                  Temperature (°C), Rain (mm), Wind Speed (km/h)

                                      Heat  Cool        Avg
    Mean                              Deg   Deg         Wind                 Dom
Day Temp  High   Time   Low    Time   Days  Days  Rain  Speed High   Time    Dir
----------------------------------------------------------------------------------
 1  29.1  35.4   12:15  24.4   03:00   0.0  10.8   3.8   0.4   9.7   11:28    SW
 2  29.3  35.8   13:29  24.6   22:56   0.0  11.0  26.1   0.6  16.1   18:23    SW
 3  28.8  34.4   12:37  24.6   00:14   0.0  10.5  35.6   0.5  11.3   19:42     W
 4  27.9  33.5   11:22  25.0   20:21   0.0   9.6  98.8   1.0  25.7   19:05   NNE
 5  23.8  25.9   08:26  21.1   20:50   0.0   5.5 609.9   4.9  38.6   12:51   SSW
 6  23.4  30.0   12:55  21.2   00:55   0.0   5.1  98.3   2.0  22.5   14:09     S
 7  24.8  27.5   14:02  22.8   01:21   0.0   6.5  25.6   0.8  16.1   13:44   SSW
 8  26.9  34.2   11:08  23.9   01:13   0.0   8.6   9.2   0.2  11.3   08:26   SSW
 9  26.5  33.6   11:28  24.4   23:15   0.0   8.2 107.9   0.3  14.5   12:06   SSW
10  25.8  31.0   10:29  24.3   00:14   0.0   7.5  40.9   0.6   9.7   09:30   SSW
11  27.0  33.9   12:24  24.2   04:50   0.0   8.7  25.9   1.1  17.7   12:33   SSW
12  26.2  31.4   11:31  24.4   05:14   0.0   7.8  36.3   0.6  16.1   15:39   SSW
13  27.1  32.8   10:45  24.7   00:10   0.0   8.8  16.5   0.7  12.9   09:20     S
14  26.0  30.1   09:51  24.3   23:54   0.0   7.6  67.9   0.2  12.9   12:02     S
15  25.0  26.1   12:53  24.2   02:42   0.0   6.7  86.3   0.3  11.3   09:43   SSE
16  24.6  25.6   03:53  23.6   13:03   0.0   6.3 181.6   1.1  12.9   02:55   SSW
17  24.0  24.7   00:00  22.9   09:07   0.0   5.7 260.4   1.0  14.5   12:44   SSW
18  24.3  26.1   10:47  23.6   02:25   0.0   6.0 153.9   1.4  17.7   19:15   SSW
19  27.1  34.0   12:22  23.5   05:12   0.0   8.8  47.0   0.6  20.9   17:00   SSW
20  28.4  34.7   13:55  23.3   02:43   0.0  10.1   0.0   0.5  11.3   11:31    SW
21  28.7  34.3   14:26  23.0   05:32   0.0  10.2   0.0   0.4  11.3   12:17     W
22  27.9  32.3   15:28  24.3   23:45   0.0   9.6   0.0   0.9  12.9   12:47     N
23  27.9  33.1   11:44  22.8   05:37   0.0   9.6   0.0   0.5  11.3   09:33     W
24  28.0  33.9   11:02  24.6   06:10   0.0   9.7   0.0   0.1   8.0   11:31     W
25  28.5  34.1   10:40  23.4   21:41   0.0  10.2  34.3   0.3  12.9   21:06   SSW
26  27.2  33.8   11:34  23.6   04:06   0.0   8.9   0.7   0.4  11.3   16:38     N
27  27.1  32.0   14:18  22.9   04:10   0.0   8.8   0.0   0.4  12.9   15:17     N
28  27.1  33.3   11:02  23.4   02:17   0.0   8.9   2.1   0.4  16.1   16:26   WNW
29  28.0  33.1   08:54  23.6   03:44   0.0   9.7   0.0   0.5  11.3   16:26    NW
30  28.7  33.4   09:21  23.8   04:32   0.0  10.4   0.0   0.6  11.3   13:40   NNW
31  29.3  34.5   11:26  25.1   05:06   0.0  11.0   0.0   0.5  12.9   15:48   WSW
----------------------------------------------------------------------------------
    26.9  35.8     2    21.1     5     0.0 266.81969.0   0.8  38.6     5      SW

Max >=  30.0: 25
Max <=  25.0:  1
Min <=  25.0: 30
Min <=  20.0:  0
Max Rain: 609.9 on day 5
Days of Rain: 22 (>= 0.2 mm)  21 (>= 2.0 mm)  17 (>= 20.0 mm)
Heat Base: 18.3  Cool Base: 18.3  Method: Integration